{"id":8544,"date":"2025-10-13T12:40:19","date_gmt":"2025-10-13T15:40:19","guid":{"rendered":"https:\/\/www.saopaulo.sp.leg.br\/audienciaspublicas\/?post_type=audiencia&#038;p=8544"},"modified":"2025-10-21T18:02:20","modified_gmt":"2025-10-21T21:02:20","slug":"ccj01-22-10-2025","status":"publish","type":"audiencia","link":"https:\/\/www.saopaulo.sp.leg.br\/audienciaspublicas\/audiencia\/ccj01-22-10-2025\/","title":{"rendered":"CCJ01-22-10-2025"},"content":{"rendered":"<div id=\"divCategoria#0\" class=\"divCategoriaClass\" data-codigocategoria=\"6\">\n<p>AUDI\u00caNCIA P\u00daBLICA<\/p>\n<p>Audi\u00eancia P\u00fablica convocada para discutir o uso de horm\u00f4nios sexuais no tratamento de incongru\u00eancia ou disforia de g\u00eanero em crian\u00e7as e adolescentes, conforme Requerimentos CCJ 07\/2025, de autoria da Ver. Janaina Paschoal, aprovados em 11\/06\/2025.<\/p>\n<p>Local: Sal\u00e3o Nobre Presidente Jo\u00e3o Brasil Vita (8\u00ba andar)<\/p>\n<p>As inscri\u00e7\u00f5es para participa\u00e7\u00e3o virtual nesta Audi\u00eancia P\u00fablica se encerrar\u00e3o \u00e0s 17h do dia 21\/10\/2025.<\/p>\n<\/div>\n","protected":false},"template":"","meta":{"_acf_changed":false,"footnotes":""},"class_list":["post-8544","audiencia","type-audiencia","status-publish","hentry"],"acf":{"ap_agenda":"2025-10-22 10:30:00","ap_agenda_fim":"2025-10-22 13:30:00","ap_inscricao":"Inscri\u00e7\u00f5es encerradas","ap_comissao":"Comiss\u00e3o de Constitui\u00e7\u00e3o, Justi\u00e7a e Legisla\u00e7\u00e3o Participativa","ap_contato":"ccj@saopaulo.sp.leg.br","ap_colabore":1,"ap_form_inscricoes":2,"link_teleconferencia":"https:\/\/teams.microsoft.com\/meet\/2123466356331?p=h18jrIeMZlxIBNZ26l"},"_links":{"self":[{"href":"https:\/\/www.saopaulo.sp.leg.br\/audienciaspublicas\/wp-json\/wp\/v2\/audiencia\/8544","targetHints":{"allow":["GET"]}}],"collection":[{"href":"https:\/\/www.saopaulo.sp.leg.br\/audienciaspublicas\/wp-json\/wp\/v2\/audiencia"}],"about":[{"href":"https:\/\/www.saopaulo.sp.leg.br\/audienciaspublicas\/wp-json\/wp\/v2\/types\/audiencia"}],"version-history":[{"count":5,"href":"https:\/\/www.saopaulo.sp.leg.br\/audienciaspublicas\/wp-json\/wp\/v2\/audiencia\/8544\/revisions"}],"predecessor-version":[{"id":8819,"href":"https:\/\/www.saopaulo.sp.leg.br\/audienciaspublicas\/wp-json\/wp\/v2\/audiencia\/8544\/revisions\/8819"}],"wp:attachment":[{"href":"https:\/\/www.saopaulo.sp.leg.br\/audienciaspublicas\/wp-json\/wp\/v2\/media?parent=8544"}],"curies":[{"name":"wp","href":"https:\/\/api.w.org\/{rel}","templated":true}]}}

<div id="divCategoria#0" class="divCategoriaClass" data-codigocategoria="6">
<p>AUDIÊNCIA PÚBLICA</p>
<p>Audiência Pública convocada para discutir o uso de hormônios sexuais no tratamento de incongruência ou disforia de gênero em crianças e adolescentes, conforme Requerimentos CCJ 07/2025, de autoria da Ver. Janaina Paschoal, aprovados em 11/06/2025.</p>
<p>Local: Salão Nobre Presidente João Brasil Vita (8º andar)</p>
<p>As inscrições para participação virtual nesta Audiência Pública se encerrarão às 17h do dia 21/10/2025.</p>
</div>

Inscrições encerradas

Comissão de Constituição, Justiça e Legislação Participativa
