{"id":8341,"date":"2025-10-09T15:03:04","date_gmt":"2025-10-09T18:03:04","guid":{"rendered":"https:\/\/www.saopaulo.sp.leg.br\/audienciaspublicas\/?post_type=audiencia&#038;p=8341"},"modified":"2025-10-14T19:00:37","modified_gmt":"2025-10-14T22:00:37","slug":"urb03-15-10-2025","status":"publish","type":"audiencia","link":"https:\/\/www.saopaulo.sp.leg.br\/audienciaspublicas\/audiencia\/urb03-15-10-2025\/","title":{"rendered":"URB03-15-10-2025-13h"},"content":{"rendered":"<div id=\"divCategoria#0\" class=\"divCategoriaClass\" data-codigocategoria=\"6\">\n<p>2\u00aa Audi\u00eancia P\u00fablica<\/p>\n<div id=\"divItemPauta_1\" class=\"itemPautaClass projeto\">\n<table>\n<tbody>\n<tr>\n<td>\n<table>\n<tbody>\n<tr>\n<th>1)\u00a0<a href=\"https:\/\/splegisconsulta.saopaulo.sp.leg.br\/Pesquisa\/DetailsDetalhado?COD_MTRA_LEGL=1&amp;ANO_PCSS_CMSP=2025&amp;COD_PCSS_CMSP=1130\" target=\"_blank\" rel=\"noopener\">PL\u00a01130\/2025<\/a><\/th>\n<th>Executivo &#8211; RICARDO NUNES<\/th>\n<\/tr>\n<tr>\n<td colspan=\"2\">Disp\u00f5e sobre Planta Gen\u00e9rica de Valores, altera a legisla\u00e7\u00e3o tribut\u00e1ria municipal e d\u00e1 outras provid\u00eancias.<\/td>\n<\/tr>\n<\/tbody>\n<\/table>\n<\/td>\n<\/tr>\n<\/tbody>\n<\/table>\n<p>Local: Audit\u00f3rio Prestes Maia (1\u00ba andar)<\/p>\n<p>As inscri\u00e7\u00f5es para participa\u00e7\u00e3o virtual nesta Audi\u00eancia P\u00fablica se encerrar\u00e3o \u00e0s 19h do dia 14\/10\/2025.<\/p>\n<\/div>\n<\/div>\n","protected":false},"template":"","meta":{"_acf_changed":false,"footnotes":""},"class_list":["post-8341","audiencia","type-audiencia","status-publish","hentry"],"acf":{"ap_agenda":"2025-10-15 13:00:00","ap_agenda_fim":"2025-10-15 15:00:00","ap_inscricao":"Inscri\u00e7\u00f5es encerradas","ap_comissao":"Comiss\u00e3o de Pol\u00edtica Urbana, Metropolitana e Meio Ambiente","ap_contato":"urb@saopaulo.sp.leg.br","ap_colabore":1,"ap_form_inscricoes":2,"link_teleconferencia":""},"_links":{"self":[{"href":"https:\/\/www.saopaulo.sp.leg.br\/audienciaspublicas\/wp-json\/wp\/v2\/audiencia\/8341","targetHints":{"allow":["GET"]}}],"collection":[{"href":"https:\/\/www.saopaulo.sp.leg.br\/audienciaspublicas\/wp-json\/wp\/v2\/audiencia"}],"about":[{"href":"https:\/\/www.saopaulo.sp.leg.br\/audienciaspublicas\/wp-json\/wp\/v2\/types\/audiencia"}],"version-history":[{"count":3,"href":"https:\/\/www.saopaulo.sp.leg.br\/audienciaspublicas\/wp-json\/wp\/v2\/audiencia\/8341\/revisions"}],"predecessor-version":[{"id":8702,"href":"https:\/\/www.saopaulo.sp.leg.br\/audienciaspublicas\/wp-json\/wp\/v2\/audiencia\/8341\/revisions\/8702"}],"wp:attachment":[{"href":"https:\/\/www.saopaulo.sp.leg.br\/audienciaspublicas\/wp-json\/wp\/v2\/media?parent=8341"}],"curies":[{"name":"wp","href":"https:\/\/api.w.org\/{rel}","templated":true}]}}

<div id="divCategoria#0" class="divCategoriaClass" data-codigocategoria="6">
<p>2ª Audiência Pública</p>
<div id="divItemPauta_1" class="itemPautaClass projeto">
<table>
<tbody>
<tr>
<td>
<table>
<tbody>
<tr>
<th>1) <a href="https://splegisconsulta.saopaulo.sp.leg.br/Pesquisa/DetailsDetalhado?COD_MTRA_LEGL=1&amp;ANO_PCSS_CMSP=2025&amp;COD_PCSS_CMSP=1130" target="_blank" rel="noopener">PL 1130/2025</a></th>
<th>Executivo &#8211; RICARDO NUNES</th>
</tr>
<tr>
<td colspan="2">Dispõe sobre Planta Genérica de Valores, altera a legislação tributária municipal e dá outras providências.</td>
</tr>
</tbody>
</table>
</td>
</tr>
</tbody>
</table>
<p>Local: Auditório Prestes Maia (1º andar)</p>
<p>As inscrições para participação virtual nesta Audiência Pública se encerrarão às 19h do dia 14/10/2025.</p>
</div>
</div>

Inscrições encerradas

Comissão de Política Urbana, Metropolitana e Meio Ambiente
