{"id":8334,"date":"2025-10-09T14:40:09","date_gmt":"2025-10-09T17:40:09","guid":{"rendered":"https:\/\/www.saopaulo.sp.leg.br\/audienciaspublicas\/?post_type=audiencia&#038;p=8334"},"modified":"2025-11-14T19:00:10","modified_gmt":"2025-11-14T22:00:10","slug":"fin02-19-11-2025","status":"publish","type":"audiencia","link":"https:\/\/www.saopaulo.sp.leg.br\/audienciaspublicas\/audiencia\/fin02-19-11-2025\/","title":{"rendered":"FIN02-17-11-2025"},"content":{"rendered":"<div id=\"divCategoria#0\" class=\"divCategoriaClass\" data-codigocategoria=\"6\">\n<p>Audi\u00eancia P\u00fablica &#8211; Projetos de Leis Or\u00e7ament\u00e1rias (PPA e PLOA)<\/p>\n<div id=\"divItemPauta_1\" class=\"itemPautaClass projeto\">\n<table>\n<tbody>\n<tr>\n<td>\n<table>\n<tbody>\n<tr>\n<th style=\"text-align: left\">1)\u00a0<a href=\"https:\/\/splegisconsulta.saopaulo.sp.leg.br\/Pesquisa\/DetailsDetalhado?COD_MTRA_LEGL=1&amp;ANO_PCSS_CMSP=2025&amp;COD_PCSS_CMSP=1168\" target=\"_blank\" rel=\"noopener\">PL\u00a01168\/2025<\/a><\/th>\n<th>Executivo &#8211; RICARDO NUNES<\/th>\n<\/tr>\n<tr>\n<td colspan=\"2\">Disp\u00f5e sobre o Plano Plurianual para o quadri\u00eanio 2026-2029.<\/td>\n<\/tr>\n<\/tbody>\n<\/table>\n<\/td>\n<\/tr>\n<\/tbody>\n<\/table>\n<\/div>\n<div id=\"divItemPauta_2\" class=\"itemPautaClass projeto\">\n<table>\n<tbody>\n<tr>\n<td>\n<table>\n<tbody>\n<tr>\n<th style=\"text-align: left\">2)\u00a0<a href=\"https:\/\/splegisconsulta.saopaulo.sp.leg.br\/Pesquisa\/DetailsDetalhado?COD_MTRA_LEGL=1&amp;ANO_PCSS_CMSP=2025&amp;COD_PCSS_CMSP=1169\" target=\"_blank\" rel=\"noopener\">PL\u00a01169\/2025<\/a><\/th>\n<th>Executivo &#8211; RICARDO NUNES<\/th>\n<\/tr>\n<tr>\n<td colspan=\"2\">Estima a receita e fixa a despesa do Munic\u00edpio de S\u00e3o Paulo para o exerc\u00edcio de 2026.<\/td>\n<\/tr>\n<\/tbody>\n<\/table>\n<\/td>\n<\/tr>\n<\/tbody>\n<\/table>\n<p class=\"selectable-text copyable-text x15bjb6t x1n2onr6\"><span class=\"selectable-text copyable-text xkrh14z\">8\u00aa Audi\u00eancia P\u00fablica Tem\u00e1tica:<\/span><\/p>\n<p class=\"selectable-text copyable-text x15bjb6t x1n2onr6\"><span class=\"selectable-text copyable-text xkrh14z x1sdyfia x1ncwhqj xd4r4e8 x1n8ftqi\" data-plain-text=\"*\">\u2022<\/span><span class=\"selectable-text copyable-text xkrh14z\"> Secretaria Municipal de Desenvolvimento Econ\u00f4mico e Trabalho<\/span><\/p>\n<p class=\"selectable-text copyable-text x15bjb6t x1n2onr6\"><span class=\"selectable-text copyable-text xkrh14z x1sdyfia x1ncwhqj xd4r4e8 x1n8ftqi\" data-plain-text=\"*\">\u2022<\/span><span class=\"selectable-text copyable-text xkrh14z\"> Secretaria Municipal de Inova\u00e7\u00e3o e Tecnologia<\/span><\/p>\n<p class=\"selectable-text copyable-text x15bjb6t x1n2onr6\"><span class=\"selectable-text copyable-text xkrh14z x1sdyfia x1ncwhqj xd4r4e8 x1n8ftqi\" data-plain-text=\"*\">\u2022<\/span><span class=\"selectable-text copyable-text xkrh14z\"> Funda\u00e7\u00e3o Paulistana de Educa\u00e7\u00e3o, Tecnologia e Cultura<\/span><\/p>\n<p class=\"selectable-text copyable-text x15bjb6t x1n2onr6\"><span class=\"selectable-text copyable-text xkrh14z x1sdyfia x1ncwhqj xd4r4e8 x1n8ftqi\" data-plain-text=\"*\">\u2022<\/span><span class=\"selectable-text copyable-text xkrh14z\"> Secretaria Municipal das Subprefeituras<\/span><\/p>\n<p>&nbsp;<\/p>\n<p>Local: Plen\u00e1rio 1\u00ba de Maio &#8211; 1\u00ba andar e Audit\u00f3rio Virtual<\/p>\n<p>As inscri\u00e7\u00f5es para participa\u00e7\u00e3o virtual nesta Audi\u00eancia P\u00fablica se encerrar\u00e3o \u00e0s 19h do dia 14\/11\/2025.<\/p>\n<\/div>\n<\/div>\n","protected":false},"template":"","meta":{"_acf_changed":false,"footnotes":""},"class_list":["post-8334","audiencia","type-audiencia","status-publish","hentry"],"acf":{"ap_agenda":"2025-11-17 10:00:00","ap_agenda_fim":"2025-11-17 13:00:00","ap_inscricao":"Inscri\u00e7\u00f5es encerradas","ap_comissao":"Comiss\u00e3o de Finan\u00e7as e Or\u00e7amento","ap_contato":"financas@saopaulo.sp.leg.br","ap_colabore":1,"ap_form_inscricoes":5,"link_teleconferencia":"https:\/\/teams.microsoft.com\/l\/meetup-join\/19%3ameeting_MjBmODViMGYtM2VhMC00MmViLTgzOTItM2QxMmVjZjkyMDgw%40thread.v2\/0?context=%7b%22Tid%22%3a%227957948c-6ecd-4471-8dcf-a301702d306c%22%2c%22Oid%22%3a%22c93e0d6d-9643-4b01-ac71-2029c6a940f9%22%7d"},"_links":{"self":[{"href":"https:\/\/www.saopaulo.sp.leg.br\/audienciaspublicas\/wp-json\/wp\/v2\/audiencia\/8334","targetHints":{"allow":["GET"]}}],"collection":[{"href":"https:\/\/www.saopaulo.sp.leg.br\/audienciaspublicas\/wp-json\/wp\/v2\/audiencia"}],"about":[{"href":"https:\/\/www.saopaulo.sp.leg.br\/audienciaspublicas\/wp-json\/wp\/v2\/types\/audiencia"}],"version-history":[{"count":5,"href":"https:\/\/www.saopaulo.sp.leg.br\/audienciaspublicas\/wp-json\/wp\/v2\/audiencia\/8334\/revisions"}],"predecessor-version":[{"id":9132,"href":"https:\/\/www.saopaulo.sp.leg.br\/audienciaspublicas\/wp-json\/wp\/v2\/audiencia\/8334\/revisions\/9132"}],"wp:attachment":[{"href":"https:\/\/www.saopaulo.sp.leg.br\/audienciaspublicas\/wp-json\/wp\/v2\/media?parent=8334"}],"curies":[{"name":"wp","href":"https:\/\/api.w.org\/{rel}","templated":true}]}}

<div id="divCategoria#0" class="divCategoriaClass" data-codigocategoria="6">
<p>Audiência Pública &#8211; Projetos de Leis Orçamentárias (PPA e PLOA)</p>
<div id="divItemPauta_1" class="itemPautaClass projeto">
<table>
<tbody>
<tr>
<td>
<table>
<tbody>
<tr>
<th style="text-align: left">1) <a href="https://splegisconsulta.saopaulo.sp.leg.br/Pesquisa/DetailsDetalhado?COD_MTRA_LEGL=1&amp;ANO_PCSS_CMSP=2025&amp;COD_PCSS_CMSP=1168" target="_blank" rel="noopener">PL 1168/2025</a></th>
<th>Executivo &#8211; RICARDO NUNES</th>
</tr>
<tr>
<td colspan="2">Dispõe sobre o Plano Plurianual para o quadriênio 2026-2029.</td>
</tr>
</tbody>
</table>
</td>
</tr>
</tbody>
</table>
</div>
<div id="divItemPauta_2" class="itemPautaClass projeto">
<table>
<tbody>
<tr>
<td>
<table>
<tbody>
<tr>
<th style="text-align: left">2) <a href="https://splegisconsulta.saopaulo.sp.leg.br/Pesquisa/DetailsDetalhado?COD_MTRA_LEGL=1&amp;ANO_PCSS_CMSP=2025&amp;COD_PCSS_CMSP=1169" target="_blank" rel="noopener">PL 1169/2025</a></th>
<th>Executivo &#8211; RICARDO NUNES</th>
</tr>
<tr>
<td colspan="2">Estima a receita e fixa a despesa do Município de São Paulo para o exercício de 2026.</td>
</tr>
</tbody>
</table>
</td>
</tr>
</tbody>
</table>
<p class="selectable-text copyable-text x15bjb6t x1n2onr6"><span class="selectable-text copyable-text xkrh14z">8ª Audiência Pública Temática:</span></p>
<p class="selectable-text copyable-text x15bjb6t x1n2onr6"><span class="selectable-text copyable-text xkrh14z x1sdyfia x1ncwhqj xd4r4e8 x1n8ftqi" data-plain-text="*">•</span><span class="selectable-text copyable-text xkrh14z"> Secretaria Municipal de Desenvolvimento Econômico e Trabalho</span></p>
<p class="selectable-text copyable-text x15bjb6t x1n2onr6"><span class="selectable-text copyable-text xkrh14z x1sdyfia x1ncwhqj xd4r4e8 x1n8ftqi" data-plain-text="*">•</span><span class="selectable-text copyable-text xkrh14z"> Secretaria Municipal de Inovação e Tecnologia</span></p>
<p class="selectable-text copyable-text x15bjb6t x1n2onr6"><span class="selectable-text copyable-text xkrh14z x1sdyfia x1ncwhqj xd4r4e8 x1n8ftqi" data-plain-text="*">•</span><span class="selectable-text copyable-text xkrh14z"> Fundação Paulistana de Educação, Tecnologia e Cultura</span></p>
<p class="selectable-text copyable-text x15bjb6t x1n2onr6"><span class="selectable-text copyable-text xkrh14z x1sdyfia x1ncwhqj xd4r4e8 x1n8ftqi" data-plain-text="*">•</span><span class="selectable-text copyable-text xkrh14z"> Secretaria Municipal das Subprefeituras</span></p>
<p>&nbsp;</p>
<p>Local: Plenário 1º de Maio &#8211; 1º andar e Auditório Virtual</p>
<p>As inscrições para participação virtual nesta Audiência Pública se encerrarão às 19h do dia 14/11/2025.</p>
</div>
</div>

Inscrições encerradas

Comissão de Finanças e Orçamento
