{"id":8316,"date":"2025-10-07T15:38:39","date_gmt":"2025-10-07T18:38:39","guid":{"rendered":"https:\/\/www.saopaulo.sp.leg.br\/audienciaspublicas\/?post_type=audiencia&#038;p=8316"},"modified":"2025-10-13T10:01:21","modified_gmt":"2025-10-13T13:01:21","slug":"econ05-13-10-2025-10h","status":"publish","type":"audiencia","link":"https:\/\/www.saopaulo.sp.leg.br\/audienciaspublicas\/audiencia\/econ05-13-10-2025-10h\/","title":{"rendered":"ECON05-13-10-2025-10h"},"content":{"rendered":"<div id=\"divCategoria#0\" class=\"divCategoriaClass\" data-codigocategoria=\"6\">Audi\u00eancia P\u00fablica<\/div>\n<div data-codigocategoria=\"6\"><\/div>\n<div class=\"divCategoriaClass\" data-codigocategoria=\"6\">Tema: &#8220;a revis\u00e3o do Plano de A\u00e7\u00e3o Clim\u00e1tica do Munic\u00edpio de S\u00e3o Paulo (PlanClima), com foco em mobilidade urbana e transporte sustent\u00e1vel&#8221;.<br \/>\nLocal: Sala Sergio Vieira de Mello (1\u00ba subsolo)As inscri\u00e7\u00f5es para participa\u00e7\u00e3o virtual nesta Audi\u00eancia P\u00fablica se encerrar\u00e3o \u00e0s 19h do dia 10\/10\/2025.<\/p>\n<\/div>\n","protected":false},"template":"","meta":{"_acf_changed":false,"footnotes":""},"class_list":["post-8316","audiencia","type-audiencia","status-publish","hentry"],"acf":{"ap_agenda":"2025-10-13 10:00:00","ap_agenda_fim":"2025-10-13 13:00:00","ap_inscricao":"Inscri\u00e7\u00f5es encerradas","ap_comissao":"Comiss\u00e3o de Tr\u00e2nsito, Transporte e Atividade Econ\u00f4mica","ap_contato":"transito@saopaulo.sp.leg.br ","ap_colabore":1,"ap_form_inscricoes":2,"link_teleconferencia":"https:\/\/teams.microsoft.com\/l\/meetup-join\/19%3ameeting_Y2FmOWU0NzItOTQwZC00YWM0LTg3ZWItYTE1YWVlNDdiNjhj%40thread.v2\/0?context=%7b%22Tid%22%3a%227957948c-6ecd-4471-8dcf-a301702d306c%22%2c%22Oid%22%3a%22bad29e76-faa8-4b7d-bc6b-39a9d1f12cc0%22%7d"},"_links":{"self":[{"href":"https:\/\/www.saopaulo.sp.leg.br\/audienciaspublicas\/wp-json\/wp\/v2\/audiencia\/8316","targetHints":{"allow":["GET"]}}],"collection":[{"href":"https:\/\/www.saopaulo.sp.leg.br\/audienciaspublicas\/wp-json\/wp\/v2\/audiencia"}],"about":[{"href":"https:\/\/www.saopaulo.sp.leg.br\/audienciaspublicas\/wp-json\/wp\/v2\/types\/audiencia"}],"version-history":[{"count":2,"href":"https:\/\/www.saopaulo.sp.leg.br\/audienciaspublicas\/wp-json\/wp\/v2\/audiencia\/8316\/revisions"}],"predecessor-version":[{"id":8507,"href":"https:\/\/www.saopaulo.sp.leg.br\/audienciaspublicas\/wp-json\/wp\/v2\/audiencia\/8316\/revisions\/8507"}],"wp:attachment":[{"href":"https:\/\/www.saopaulo.sp.leg.br\/audienciaspublicas\/wp-json\/wp\/v2\/media?parent=8316"}],"curies":[{"name":"wp","href":"https:\/\/api.w.org\/{rel}","templated":true}]}}

<div id="divCategoria#0" class="divCategoriaClass" data-codigocategoria="6">Audiência Pública</div>
<div data-codigocategoria="6"></div>
<div class="divCategoriaClass" data-codigocategoria="6">Tema: &#8220;a revisão do Plano de Ação Climática do Município de São Paulo (PlanClima), com foco em mobilidade urbana e transporte sustentável&#8221;.<br />
Local: Sala Sergio Vieira de Mello (1º subsolo)As inscrições para participação virtual nesta Audiência Pública se encerrarão às 19h do dia 10/10/2025.</p>
</div>

Inscrições encerradas

Comissão de Trânsito, Transporte e Atividade Econômica
