{"id":8258,"date":"2025-10-03T11:55:10","date_gmt":"2025-10-03T14:55:10","guid":{"rendered":"https:\/\/www.saopaulo.sp.leg.br\/audienciaspublicas\/?post_type=audiencia&#038;p=8258"},"modified":"2025-10-16T11:55:36","modified_gmt":"2025-10-16T14:55:36","slug":"fin02-16-10-2025","status":"publish","type":"audiencia","link":"https:\/\/www.saopaulo.sp.leg.br\/audienciaspublicas\/audiencia\/fin02-16-10-2025\/","title":{"rendered":"FIN02-16-10-2025-15h"},"content":{"rendered":"<p>Audi\u00eancia P\u00fablica &#8211; Projetos de Leis Or\u00e7ament\u00e1rias (PPA e PLOA)<\/p>\n<div id=\"divItemPauta_1\" class=\"itemPautaClass projeto\">\n<table>\n<tbody>\n<tr>\n<td>\n<table>\n<tbody>\n<tr>\n<th>1)\u00a0<a href=\"https:\/\/splegisconsulta.saopaulo.sp.leg.br\/Pesquisa\/DetailsDetalhado?COD_MTRA_LEGL=1&amp;ANO_PCSS_CMSP=2025&amp;COD_PCSS_CMSP=1169\" target=\"_blank\" rel=\"noopener\">PL\u00a01169\/2025<\/a><\/th>\n<th>Executivo &#8211; RICARDO NUNES<\/th>\n<\/tr>\n<tr>\n<td colspan=\"2\">Estima a receita e fixa a despesa do Munic\u00edpio de S\u00e3o Paulo para o exerc\u00edcio de 2026.<\/td>\n<\/tr>\n<\/tbody>\n<\/table>\n<\/td>\n<\/tr>\n<\/tbody>\n<\/table>\n<\/div>\n<div id=\"divItemPauta_2\" class=\"itemPautaClass projeto\">\n<table>\n<tbody>\n<tr>\n<td>\n<table>\n<tbody>\n<tr>\n<th>2)\u00a0<a href=\"https:\/\/splegisconsulta.saopaulo.sp.leg.br\/Pesquisa\/DetailsDetalhado?COD_MTRA_LEGL=1&amp;ANO_PCSS_CMSP=2025&amp;COD_PCSS_CMSP=1168\" target=\"_blank\" rel=\"noopener\">PL\u00a01168\/2025<\/a><\/th>\n<th>Executivo &#8211; RICARDO NUNES<\/th>\n<\/tr>\n<tr>\n<td colspan=\"2\">Disp\u00f5e sobre o Plano Plurianual para o quadri\u00eanio 2026-2029.<\/td>\n<\/tr>\n<\/tbody>\n<\/table>\n<\/td>\n<\/tr>\n<\/tbody>\n<\/table>\n<p>2\u00aa Audi\u00eancia P\u00fablica Tem\u00e1tica:<br \/>\n&#8211; Secretaria Municipal de Seguran\u00e7a Urbana<br \/>\n&#8211; SP Regula<br \/>\n&#8211; SP Neg\u00f3cios<br \/>\n&#8211; Secretaria Municipal de Governo<br \/>\n&#8211; IPREM<\/p>\n<p>Local: Plen\u00e1rio 1\u00ba de Maio (1\u00ba andar)<\/p>\n<p>As inscri\u00e7\u00f5es para participa\u00e7\u00e3o virtual nesta Audi\u00eancia P\u00fablica se encerrar\u00e3o \u00e0s 11h do dia 16\/10\/2025.<\/p>\n<\/div>\n","protected":false},"template":"","meta":{"_acf_changed":false,"footnotes":""},"class_list":["post-8258","audiencia","type-audiencia","status-publish","hentry"],"acf":{"ap_agenda":"2025-10-16 15:00:00","ap_agenda_fim":"2025-10-16 18:00:00","ap_inscricao":"Inscri\u00e7\u00f5es encerradas","ap_comissao":"Comiss\u00e3o de Finan\u00e7as e Or\u00e7amento","ap_contato":"financas@saopaulo.sp.leg.br","ap_colabore":5,"ap_form_inscricoes":5,"link_teleconferencia":"https:\/\/teams.microsoft.com\/l\/meetup-join\/19%3ameeting_YzYxMWEwNjUtNGFhNi00YTNlLTlhZDItMmY3MTAyYjA1Y2Zm%40thread.v2\/0?context=%7b%22Tid%22%3a%227957948c-6ecd-4471-8dcf-a301702d306c%22%2c%22Oid%22%3a%22c93e0d6d-9643-4b01-ac71-2029c6a940f9%22%7d"},"_links":{"self":[{"href":"https:\/\/www.saopaulo.sp.leg.br\/audienciaspublicas\/wp-json\/wp\/v2\/audiencia\/8258","targetHints":{"allow":["GET"]}}],"collection":[{"href":"https:\/\/www.saopaulo.sp.leg.br\/audienciaspublicas\/wp-json\/wp\/v2\/audiencia"}],"about":[{"href":"https:\/\/www.saopaulo.sp.leg.br\/audienciaspublicas\/wp-json\/wp\/v2\/types\/audiencia"}],"version-history":[{"count":5,"href":"https:\/\/www.saopaulo.sp.leg.br\/audienciaspublicas\/wp-json\/wp\/v2\/audiencia\/8258\/revisions"}],"predecessor-version":[{"id":8756,"href":"https:\/\/www.saopaulo.sp.leg.br\/audienciaspublicas\/wp-json\/wp\/v2\/audiencia\/8258\/revisions\/8756"}],"wp:attachment":[{"href":"https:\/\/www.saopaulo.sp.leg.br\/audienciaspublicas\/wp-json\/wp\/v2\/media?parent=8258"}],"curies":[{"name":"wp","href":"https:\/\/api.w.org\/{rel}","templated":true}]}}

<p>Audiência Pública &#8211; Projetos de Leis Orçamentárias (PPA e PLOA)</p>
<div id="divItemPauta_1" class="itemPautaClass projeto">
<table>
<tbody>
<tr>
<td>
<table>
<tbody>
<tr>
<th>1) <a href="https://splegisconsulta.saopaulo.sp.leg.br/Pesquisa/DetailsDetalhado?COD_MTRA_LEGL=1&amp;ANO_PCSS_CMSP=2025&amp;COD_PCSS_CMSP=1169" target="_blank" rel="noopener">PL 1169/2025</a></th>
<th>Executivo &#8211; RICARDO NUNES</th>
</tr>
<tr>
<td colspan="2">Estima a receita e fixa a despesa do Município de São Paulo para o exercício de 2026.</td>
</tr>
</tbody>
</table>
</td>
</tr>
</tbody>
</table>
</div>
<div id="divItemPauta_2" class="itemPautaClass projeto">
<table>
<tbody>
<tr>
<td>
<table>
<tbody>
<tr>
<th>2) <a href="https://splegisconsulta.saopaulo.sp.leg.br/Pesquisa/DetailsDetalhado?COD_MTRA_LEGL=1&amp;ANO_PCSS_CMSP=2025&amp;COD_PCSS_CMSP=1168" target="_blank" rel="noopener">PL 1168/2025</a></th>
<th>Executivo &#8211; RICARDO NUNES</th>
</tr>
<tr>
<td colspan="2">Dispõe sobre o Plano Plurianual para o quadriênio 2026-2029.</td>
</tr>
</tbody>
</table>
</td>
</tr>
</tbody>
</table>
<p>2ª Audiência Pública Temática:<br />
&#8211; Secretaria Municipal de Segurança Urbana<br />
&#8211; SP Regula<br />
&#8211; SP Negócios<br />
&#8211; Secretaria Municipal de Governo<br />
&#8211; IPREM</p>
<p>Local: Plenário 1º de Maio (1º andar)</p>
<p>As inscrições para participação virtual nesta Audiência Pública se encerrarão às 11h do dia 16/10/2025.</p>
</div>

Inscrições encerradas

Comissão de Finanças e Orçamento
