{"id":8180,"date":"2025-09-23T14:14:00","date_gmt":"2025-09-23T17:14:00","guid":{"rendered":"https:\/\/www.saopaulo.sp.leg.br\/audienciaspublicas\/?post_type=audiencia&#038;p=8180"},"modified":"2025-10-29T09:55:14","modified_gmt":"2025-10-29T12:55:14","slug":"8180","status":"publish","type":"audiencia","link":"https:\/\/www.saopaulo.sp.leg.br\/audienciaspublicas\/audiencia\/8180\/","title":{"rendered":"EDUC06-29-10-2025"},"content":{"rendered":"<div id=\"divCategoria#0\" class=\"divCategoriaClass\" data-codigocategoria=\"6\">\n<p>AUDI\u00caNCIA P\u00daBLICA<\/p>\n<p>Audi\u00eancia P\u00fablica convocada em cumprimento ao Art. 209 da Lei Org\u00e2nica do Munic\u00edpio, para apresenta\u00e7\u00e3o do Relat\u00f3rio Detalhado e Presta\u00e7\u00e3o de Contas da Educa\u00e7\u00e3o Municipal, referente ao 3\u00ba Trimestre de 2025.<\/p>\n<\/div>\n<div data-codigocategoria=\"6\"><\/div>\n<div data-codigocategoria=\"6\">Local: Sala Tiradentes (8\u00ba andar)<\/div>\n<div data-codigocategoria=\"6\"><\/div>\n<div data-codigocategoria=\"6\">As inscri\u00e7\u00f5es para participa\u00e7\u00e3o virtual nesta Audi\u00eancia P\u00fablica se encerrar\u00e3o \u00e0s 10h do dia 29\/10\/2025.<\/div>\n","protected":false},"template":"","meta":{"_acf_changed":false,"footnotes":""},"class_list":["post-8180","audiencia","type-audiencia","status-publish","hentry"],"acf":{"ap_agenda":"2025-10-29 13:00:00","ap_agenda_fim":"2025-10-29 15:00:00","ap_inscricao":"Inscri\u00e7\u00f5es encerradas","ap_comissao":"Comiss\u00e3o de Educa\u00e7\u00e3o, Cultura e Esportes","ap_contato":"educ@saopaulo.sp.leg.br","ap_colabore":1,"ap_form_inscricoes":2,"link_teleconferencia":"https:\/\/teams.microsoft.com\/l\/meetup-join\/19%3ameeting_NTMzZGQ3ZWQtMmNmYi00OGY0LTk1NWItN2ZmYWQ2NjFhOTI4%40thread.v2\/0?context=%7b%22Tid%22%3a%227957948c-6ecd-4471-8dcf-a301702d306c%22%2c%22Oid%22%3a%227de93a3c-03f3-49a0-b37a-28dde2377428%22%7d"},"_links":{"self":[{"href":"https:\/\/www.saopaulo.sp.leg.br\/audienciaspublicas\/wp-json\/wp\/v2\/audiencia\/8180","targetHints":{"allow":["GET"]}}],"collection":[{"href":"https:\/\/www.saopaulo.sp.leg.br\/audienciaspublicas\/wp-json\/wp\/v2\/audiencia"}],"about":[{"href":"https:\/\/www.saopaulo.sp.leg.br\/audienciaspublicas\/wp-json\/wp\/v2\/types\/audiencia"}],"version-history":[{"count":4,"href":"https:\/\/www.saopaulo.sp.leg.br\/audienciaspublicas\/wp-json\/wp\/v2\/audiencia\/8180\/revisions"}],"predecessor-version":[{"id":8922,"href":"https:\/\/www.saopaulo.sp.leg.br\/audienciaspublicas\/wp-json\/wp\/v2\/audiencia\/8180\/revisions\/8922"}],"wp:attachment":[{"href":"https:\/\/www.saopaulo.sp.leg.br\/audienciaspublicas\/wp-json\/wp\/v2\/media?parent=8180"}],"curies":[{"name":"wp","href":"https:\/\/api.w.org\/{rel}","templated":true}]}}

<div id="divCategoria#0" class="divCategoriaClass" data-codigocategoria="6">
<p>AUDIÊNCIA PÚBLICA</p>
<p>Audiência Pública convocada em cumprimento ao Art. 209 da Lei Orgânica do Município, para apresentação do Relatório Detalhado e Prestação de Contas da Educação Municipal, referente ao 3º Trimestre de 2025.</p>
</div>
<div data-codigocategoria="6"></div>
<div data-codigocategoria="6">Local: Sala Tiradentes (8º andar)</div>
<div data-codigocategoria="6"></div>
<div data-codigocategoria="6">As inscrições para participação virtual nesta Audiência Pública se encerrarão às 10h do dia 29/10/2025.</div>

Inscrições encerradas

Comissão de Educação, Cultura e Esportes
