{"id":8116,"date":"2025-09-04T11:43:30","date_gmt":"2025-09-04T14:43:30","guid":{"rendered":"https:\/\/www.saopaulo.sp.leg.br\/audienciaspublicas\/?post_type=audiencia&#038;p=8116"},"modified":"2025-09-10T12:07:17","modified_gmt":"2025-09-10T15:07:17","slug":"urb03-10-09-2025-12h","status":"publish","type":"audiencia","link":"https:\/\/www.saopaulo.sp.leg.br\/audienciaspublicas\/audiencia\/urb03-10-09-2025-12h\/","title":{"rendered":"URB03-10-09-2025-12h"},"content":{"rendered":"<p><b>Audi\u00eancia P\u00fablica<\/b><\/p>\n<div id=\"divCategoria#0\" class=\"divCategoriaClass\" data-codigocategoria=\"6\">\n<div id=\"divItemPauta_1\" class=\"itemPautaClass projeto\">\n<table>\n<tbody>\n<tr>\n<td>\n<table>\n<tbody>\n<tr>\n<th>1)\u00a0<a href=\"https:\/\/splegisconsulta.saopaulo.sp.leg.br\/Pesquisa\/DetailsDetalhado?COD_MTRA_LEGL=1&amp;ANO_PCSS_CMSP=2020&amp;COD_PCSS_CMSP=29\" target=\"_blank\" rel=\"noopener\">PL\u00a029\/2020<\/a><\/th>\n<th style=\"text-align: left\">Ver. GILBERTO NATALINI (S\/PARTIDO), Ver. AUR\u00c9LIO NOMURA (PSD), Ver. PROFESSOR TONINHO VESPOLI (PSOL), Ver. RENATA FALZONI (PSB)<\/th>\n<\/tr>\n<tr>\n<td colspan=\"2\">DISP\u00d5E SOBRE A CRIA\u00c7\u00c3O DO PARQUE MUNICIPAL CENTRO ECOL\u00d3GICO YARY TY E MEMORIAL DE CULTURA GUARANI (CEYTY) E D\u00c1 OUTRAS PROVID\u00caNCIAS.<\/td>\n<\/tr>\n<tr>\n<td colspan=\"2\">Relator: Ver. ISAC F\u00c9LIX (PL)<\/td>\n<\/tr>\n<\/tbody>\n<\/table>\n<\/td>\n<\/tr>\n<\/tbody>\n<\/table>\n<\/div>\n<div id=\"divItemPauta_2\" class=\"itemPautaClass projeto\">\n<table>\n<tbody>\n<tr>\n<td>\n<table>\n<tbody>\n<tr>\n<th>2)\u00a0<a href=\"https:\/\/splegisconsulta.saopaulo.sp.leg.br\/Pesquisa\/DetailsDetalhado?COD_MTRA_LEGL=1&amp;ANO_PCSS_CMSP=2021&amp;COD_PCSS_CMSP=454\" target=\"_blank\" rel=\"noopener\">PL\u00a0454\/2021<\/a><\/th>\n<th>Ver. XEX\u00c9U TRIPOLI (UNI\u00c3O), Ver. RICARDO TEIXEIRA (UNI\u00c3O)<\/th>\n<\/tr>\n<tr>\n<td colspan=\"2\">Disp\u00f5e sobre a cria\u00e7\u00e3o do Parque Municipal P\u00f4r do Sol, e d\u00e1 outras provid\u00eancias.<\/td>\n<\/tr>\n<\/tbody>\n<\/table>\n<\/td>\n<\/tr>\n<\/tbody>\n<\/table>\n<\/div>\n<div id=\"divItemPauta_3\" class=\"itemPautaClass projeto\">\n<table>\n<tbody>\n<tr>\n<td>\n<table>\n<tbody>\n<tr>\n<th style=\"text-align: left\">3)\u00a0<a href=\"https:\/\/splegisconsulta.saopaulo.sp.leg.br\/Pesquisa\/DetailsDetalhado?COD_MTRA_LEGL=1&amp;ANO_PCSS_CMSP=2023&amp;COD_PCSS_CMSP=39\" target=\"_blank\" rel=\"noopener\">PL\u00a039\/2023<\/a><\/th>\n<th style=\"text-align: left\">Ver. CELSO GIANNAZI (PSOL)<\/th>\n<\/tr>\n<tr>\n<td colspan=\"2\">Declara de utilidade p\u00fablica, para fins de desapropria\u00e7\u00e3o, a \u00e1rea localizada na Rua Quintana, 206, Setor 085, Quadra 176, Lote 0001, Distrito Itaim Bibi, Subprefeitura de Pinheiros, para cria\u00e7\u00e3o de parque p\u00fablico, e d\u00e1 outras provid\u00eancias.<\/td>\n<\/tr>\n<tr>\n<td colspan=\"2\">Relator: Ver. GABRIEL ABREU (PODE)<\/td>\n<\/tr>\n<\/tbody>\n<\/table>\n<\/td>\n<\/tr>\n<\/tbody>\n<\/table>\n<\/div>\n<div id=\"divItemPauta_4\" class=\"itemPautaClass projeto\">\n<table>\n<tbody>\n<tr>\n<td>\n<table>\n<tbody>\n<tr>\n<th style=\"text-align: left\">4)\u00a0<a href=\"https:\/\/splegisconsulta.saopaulo.sp.leg.br\/Pesquisa\/DetailsDetalhado?COD_MTRA_LEGL=1&amp;ANO_PCSS_CMSP=2023&amp;COD_PCSS_CMSP=702\" target=\"_blank\" rel=\"noopener\">PL\u00a0702\/2023<\/a><\/th>\n<th style=\"text-align: left\">Ver. ELISEU GABRIEL (PSB)<\/th>\n<\/tr>\n<tr>\n<td colspan=\"2\">Autoriza a cria\u00e7\u00e3o do Parque Mata Esmeralda na Subprefeitura do Butant\u00e3<\/td>\n<\/tr>\n<tr>\n<td colspan=\"2\">Relator: Ver. GABRIEL ABREU (PODE)<\/td>\n<\/tr>\n<\/tbody>\n<\/table>\n<\/td>\n<\/tr>\n<\/tbody>\n<\/table>\n<p>Local: Sal\u00e3o Nobre Presidente Jo\u00e3o Brasil Vita (8\u00ba andar)<\/p>\n<\/div>\n<\/div>\n","protected":false},"template":"","meta":{"_acf_changed":false,"footnotes":""},"class_list":["post-8116","audiencia","type-audiencia","status-publish","hentry"],"acf":{"ap_agenda":"2025-09-10 12:00:00","ap_agenda_fim":"2025-09-10 14:00:00","ap_inscricao":"Inscri\u00e7\u00f5es encerradas","ap_comissao":"Comiss\u00e3o de Pol\u00edtica Urbana, Metropolitana e Meio Ambiente","ap_contato":"urb@saopaulo.sp.leg.br","ap_colabore":11,"ap_form_inscricoes":11,"link_teleconferencia":"https:\/\/teams.microsoft.com\/l\/meetup-join\/19%3ameeting_NDU3MjM3YzMtMDlkNi00N2EyLWJlODItM2UzYTVlMDAyYTc2%40thread.v2\/0?context=%7b%22Tid%22%3a%227957948c-6ecd-4471-8dcf-a301702d306c%22%2c%22Oid%22%3a%22f8d2bc1a-af2c-41fe-abca-596ce3c26678%22%7d"},"_links":{"self":[{"href":"https:\/\/www.saopaulo.sp.leg.br\/audienciaspublicas\/wp-json\/wp\/v2\/audiencia\/8116","targetHints":{"allow":["GET"]}}],"collection":[{"href":"https:\/\/www.saopaulo.sp.leg.br\/audienciaspublicas\/wp-json\/wp\/v2\/audiencia"}],"about":[{"href":"https:\/\/www.saopaulo.sp.leg.br\/audienciaspublicas\/wp-json\/wp\/v2\/types\/audiencia"}],"version-history":[{"count":2,"href":"https:\/\/www.saopaulo.sp.leg.br\/audienciaspublicas\/wp-json\/wp\/v2\/audiencia\/8116\/revisions"}],"predecessor-version":[{"id":8128,"href":"https:\/\/www.saopaulo.sp.leg.br\/audienciaspublicas\/wp-json\/wp\/v2\/audiencia\/8116\/revisions\/8128"}],"wp:attachment":[{"href":"https:\/\/www.saopaulo.sp.leg.br\/audienciaspublicas\/wp-json\/wp\/v2\/media?parent=8116"}],"curies":[{"name":"wp","href":"https:\/\/api.w.org\/{rel}","templated":true}]}}

<p><b>Audiência Pública</b></p>
<div id="divCategoria#0" class="divCategoriaClass" data-codigocategoria="6">
<div id="divItemPauta_1" class="itemPautaClass projeto">
<table>
<tbody>
<tr>
<td>
<table>
<tbody>
<tr>
<th>1) <a href="https://splegisconsulta.saopaulo.sp.leg.br/Pesquisa/DetailsDetalhado?COD_MTRA_LEGL=1&amp;ANO_PCSS_CMSP=2020&amp;COD_PCSS_CMSP=29" target="_blank" rel="noopener">PL 29/2020</a></th>
<th style="text-align: left">Ver. GILBERTO NATALINI (S/PARTIDO), Ver. AURÉLIO NOMURA (PSD), Ver. PROFESSOR TONINHO VESPOLI (PSOL), Ver. RENATA FALZONI (PSB)</th>
</tr>
<tr>
<td colspan="2">DISPÕE SOBRE A CRIAÇÃO DO PARQUE MUNICIPAL CENTRO ECOLÓGICO YARY TY E MEMORIAL DE CULTURA GUARANI (CEYTY) E DÁ OUTRAS PROVIDÊNCIAS.</td>
</tr>
<tr>
<td colspan="2">Relator: Ver. ISAC FÉLIX (PL)</td>
</tr>
</tbody>
</table>
</td>
</tr>
</tbody>
</table>
</div>
<div id="divItemPauta_2" class="itemPautaClass projeto">
<table>
<tbody>
<tr>
<td>
<table>
<tbody>
<tr>
<th>2) <a href="https://splegisconsulta.saopaulo.sp.leg.br/Pesquisa/DetailsDetalhado?COD_MTRA_LEGL=1&amp;ANO_PCSS_CMSP=2021&amp;COD_PCSS_CMSP=454" target="_blank" rel="noopener">PL 454/2021</a></th>
<th>Ver. XEXÉU TRIPOLI (UNIÃO), Ver. RICARDO TEIXEIRA (UNIÃO)</th>
</tr>
<tr>
<td colspan="2">Dispõe sobre a criação do Parque Municipal Pôr do Sol, e dá outras providências.</td>
</tr>
</tbody>
</table>
</td>
</tr>
</tbody>
</table>
</div>
<div id="divItemPauta_3" class="itemPautaClass projeto">
<table>
<tbody>
<tr>
<td>
<table>
<tbody>
<tr>
<th style="text-align: left">3) <a href="https://splegisconsulta.saopaulo.sp.leg.br/Pesquisa/DetailsDetalhado?COD_MTRA_LEGL=1&amp;ANO_PCSS_CMSP=2023&amp;COD_PCSS_CMSP=39" target="_blank" rel="noopener">PL 39/2023</a></th>
<th style="text-align: left">Ver. CELSO GIANNAZI (PSOL)</th>
</tr>
<tr>
<td colspan="2">Declara de utilidade pública, para fins de desapropriação, a área localizada na Rua Quintana, 206, Setor 085, Quadra 176, Lote 0001, Distrito Itaim Bibi, Subprefeitura de Pinheiros, para criação de parque público, e dá outras providências.</td>
</tr>
<tr>
<td colspan="2">Relator: Ver. GABRIEL ABREU (PODE)</td>
</tr>
</tbody>
</table>
</td>
</tr>
</tbody>
</table>
</div>
<div id="divItemPauta_4" class="itemPautaClass projeto">
<table>
<tbody>
<tr>
<td>
<table>
<tbody>
<tr>
<th style="text-align: left">4) <a href="https://splegisconsulta.saopaulo.sp.leg.br/Pesquisa/DetailsDetalhado?COD_MTRA_LEGL=1&amp;ANO_PCSS_CMSP=2023&amp;COD_PCSS_CMSP=702" target="_blank" rel="noopener">PL 702/2023</a></th>
<th style="text-align: left">Ver. ELISEU GABRIEL (PSB)</th>
</tr>
<tr>
<td colspan="2">Autoriza a criação do Parque Mata Esmeralda na Subprefeitura do Butantã</td>
</tr>
<tr>
<td colspan="2">Relator: Ver. GABRIEL ABREU (PODE)</td>
</tr>
</tbody>
</table>
</td>
</tr>
</tbody>
</table>
<p>Local: Salão Nobre Presidente João Brasil Vita (8º andar)</p>
</div>
</div>

Inscrições encerradas

Comissão de Política Urbana, Metropolitana e Meio Ambiente
