{"id":8026,"date":"2025-08-18T10:26:04","date_gmt":"2025-08-18T13:26:04","guid":{"rendered":"https:\/\/www.saopaulo.sp.leg.br\/audienciaspublicas\/?post_type=audiencia&#038;p=8026"},"modified":"2025-08-20T15:30:06","modified_gmt":"2025-08-20T18:30:06","slug":"saude07-20-08-2025-19h","status":"publish","type":"audiencia","link":"https:\/\/www.saopaulo.sp.leg.br\/audienciaspublicas\/audiencia\/saude07-20-08-2025-19h\/","title":{"rendered":"SAUDE07-20-08-2025-19h"},"content":{"rendered":"<p>Audi\u00eancia P\u00fablica<\/p>\n<p>Tema: &#8220;Desafios \u00e0 prote\u00e7\u00e3o trabalhista das trabalhadoras dom\u00e9sticas no munic\u00edpio de S\u00e3o Paulo&#8221;, nos termos do REQCOM SAUDE 17\/2025, de autoria da Vereadora Amanda Paschoal (PSOL).<\/p>\n<p>Local: Audit\u00f3rio Prestes Maia (1\u00b0 andar)<\/p>\n","protected":false},"template":"","meta":{"_acf_changed":false,"footnotes":""},"class_list":["post-8026","audiencia","type-audiencia","status-publish","hentry"],"acf":{"ap_agenda":"2025-08-20 19:00:00","ap_agenda_fim":"2025-08-20 21:30:00","ap_inscricao":"Inscri\u00e7\u00f5es encerradas","ap_comissao":"Comiss\u00e3o de Sa\u00fade, Promo\u00e7\u00e3o Social, Trabalho e Mulher","ap_contato":"saude@saopaulo.sp.leg.br","ap_colabore":1,"ap_form_inscricoes":2,"link_teleconferencia":" https:\/\/teams.microsoft.com\/l\/meetup-join\/19%3ameeting_MGE5MTc2ZWYtZTEwOS00MDBlLThkMzQtMzIyNGI1YzI4NTcy%40thread.v2\/0?context=%7b%22Tid%22%3a%227957948c-6ecd-4471-8dcf-a301702d306c%22%2c%22Oid%22%3a%2269b5f3c0-94c7-4ccf-8ac0-e35f54cd7511%22%7d"},"_links":{"self":[{"href":"https:\/\/www.saopaulo.sp.leg.br\/audienciaspublicas\/wp-json\/wp\/v2\/audiencia\/8026","targetHints":{"allow":["GET"]}}],"collection":[{"href":"https:\/\/www.saopaulo.sp.leg.br\/audienciaspublicas\/wp-json\/wp\/v2\/audiencia"}],"about":[{"href":"https:\/\/www.saopaulo.sp.leg.br\/audienciaspublicas\/wp-json\/wp\/v2\/types\/audiencia"}],"version-history":[{"count":5,"href":"https:\/\/www.saopaulo.sp.leg.br\/audienciaspublicas\/wp-json\/wp\/v2\/audiencia\/8026\/revisions"}],"predecessor-version":[{"id":8046,"href":"https:\/\/www.saopaulo.sp.leg.br\/audienciaspublicas\/wp-json\/wp\/v2\/audiencia\/8026\/revisions\/8046"}],"wp:attachment":[{"href":"https:\/\/www.saopaulo.sp.leg.br\/audienciaspublicas\/wp-json\/wp\/v2\/media?parent=8026"}],"curies":[{"name":"wp","href":"https:\/\/api.w.org\/{rel}","templated":true}]}}

<p>Audiência Pública</p>
<p>Tema: &#8220;Desafios à proteção trabalhista das trabalhadoras domésticas no município de São Paulo&#8221;, nos termos do REQCOM SAUDE 17/2025, de autoria da Vereadora Amanda Paschoal (PSOL).</p>
<p>Local: Auditório Prestes Maia (1° andar)</p>

Inscrições encerradas

Comissão de Saúde, Promoção Social, Trabalho e Mulher
