{"id":7925,"date":"2025-07-24T15:50:36","date_gmt":"2025-07-24T18:50:36","guid":{"rendered":"https:\/\/www.saopaulo.sp.leg.br\/audienciaspublicas\/?post_type=audiencia&#038;p=7925"},"modified":"2025-08-26T10:04:34","modified_gmt":"2025-08-26T13:04:34","slug":"educ06-27-08-2025","status":"publish","type":"audiencia","link":"https:\/\/www.saopaulo.sp.leg.br\/audienciaspublicas\/audiencia\/educ06-27-08-2025\/","title":{"rendered":"EDUC06-27-08-2025"},"content":{"rendered":"<div id=\"divCategoria#0\" class=\"divCategoriaClass\" data-codigocategoria=\"6\">AUDI\u00caNCIA P\u00daBLICA<\/div>\n<div data-codigocategoria=\"6\"><\/div>\n<div data-codigocategoria=\"6\">Audi\u00eancia P\u00fablica convocada em cumprimento ao Art. 209 da Lei Org\u00e2nica do Munic\u00edpio, para apresenta\u00e7\u00e3o do Relat\u00f3rio Detalhado e Presta\u00e7\u00e3o de Contas da Educa\u00e7\u00e3o Municipal, referente ao 2\u00ba Trimestre de 2025 (abril a junho)<\/div>\n<div class=\"divCategoriaClass\" data-codigocategoria=\"6\">\n<p>Local: Sala Tiradentes (8\u00ba andar)<\/p>\n<\/div>\n","protected":false},"template":"","meta":{"_acf_changed":false,"footnotes":""},"class_list":["post-7925","audiencia","type-audiencia","status-publish","hentry"],"acf":{"ap_agenda":"2025-08-27 13:30:00","ap_agenda_fim":"2025-08-27 15:00:00","ap_inscricao":"Inscri\u00e7\u00f5es encerradas","ap_comissao":"Comiss\u00e3o de Educa\u00e7\u00e3o, Cultura e Esportes","ap_contato":"educ@saopaulo.sp.leg.br","ap_colabore":1,"ap_form_inscricoes":2,"link_teleconferencia":"https:\/\/teams.microsoft.com\/l\/meetup-join\/19%3ameeting_MDljMDk3ODItZjVlMi00ZmY2LTlmZjAtZmU1M2QwYTMyZDUw%40thread.v2\/0?context=%7b%22Tid%22%3a%227957948c-6ecd-4471-8dcf-a301702d306c%22%2c%22Oid%22%3a%227de93a3c-03f3-49a0-b37a-28dde2377428%22%7d"},"_links":{"self":[{"href":"https:\/\/www.saopaulo.sp.leg.br\/audienciaspublicas\/wp-json\/wp\/v2\/audiencia\/7925","targetHints":{"allow":["GET"]}}],"collection":[{"href":"https:\/\/www.saopaulo.sp.leg.br\/audienciaspublicas\/wp-json\/wp\/v2\/audiencia"}],"about":[{"href":"https:\/\/www.saopaulo.sp.leg.br\/audienciaspublicas\/wp-json\/wp\/v2\/types\/audiencia"}],"version-history":[{"count":5,"href":"https:\/\/www.saopaulo.sp.leg.br\/audienciaspublicas\/wp-json\/wp\/v2\/audiencia\/7925\/revisions"}],"predecessor-version":[{"id":8066,"href":"https:\/\/www.saopaulo.sp.leg.br\/audienciaspublicas\/wp-json\/wp\/v2\/audiencia\/7925\/revisions\/8066"}],"wp:attachment":[{"href":"https:\/\/www.saopaulo.sp.leg.br\/audienciaspublicas\/wp-json\/wp\/v2\/media?parent=7925"}],"curies":[{"name":"wp","href":"https:\/\/api.w.org\/{rel}","templated":true}]}}

<div id="divCategoria#0" class="divCategoriaClass" data-codigocategoria="6">AUDIÊNCIA PÚBLICA</div>
<div data-codigocategoria="6"></div>
<div data-codigocategoria="6">Audiência Pública convocada em cumprimento ao Art. 209 da Lei Orgânica do Município, para apresentação do Relatório Detalhado e Prestação de Contas da Educação Municipal, referente ao 2º Trimestre de 2025 (abril a junho)</div>
<div class="divCategoriaClass" data-codigocategoria="6">
<p>Local: Sala Tiradentes (8º andar)</p>
</div>

Inscrições encerradas

Comissão de Educação, Cultura e Esportes
