{"id":7874,"date":"2025-06-13T12:02:18","date_gmt":"2025-06-13T15:02:18","guid":{"rendered":"https:\/\/www.saopaulo.sp.leg.br\/audienciaspublicas\/?post_type=audiencia&#038;p=7874"},"modified":"2025-06-22T20:26:01","modified_gmt":"2025-06-22T23:26:01","slug":"fin02-23-06-2025","status":"publish","type":"audiencia","link":"https:\/\/www.saopaulo.sp.leg.br\/audienciaspublicas\/audiencia\/fin02-23-06-2025\/","title":{"rendered":"FIN02-23-06-2025"},"content":{"rendered":"<p>Projetos em 2\u00aa Audi\u00eancia P\u00fablica<\/p>\n<p>1) PL 158\/2024\tVer. PROFESSOR TONINHO VESPOLI (PSOL), Ver. LUNA ZARATTINI (PT), Ver. SILVIA DA BANCADA FEMINISTA (PSOL), Ver. RENATA FALZONI (PSB), Ver. MARINA BRAGANTE (REDE)<br \/>\nDisp\u00f5e sobre a cria\u00e7\u00e3o do Parque Municipal Jurubatuba e d\u00e1 outras provid\u00eancias.<\/p>\n<p>2) PL 204\/2025\tVer. ANA CAROLINA OLIVEIRA (PODE), Ver. SANDRA SANTANA (MDB), Ver. MARINA BRAGANTE (REDE), Ver. RUTE COSTA (PL), Ver. SILVINHO LEITE (UNI\u00c3O), Ver. SONAIRA FERNANDES (PL), Ver. MARCELO MESSIAS (MDB)<br \/>\nDisp\u00f5e sobre diretrizes do \u201cMaio Laranja\u201d de preven\u00e7\u00e3o ao abuso e \u00e0 explora\u00e7\u00e3o sexual de crian\u00e7as e adolescentes no munic\u00edpio e d\u00e1 outras provid\u00eancias.<\/p>\n<p>3) PL 116\/2024\tVer. ALESSANDRO GUEDES (PT), Ver. SILVINHO LEITE (UNI\u00c3O), Ver. KEIT LIMA (PSOL), Ver. MARCELO MESSIAS (MDB)<br \/>\nAutoriza a cria\u00e7\u00e3o no Munic\u00edpio do Programa Formatura Legal para custear formaturas para jovens estudantes do ensino p\u00fablico municipal na Cidade de S\u00e3o Paulo.<\/p>\n<p>4) PL 710\/2023\tVer. MARCELO MESSIAS (MDB)<br \/>\nDisp\u00f5e sobre a isen\u00e7\u00e3o do Imposto Predial e Territorial Urbano (IPTU) para as Casas Culturais Luso-Brasileiras no Munic\u00edpio de S\u00e3o Paulo.<br \/>\nRelator: Ver. SILVINHO LEITE (UNI\u00c3O)<\/p>\n<p>5) PL 553\/2023\tVer. CRIS MONTEIRO (NOVO), Ver. SONAIRA FERNANDES (PL)<br \/>\nFica proibido, no \u00e2mbito do Sistema Municipal de Educa\u00e7\u00e3o, o ensino ou a abordagem disciplinar do Holocausto sob os prismas do negacionismo ou revisionismo hist\u00f3rico.<\/p>\n<p>6) PL 389\/2023\tVer. RICARDO TEIXEIRA (UNI\u00c3O), Ver. SANDRA SANTANA (MDB), Ver. THAMMY MIRANDA (PSD)<br \/>\nAutoriza o embarque e desembarque de passageiros fora dos pontos de parada obrigat\u00f3rios, das 22h \u00e0s 5h na cidade de S\u00e3o Paulo, o chamado Ponto de \u00d4nibus Virtual, e d\u00e1 outras provid\u00eancias.<br \/>\nRelator: Ver. SILVINHO LEITE (UNI\u00c3O)<\/p>\n<p>7) PL 322\/2022\tVer. ANDR\u00c9 SANTOS (REPUBLICANOS)<br \/>\nAltera a Lei n\u00ba 8.989, de 29 de outubro de 1979, que disp\u00f5e sobre o Estatuto dos Funcion\u00e1rios P\u00fablicos do Munic\u00edpio de S\u00e3o Paulo, para reconhecer a COVID-19 como doen\u00e7a ocupacional para os profissionais da sa\u00fade do Munic\u00edpio de S\u00e3o Paulo.<br \/>\nRelator: Ver. DRA. SANDRA TADEU (PL)<\/p>\n<p>Projetos em 1\u00aa Audi\u00eancia P\u00fablica<\/p>\n<p>8) PL 369\/2025\tVer. THAMMY MIRANDA (PSD)<br \/>\nDisp\u00f5e sobre a distribui\u00e7\u00e3o, pelo Sistema \u00danico de Sa\u00fade, de sensor medidor cont\u00ednuo de glicose para crian\u00e7as entre 4 e 12 anos portadores de diabetes matriculadas na Rede P\u00fablica de Ensino do Munic\u00edpio de S\u00e3o Paulo.<\/p>\n<p>9) PL 134\/2025\tVer. RENATA FALZONI (PSB)<br \/>\nDisp\u00f5e sobre a institucionaliza\u00e7\u00e3o da Trilha Interparques, conectando Parques, Unidades de Conserva\u00e7\u00e3o e outras \u00e1reas protegidas no extremo sul da cidade de S\u00e3o Paulo<\/p>\n<p>10) PL 899\/2024\tVer. RUTE COSTA (PL)<br \/>\nDisp\u00f5e ao Poder P\u00fablico, da possibilidade de fornecimento do sensor de glicose e aparelho medidor \u201cFreeStyle Libre\u201d para todas as crian\u00e7as e adolescentes que possuem diabetes.<\/p>\n<p>11) PL 202\/2023\tVer. THAMMY MIRANDA (PSD), Ver. JANA\u00cdNA LIMA (PP)<br \/>\nRegulamenta o sistema de identifica\u00e7\u00e3o para o controle de entrada e sa\u00edda em unidades de educa\u00e7\u00e3o da rede p\u00fablica direta e parceira, creches e escolas, do Munic\u00edpio de S\u00e3o Paulo.<\/p>\n<p>Local: Sal\u00e3o Nobre Presidente Jo\u00e3o Brasil Vita (8\u00ba andar)<\/p>\n<p>As inscri\u00e7\u00f5es para participa\u00e7\u00e3o virtual nesta Audi\u00eancia P\u00fablica se encerrar\u00e3o \u00e0s 19h do dia 22\/06\/2025.<\/p>\n","protected":false},"template":"","meta":{"_acf_changed":false,"footnotes":""},"class_list":["post-7874","audiencia","type-audiencia","status-publish","hentry"],"acf":{"ap_agenda":"2025-06-23 11:00:00","ap_agenda_fim":"2025-06-23 12:00:00","ap_inscricao":"Inscri\u00e7\u00f5es encerradas","ap_comissao":"Comiss\u00e3o de Finan\u00e7as e Or\u00e7amento","ap_contato":"financas@saopaulo.sp.leg.br","ap_colabore":1,"ap_form_inscricoes":5,"link_teleconferencia":"https:\/\/teams.microsoft.com\/l\/meetup-join\/19%3ameeting_YzhjNzk4MmItOTlkZS00NWY3LTg1ZGMtZTUwOTZhYmIyMDc2%40thread.v2\/0?context=%7b%22Tid%22%3a%227957948c-6ecd-4471-8dcf-a301702d306c%22%2c%22Oid%22%3a%22c93e0d6d-9643-4b01-ac71-2029c6a940f9%22%7d"},"_links":{"self":[{"href":"https:\/\/www.saopaulo.sp.leg.br\/audienciaspublicas\/wp-json\/wp\/v2\/audiencia\/7874","targetHints":{"allow":["GET"]}}],"collection":[{"href":"https:\/\/www.saopaulo.sp.leg.br\/audienciaspublicas\/wp-json\/wp\/v2\/audiencia"}],"about":[{"href":"https:\/\/www.saopaulo.sp.leg.br\/audienciaspublicas\/wp-json\/wp\/v2\/types\/audiencia"}],"version-history":[{"count":3,"href":"https:\/\/www.saopaulo.sp.leg.br\/audienciaspublicas\/wp-json\/wp\/v2\/audiencia\/7874\/revisions"}],"predecessor-version":[{"id":7914,"href":"https:\/\/www.saopaulo.sp.leg.br\/audienciaspublicas\/wp-json\/wp\/v2\/audiencia\/7874\/revisions\/7914"}],"wp:attachment":[{"href":"https:\/\/www.saopaulo.sp.leg.br\/audienciaspublicas\/wp-json\/wp\/v2\/media?parent=7874"}],"curies":[{"name":"wp","href":"https:\/\/api.w.org\/{rel}","templated":true}]}}

<p>Projetos em 2ª Audiência Pública</p>
<p>1) PL 158/2024	Ver. PROFESSOR TONINHO VESPOLI (PSOL), Ver. LUNA ZARATTINI (PT), Ver. SILVIA DA BANCADA FEMINISTA (PSOL), Ver. RENATA FALZONI (PSB), Ver. MARINA BRAGANTE (REDE)<br />
Dispõe sobre a criação do Parque Municipal Jurubatuba e dá outras providências.</p>
<p>2) PL 204/2025	Ver. ANA CAROLINA OLIVEIRA (PODE), Ver. SANDRA SANTANA (MDB), Ver. MARINA BRAGANTE (REDE), Ver. RUTE COSTA (PL), Ver. SILVINHO LEITE (UNIÃO), Ver. SONAIRA FERNANDES (PL), Ver. MARCELO MESSIAS (MDB)<br />
Dispõe sobre diretrizes do “Maio Laranja” de prevenção ao abuso e à exploração sexual de crianças e adolescentes no município e dá outras providências.</p>
<p>3) PL 116/2024	Ver. ALESSANDRO GUEDES (PT), Ver. SILVINHO LEITE (UNIÃO), Ver. KEIT LIMA (PSOL), Ver. MARCELO MESSIAS (MDB)<br />
Autoriza a criação no Município do Programa Formatura Legal para custear formaturas para jovens estudantes do ensino público municipal na Cidade de São Paulo.</p>
<p>4) PL 710/2023	Ver. MARCELO MESSIAS (MDB)<br />
Dispõe sobre a isenção do Imposto Predial e Territorial Urbano (IPTU) para as Casas Culturais Luso-Brasileiras no Município de São Paulo.<br />
Relator: Ver. SILVINHO LEITE (UNIÃO)</p>
<p>5) PL 553/2023	Ver. CRIS MONTEIRO (NOVO), Ver. SONAIRA FERNANDES (PL)<br />
Fica proibido, no âmbito do Sistema Municipal de Educação, o ensino ou a abordagem disciplinar do Holocausto sob os prismas do negacionismo ou revisionismo histórico.</p>
<p>6) PL 389/2023	Ver. RICARDO TEIXEIRA (UNIÃO), Ver. SANDRA SANTANA (MDB), Ver. THAMMY MIRANDA (PSD)<br />
Autoriza o embarque e desembarque de passageiros fora dos pontos de parada obrigatórios, das 22h às 5h na cidade de São Paulo, o chamado Ponto de Ônibus Virtual, e dá outras providências.<br />
Relator: Ver. SILVINHO LEITE (UNIÃO)</p>
<p>7) PL 322/2022	Ver. ANDRÉ SANTOS (REPUBLICANOS)<br />
Altera a Lei nº 8.989, de 29 de outubro de 1979, que dispõe sobre o Estatuto dos Funcionários Públicos do Município de São Paulo, para reconhecer a COVID-19 como doença ocupacional para os profissionais da saúde do Município de São Paulo.<br />
Relator: Ver. DRA. SANDRA TADEU (PL)</p>
<p>Projetos em 1ª Audiência Pública</p>
<p>8) PL 369/2025	Ver. THAMMY MIRANDA (PSD)<br />
Dispõe sobre a distribuição, pelo Sistema Único de Saúde, de sensor medidor contínuo de glicose para crianças entre 4 e 12 anos portadores de diabetes matriculadas na Rede Pública de Ensino do Município de São Paulo.</p>
<p>9) PL 134/2025	Ver. RENATA FALZONI (PSB)<br />
Dispõe sobre a institucionalização da Trilha Interparques, conectando Parques, Unidades de Conservação e outras áreas protegidas no extremo sul da cidade de São Paulo</p>
<p>10) PL 899/2024	Ver. RUTE COSTA (PL)<br />
Dispõe ao Poder Público, da possibilidade de fornecimento do sensor de glicose e aparelho medidor “FreeStyle Libre” para todas as crianças e adolescentes que possuem diabetes.</p>
<p>11) PL 202/2023	Ver. THAMMY MIRANDA (PSD), Ver. JANAÍNA LIMA (PP)<br />
Regulamenta o sistema de identificação para o controle de entrada e saída em unidades de educação da rede pública direta e parceira, creches e escolas, do Município de São Paulo.</p>
<p>Local: Salão Nobre Presidente João Brasil Vita (8º andar)</p>
<p>As inscrições para participação virtual nesta Audiência Pública se encerrarão às 19h do dia 22/06/2025.</p>

Inscrições encerradas

Comissão de Finanças e Orçamento
