{"id":7838,"date":"2025-06-05T16:11:16","date_gmt":"2025-06-05T19:11:16","guid":{"rendered":"https:\/\/www.saopaulo.sp.leg.br\/audienciaspublicas\/?post_type=audiencia&#038;p=7838"},"modified":"2025-06-09T16:36:40","modified_gmt":"2025-06-09T19:36:40","slug":"econ05-09-06-2025","status":"publish","type":"audiencia","link":"https:\/\/www.saopaulo.sp.leg.br\/audienciaspublicas\/audiencia\/econ05-09-06-2025\/","title":{"rendered":"ECON05-09-06-2025"},"content":{"rendered":"<div id=\"divCategoria#0\" class=\"divCategoriaClass\" data-codigocategoria=\"6\"><b>Audi\u00eancia P\u00fablica<\/b><\/p>\n<p>Pauta: \u201cChamamento do Cadastro Reserva de Agentes da CET e situa\u00e7\u00e3o do Tr\u00e2nsito em S\u00e3o Paulo\u201d, nos termos do Requerimento ECON n. 13\/2025, de autoria das Vereadoras Renata Falzoni (PSB) e Luana Alves (PSOL).<\/p><\/div>\n<div data-codigocategoria=\"6\"><\/div>\n<p>Local: Audit\u00f3rio Prestes Maia (1\u00ba andar)<\/p>\n<p>&nbsp;<\/p>\n<p>As inscri\u00e7\u00f5es para participa\u00e7\u00e3o virtual nesta Audi\u00eancia P\u00fablica se encerrar\u00e3o \u00e0s 16h do dia 09\/06\/2025.<\/p>\n","protected":false},"template":"","meta":{"_acf_changed":false,"footnotes":""},"class_list":["post-7838","audiencia","type-audiencia","status-publish","hentry"],"acf":{"ap_agenda":"2025-06-09 18:30:00","ap_agenda_fim":"2025-06-09 21:00:00","ap_inscricao":"Inscri\u00e7\u00f5es encerradas","ap_comissao":"Comiss\u00e3o de Tr\u00e2nsito, Transporte e Atividade Econ\u00f4mica","ap_contato":"transito@saopaulo.sp.leg.br","ap_colabore":1,"ap_form_inscricoes":2,"link_teleconferencia":"https:\/\/teams.microsoft.com\/l\/meetup-join\/19%3ameeting_NmQ1NWIwNWEtNGQ1OS00NTgyLThiMTYtMmE4ZGQzNTFiODc4%40thread.v2\/0?context=%7b%22Tid%22%3a%227957948c-6ecd-4471-8dcf-a301702d306c%22%2c%22Oid%22%3a%22a871eb0f-8ffa-4939-91a6-898c60e9c556%22%7d"},"_links":{"self":[{"href":"https:\/\/www.saopaulo.sp.leg.br\/audienciaspublicas\/wp-json\/wp\/v2\/audiencia\/7838","targetHints":{"allow":["GET"]}}],"collection":[{"href":"https:\/\/www.saopaulo.sp.leg.br\/audienciaspublicas\/wp-json\/wp\/v2\/audiencia"}],"about":[{"href":"https:\/\/www.saopaulo.sp.leg.br\/audienciaspublicas\/wp-json\/wp\/v2\/types\/audiencia"}],"version-history":[{"count":2,"href":"https:\/\/www.saopaulo.sp.leg.br\/audienciaspublicas\/wp-json\/wp\/v2\/audiencia\/7838\/revisions"}],"predecessor-version":[{"id":7855,"href":"https:\/\/www.saopaulo.sp.leg.br\/audienciaspublicas\/wp-json\/wp\/v2\/audiencia\/7838\/revisions\/7855"}],"wp:attachment":[{"href":"https:\/\/www.saopaulo.sp.leg.br\/audienciaspublicas\/wp-json\/wp\/v2\/media?parent=7838"}],"curies":[{"name":"wp","href":"https:\/\/api.w.org\/{rel}","templated":true}]}}

<div id="divCategoria#0" class="divCategoriaClass" data-codigocategoria="6"><b>Audiência Pública</b></p>
<p>Pauta: “Chamamento do Cadastro Reserva de Agentes da CET e situação do Trânsito em São Paulo”, nos termos do Requerimento ECON n. 13/2025, de autoria das Vereadoras Renata Falzoni (PSB) e Luana Alves (PSOL).</p></div>
<div data-codigocategoria="6"></div>
<p>Local: Auditório Prestes Maia (1º andar)</p>
<p>&nbsp;</p>
<p>As inscrições para participação virtual nesta Audiência Pública se encerrarão às 16h do dia 09/06/2025.</p>

Inscrições encerradas

Comissão de Trânsito, Transporte e Atividade Econômica
