{"id":7793,"date":"2025-06-02T13:54:16","date_gmt":"2025-06-02T16:54:16","guid":{"rendered":"https:\/\/www.saopaulo.sp.leg.br\/audienciaspublicas\/?post_type=audiencia&#038;p=7793"},"modified":"2025-06-02T13:54:16","modified_gmt":"2025-06-02T16:54:16","slug":"saude07-05-06-2025-18h30","status":"publish","type":"audiencia","link":"https:\/\/www.saopaulo.sp.leg.br\/audienciaspublicas\/audiencia\/saude07-05-06-2025-18h30\/","title":{"rendered":"SAUDE07-05-06-2025-18h30"},"content":{"rendered":"<div id=\"divCategoria#0\" class=\"divCategoriaClass\" data-codigocategoria=\"6\"><b>Audi\u00eancia P\u00fablica Tem\u00e1tica<\/b><\/p>\n<p>Trabalhadores(as) Ambulantes, Artes\u00e3os e Artistas da Cidade de S\u00e3o Paulo<\/p><\/div>\n<p>&nbsp;<\/p>\n<p>Local: Audit\u00f3rio Prestes Maia (1\u00ba andar)<\/p>\n<p>&nbsp;<\/p>\n<p>As inscri\u00e7\u00f5es para participa\u00e7\u00e3o virtual nesta Audi\u00eancia P\u00fablica se encerrar\u00e3o \u00e0s 13h do dia 05\/06\/2025.<\/p>\n","protected":false},"template":"","meta":{"_acf_changed":false,"footnotes":""},"class_list":["post-7793","audiencia","type-audiencia","status-publish","hentry"],"acf":{"ap_agenda":"2025-06-05 18:30:00","ap_agenda_fim":"2025-06-05 21:00:00","ap_inscricao":"Inscri\u00e7\u00f5es abertas","ap_comissao":"Comiss\u00e3o de Sa\u00fade, Promo\u00e7\u00e3o Social, Trabalho e Mulher","ap_contato":"saude@saopaulo.sp.leg.br","ap_colabore":1,"ap_form_inscricoes":2,"link_teleconferencia":"https:\/\/teams.microsoft.com\/l\/meetup-join\/19%3ameeting_ZmUyNTg3NDAtMzc2ZS00MGZhLWJlZmMtOWEzMjAzNWE1YzRj%40thread.v2\/0?context=%7b%22Tid%22%3a%227957948c-6ecd-4471-8dcf-a301702d306c%22%2c%22Oid%22%3a%2269b5f3c0-94c7-4ccf-8ac0-e35f54cd7511%22%7d"},"_links":{"self":[{"href":"https:\/\/www.saopaulo.sp.leg.br\/audienciaspublicas\/wp-json\/wp\/v2\/audiencia\/7793","targetHints":{"allow":["GET"]}}],"collection":[{"href":"https:\/\/www.saopaulo.sp.leg.br\/audienciaspublicas\/wp-json\/wp\/v2\/audiencia"}],"about":[{"href":"https:\/\/www.saopaulo.sp.leg.br\/audienciaspublicas\/wp-json\/wp\/v2\/types\/audiencia"}],"version-history":[{"count":1,"href":"https:\/\/www.saopaulo.sp.leg.br\/audienciaspublicas\/wp-json\/wp\/v2\/audiencia\/7793\/revisions"}],"predecessor-version":[{"id":7794,"href":"https:\/\/www.saopaulo.sp.leg.br\/audienciaspublicas\/wp-json\/wp\/v2\/audiencia\/7793\/revisions\/7794"}],"wp:attachment":[{"href":"https:\/\/www.saopaulo.sp.leg.br\/audienciaspublicas\/wp-json\/wp\/v2\/media?parent=7793"}],"curies":[{"name":"wp","href":"https:\/\/api.w.org\/{rel}","templated":true}]}}

<div id="divCategoria#0" class="divCategoriaClass" data-codigocategoria="6"><b>Audiência Pública Temática</b></p>
<p>Trabalhadores(as) Ambulantes, Artesãos e Artistas da Cidade de São Paulo</p></div>
<p>&nbsp;</p>
<p>Local: Auditório Prestes Maia (1º andar)</p>
<p>&nbsp;</p>
<p>As inscrições para participação virtual nesta Audiência Pública se encerrarão às 13h do dia 05/06/2025.</p>

Inscrições abertas

Comissão de Saúde, Promoção Social, Trabalho e Mulher
