{"id":7784,"date":"2025-06-02T13:42:27","date_gmt":"2025-06-02T16:42:27","guid":{"rendered":"https:\/\/www.saopaulo.sp.leg.br\/audienciaspublicas\/?post_type=audiencia&#038;p=7784"},"modified":"2025-06-05T12:31:11","modified_gmt":"2025-06-05T15:31:11","slug":"educ06-05-06-2025","status":"publish","type":"audiencia","link":"https:\/\/www.saopaulo.sp.leg.br\/audienciaspublicas\/audiencia\/educ06-05-06-2025\/","title":{"rendered":"EDUC06-05-06-2025"},"content":{"rendered":"<div id=\"divCategoria#0\" class=\"divCategoriaClass\" data-codigocategoria=\"6\">\n<p style=\"padding-left: 40px\"><b>AUDI\u00caNCIA P\u00daBLICA<\/b><\/p>\n<p>Audi\u00eancia P\u00fablica para tratar da Instru\u00e7\u00e3o Normativa SME n\u00b0 25 de 2025, que institui o Programa Juntos Pela Aprendizagem na Rede Municipal de Ensino, conforme solicitado pelo REQCOM EDUC 12\/2025, de autoria dos Vereadores Eliseu Gabriel, Luna Zarattini e Celso Giannazi, aprovado em 28\/05\/2025.<\/p>\n<\/div>\n<div class=\"divCategoriaClass\" data-codigocategoria=\"6\">Local: Sal\u00e3o Nobre Presidente Jo\u00e3o Brasil Vita (8\u00ba andar)<\/div>\n<p>As inscri\u00e7\u00f5es para participa\u00e7\u00e3o virtual nesta Audi\u00eancia P\u00fablica se encerrar\u00e3o \u00e0s 19h do dia 04\/06\/2025.<\/p>\n","protected":false},"template":"","meta":{"_acf_changed":false,"footnotes":""},"class_list":["post-7784","audiencia","type-audiencia","status-publish","hentry"],"acf":{"ap_agenda":"2025-06-05 13:00:00","ap_agenda_fim":"2025-06-05 17:00:00","ap_inscricao":"Inscri\u00e7\u00f5es encerradas","ap_comissao":"Comiss\u00e3o de Educa\u00e7\u00e3o, Cultura e Esportes","ap_contato":"educ@saopaulo.sp.leg.br","ap_colabore":1,"ap_form_inscricoes":2,"link_teleconferencia":"https:\/\/teams.microsoft.com\/l\/meetup-join\/19%3ameeting_M2Y1ZmU3MTctZjUzMC00MmIxLWE4NzItOWI1MzM4ZmVkOTIy%40thread.v2\/0?context=%7b%22Tid%22%3a%227957948c-6ecd-4471-8dcf-a301702d306c%22%2c%22Oid%22%3a%227de93a3c-03f3-49a0-b37a-28dde2377428%22%7d"},"_links":{"self":[{"href":"https:\/\/www.saopaulo.sp.leg.br\/audienciaspublicas\/wp-json\/wp\/v2\/audiencia\/7784","targetHints":{"allow":["GET"]}}],"collection":[{"href":"https:\/\/www.saopaulo.sp.leg.br\/audienciaspublicas\/wp-json\/wp\/v2\/audiencia"}],"about":[{"href":"https:\/\/www.saopaulo.sp.leg.br\/audienciaspublicas\/wp-json\/wp\/v2\/types\/audiencia"}],"version-history":[{"count":4,"href":"https:\/\/www.saopaulo.sp.leg.br\/audienciaspublicas\/wp-json\/wp\/v2\/audiencia\/7784\/revisions"}],"predecessor-version":[{"id":7836,"href":"https:\/\/www.saopaulo.sp.leg.br\/audienciaspublicas\/wp-json\/wp\/v2\/audiencia\/7784\/revisions\/7836"}],"wp:attachment":[{"href":"https:\/\/www.saopaulo.sp.leg.br\/audienciaspublicas\/wp-json\/wp\/v2\/media?parent=7784"}],"curies":[{"name":"wp","href":"https:\/\/api.w.org\/{rel}","templated":true}]}}

<div id="divCategoria#0" class="divCategoriaClass" data-codigocategoria="6">
<p style="padding-left: 40px"><b>AUDIÊNCIA PÚBLICA</b></p>
<p>Audiência Pública para tratar da Instrução Normativa SME n° 25 de 2025, que institui o Programa Juntos Pela Aprendizagem na Rede Municipal de Ensino, conforme solicitado pelo REQCOM EDUC 12/2025, de autoria dos Vereadores Eliseu Gabriel, Luna Zarattini e Celso Giannazi, aprovado em 28/05/2025.</p>
</div>
<div class="divCategoriaClass" data-codigocategoria="6">Local: Salão Nobre Presidente João Brasil Vita (8º andar)</div>
<p>As inscrições para participação virtual nesta Audiência Pública se encerrarão às 19h do dia 04/06/2025.</p>

Inscrições encerradas

Comissão de Educação, Cultura e Esportes
