{"id":7208,"date":"2024-11-29T14:44:05","date_gmt":"2024-11-29T17:44:05","guid":{"rendered":"https:\/\/www.saopaulo.sp.leg.br\/audienciaspublicas\/?post_type=audiencia&#038;p=7208"},"modified":"2024-12-03T21:11:13","modified_gmt":"2024-12-04T00:11:13","slug":"urb03-04-12-2024","status":"publish","type":"audiencia","link":"https:\/\/www.saopaulo.sp.leg.br\/audienciaspublicas\/audiencia\/urb03-04-12-2024\/","title":{"rendered":"URB03-04-12-2024-10h"},"content":{"rendered":"<p>Audi\u00eancia P\u00fablica com a finalidade de escutar a popula\u00e7\u00e3o e trabalhadores acerca do servi\u00e7o prestado pelas funer\u00e1rias contratadas pela Prefeitura, conforme Requerimento URB n\u00ba 17\/2024 de autoria da Ver. Silvia da Bancada Feminista (PSOL)<\/p>\n<p>Local: Sal\u00e3o Nobre Presidente Jo\u00e3o Brasil Vita (8\u00ba andar) e Audit\u00f3rio Virtual<\/p>\n","protected":false},"template":"","meta":{"_acf_changed":false,"footnotes":""},"class_list":["post-7208","audiencia","type-audiencia","status-publish","hentry"],"acf":{"ap_agenda":"2024-12-04 10:00:00","ap_agenda_fim":"2024-12-04 12:00:00","ap_inscricao":"Inscri\u00e7\u00f5es encerradas","ap_comissao":"Comiss\u00e3o de Pol\u00edtica Urbana, Metropolitana e Meio Ambiente","ap_contato":"urb@saopaulo.sp.leg.br","ap_colabore":1,"ap_form_inscricoes":2,"link_teleconferencia":"https:\/\/teams.microsoft.com\/l\/meetup-join\/19%3ameeting_ZDNiOTcyMzAtZDdhMi00N2E2LTkxNjUtN2FlOGQ4ZWNkNzQy%40thread.v2\/0?context=%7b%22Tid%22%3a%227957948c-6ecd-4471-8dcf-a301702d306c%22%2c%22Oid%22%3a%22f8d2bc1a-af2c-41fe-abca-596ce3c26678%22%7d "},"_links":{"self":[{"href":"https:\/\/www.saopaulo.sp.leg.br\/audienciaspublicas\/wp-json\/wp\/v2\/audiencia\/7208","targetHints":{"allow":["GET"]}}],"collection":[{"href":"https:\/\/www.saopaulo.sp.leg.br\/audienciaspublicas\/wp-json\/wp\/v2\/audiencia"}],"about":[{"href":"https:\/\/www.saopaulo.sp.leg.br\/audienciaspublicas\/wp-json\/wp\/v2\/types\/audiencia"}],"version-history":[{"count":0,"href":"https:\/\/www.saopaulo.sp.leg.br\/audienciaspublicas\/wp-json\/wp\/v2\/audiencia\/7208\/revisions"}],"wp:attachment":[{"href":"https:\/\/www.saopaulo.sp.leg.br\/audienciaspublicas\/wp-json\/wp\/v2\/media?parent=7208"}],"curies":[{"name":"wp","href":"https:\/\/api.w.org\/{rel}","templated":true}]}}

<p>Audiência Pública com a finalidade de escutar a população e trabalhadores acerca do serviço prestado pelas funerárias contratadas pela Prefeitura, conforme Requerimento URB nº 17/2024 de autoria da Ver. Silvia da Bancada Feminista (PSOL)</p>
<p>Local: Salão Nobre Presidente João Brasil Vita (8º andar) e Auditório Virtual</p>

Inscrições encerradas

Comissão de Política Urbana, Metropolitana e Meio Ambiente
