{"id":7025,"date":"2024-11-19T00:05:33","date_gmt":"2024-11-19T03:05:33","guid":{"rendered":"https:\/\/www.saopaulo.sp.leg.br\/audienciaspublicas\/?post_type=audiencia&#038;p=7025"},"modified":"2024-11-26T01:50:41","modified_gmt":"2024-11-26T04:50:41","slug":"urb03-26-11-2024","status":"publish","type":"audiencia","link":"https:\/\/www.saopaulo.sp.leg.br\/audienciaspublicas\/audiencia\/urb03-26-11-2024\/","title":{"rendered":"URB03-26-11-2024-11h"},"content":{"rendered":"<div class=\"divCategoriaClass\" data-codigocategoria=\"6\">\n<div id=\"divItemPauta_1\" class=\"itemPautaClass projeto\">\n<table>\n<tbody>\n<tr>\n<td>\n<table>\n<tbody>\n<tr>\n<th style=\"text-align: left\">&#8211; <a href=\"https:\/\/splegisconsulta.saopaulo.sp.leg.br\/Pesquisa\/DetailsDetalhado?COD_MTRA_LEGL=1&amp;ANO_PCSS_CMSP=2024&amp;COD_PCSS_CMSP=799\" target=\"_blank\" rel=\"noopener\">PL\u00a0799\/2024<\/a><\/th>\n<th style=\"text-align: left\">Executivo &#8211; RICARDO NUNES<\/th>\n<\/tr>\n<tr>\n<td colspan=\"2\">Disp\u00f5e sobre a altera\u00e7\u00e3o do mapa 2 constante do art. 383, inciso I, da Lei Municipal n\u00ba 16.050, de 2014, bem como estabelece o \u00f3rg\u00e3o competente para a defini\u00e7\u00e3o da \u00e1rea benefici\u00e1ria de compensa\u00e7\u00e3o ambiental.<\/td>\n<\/tr>\n<\/tbody>\n<\/table>\n<\/td>\n<\/tr>\n<\/tbody>\n<\/table>\n<p style=\"text-align: left\">Local: Plen\u00e1rio 1\u00ba de Maio (1\u00ba andar) e Audit\u00f3rio Virtual<\/p>\n<\/div>\n<\/div>\n","protected":false},"template":"","meta":{"_acf_changed":false,"footnotes":""},"class_list":["post-7025","audiencia","type-audiencia","status-publish","hentry"],"acf":{"ap_agenda":"2024-11-26 11:00:00","ap_agenda_fim":"2024-11-26 12:00:00","ap_inscricao":"Inscri\u00e7\u00f5es encerradas","ap_comissao":"Comiss\u00e3o de Pol\u00edtica Urbana, Metropolitana e Meio Ambiente","ap_contato":"urb@saopaulo.sp.leg.br","ap_colabore":1,"ap_form_inscricoes":2,"link_teleconferencia":"https:\/\/teams.microsoft.com\/l\/meetup-join\/19%3ameeting_M2Y2NjBjYjktZGZhMS00NTcyLWE3YmQtNzFiNjQ0ZWNiZmYw%40thread.v2\/0?context=%7b%22Tid%22%3a%227957948c-6ecd-4471-8dcf-a301702d306c%22%2c%22Oid%22%3a%22f8d2bc1a-af2c-41fe-abca-596ce3c26678%22%7d"},"_links":{"self":[{"href":"https:\/\/www.saopaulo.sp.leg.br\/audienciaspublicas\/wp-json\/wp\/v2\/audiencia\/7025","targetHints":{"allow":["GET"]}}],"collection":[{"href":"https:\/\/www.saopaulo.sp.leg.br\/audienciaspublicas\/wp-json\/wp\/v2\/audiencia"}],"about":[{"href":"https:\/\/www.saopaulo.sp.leg.br\/audienciaspublicas\/wp-json\/wp\/v2\/types\/audiencia"}],"version-history":[{"count":0,"href":"https:\/\/www.saopaulo.sp.leg.br\/audienciaspublicas\/wp-json\/wp\/v2\/audiencia\/7025\/revisions"}],"wp:attachment":[{"href":"https:\/\/www.saopaulo.sp.leg.br\/audienciaspublicas\/wp-json\/wp\/v2\/media?parent=7025"}],"curies":[{"name":"wp","href":"https:\/\/api.w.org\/{rel}","templated":true}]}}

<div class="divCategoriaClass" data-codigocategoria="6">
<div id="divItemPauta_1" class="itemPautaClass projeto">
<table>
<tbody>
<tr>
<td>
<table>
<tbody>
<tr>
<th style="text-align: left">&#8211; <a href="https://splegisconsulta.saopaulo.sp.leg.br/Pesquisa/DetailsDetalhado?COD_MTRA_LEGL=1&amp;ANO_PCSS_CMSP=2024&amp;COD_PCSS_CMSP=799" target="_blank" rel="noopener">PL 799/2024</a></th>
<th style="text-align: left">Executivo &#8211; RICARDO NUNES</th>
</tr>
<tr>
<td colspan="2">Dispõe sobre a alteração do mapa 2 constante do art. 383, inciso I, da Lei Municipal nº 16.050, de 2014, bem como estabelece o órgão competente para a definição da área beneficiária de compensação ambiental.</td>
</tr>
</tbody>
</table>
</td>
</tr>
</tbody>
</table>
<p style="text-align: left">Local: Plenário 1º de Maio (1º andar) e Auditório Virtual</p>
</div>
</div>

Inscrições encerradas

Comissão de Política Urbana, Metropolitana e Meio Ambiente
