{"id":5879,"date":"2024-02-28T12:39:47","date_gmt":"2024-02-28T15:39:47","guid":{"rendered":"https:\/\/www.saopaulo.sp.leg.br\/audienciaspublicas\/?post_type=audiencia&#038;p=5879"},"modified":"2024-03-01T14:04:51","modified_gmt":"2024-03-01T17:04:51","slug":"saude07-28-02-2024","status":"publish","type":"audiencia","link":"https:\/\/www.saopaulo.sp.leg.br\/audienciaspublicas\/audiencia\/saude07-28-02-2024\/","title":{"rendered":"SAUDE07-28-02-2024"},"content":{"rendered":"<p><strong>Tema:\u00a0Metas fiscais do 3\u00ba quadrimestre de 2023.<\/strong><\/p>\n<p>Audi\u00eancia P\u00fablica convocada em cumprimento \u00e0 Lei Complementar n\u00b0 141\/12, para apresenta\u00e7\u00e3o do<br \/>\nRelat\u00f3rio Detalhado da Execu\u00e7\u00e3o Or\u00e7ament\u00e1ria e Financeira referente ao 3\u00ba Quadrimestre de 2023<br \/>\n(Setembro a Dezembro), da Secretaria Municipal da Sa\u00fade.<\/p>\n<p>&nbsp;<\/p>\n<p>Local: Sal\u00e3o Nobre Presidente Jo\u00e3o Brasil Vita (8\u00ba andar) e Audit\u00f3rio Virtual<\/p>\n","protected":false},"template":"","meta":{"_acf_changed":false,"footnotes":""},"class_list":["post-5879","audiencia","type-audiencia","status-publish","hentry"],"acf":{"ap_agenda":"2024-02-28 14:00:00","ap_agenda_fim":"2024-02-28 15:00:00","ap_inscricao":"Inscri\u00e7\u00f5es encerradas","ap_comissao":"Comiss\u00e3o de Sa\u00fade, Promo\u00e7\u00e3o Social, Trabalho e Mulher","ap_contato":"saude@saopaulo.sp.leg.br","ap_colabore":1,"ap_form_inscricoes":2,"link_teleconferencia":"https:\/\/teams.microsoft.com\/l\/meetup-join\/19%3ameeting_OGI5NzgzMTAtYmU1NS00ODA1LWEwZjctZDI0YmZjN2IwNGIy%40thread.v2\/0?context=%7b%22Tid%22%3a%227957948c-6ecd-4471-8dcf-a301702d306c%22%2c%22Oid%22%3a%2269b5f3c0-94c7-4ccf-8ac0-e35f54cd7511%22%7d"},"_links":{"self":[{"href":"https:\/\/www.saopaulo.sp.leg.br\/audienciaspublicas\/wp-json\/wp\/v2\/audiencia\/5879","targetHints":{"allow":["GET"]}}],"collection":[{"href":"https:\/\/www.saopaulo.sp.leg.br\/audienciaspublicas\/wp-json\/wp\/v2\/audiencia"}],"about":[{"href":"https:\/\/www.saopaulo.sp.leg.br\/audienciaspublicas\/wp-json\/wp\/v2\/types\/audiencia"}],"version-history":[{"count":0,"href":"https:\/\/www.saopaulo.sp.leg.br\/audienciaspublicas\/wp-json\/wp\/v2\/audiencia\/5879\/revisions"}],"wp:attachment":[{"href":"https:\/\/www.saopaulo.sp.leg.br\/audienciaspublicas\/wp-json\/wp\/v2\/media?parent=5879"}],"curies":[{"name":"wp","href":"https:\/\/api.w.org\/{rel}","templated":true}]}}

<p><strong>Tema: Metas fiscais do 3º quadrimestre de 2023.</strong></p>
<p>Audiência Pública convocada em cumprimento à Lei Complementar n° 141/12, para apresentação do<br />
Relatório Detalhado da Execução Orçamentária e Financeira referente ao 3º Quadrimestre de 2023<br />
(Setembro a Dezembro), da Secretaria Municipal da Saúde.</p>
<p>&nbsp;</p>
<p>Local: Salão Nobre Presidente João Brasil Vita (8º andar) e Auditório Virtual</p>

Inscrições encerradas

Comissão de Saúde, Promoção Social, Trabalho e Mulher
