{"id":36466,"date":"2016-10-04T14:14:24","date_gmt":"2016-10-04T17:14:24","guid":{"rendered":"http:\/\/www.saopaulo.sp.leg.br\/apartes-anteriores\/?page_id=36466"},"modified":"2016-11-30T17:16:21","modified_gmt":"2016-11-30T19:16:21","slug":"vizinho-dos-condes","status":"publish","type":"page","link":"https:\/\/www.saopaulo.sp.leg.br\/apartes-anteriores\/revista-apartes\/numero-21\/vizinho-dos-condes\/","title":{"rendered":"N\u00ba21 &#8211; Desarquivando"},"content":{"rendered":"<h1><span style=\"color: #800000\"><strong>Vizinho dos condes<\/strong><\/span><\/h1>\n<h2>Proibido de ampliar sua casa na Avenida Paulista, mun\u00edcipe acusa Prefeitura de favorecer industriais<\/h2>\n<p><strong>Rodrigo Garcia | <\/strong>rodrigogarcia@saopaulo.sp.leg.br<\/p>\n<figure id=\"attachment_36439\" aria-describedby=\"caption-attachment-36439\" style=\"width: 640px\" class=\"wp-caption aligncenter\"><a href=\"http:\/\/www.saopaulo.sp.leg.br\/apartes-anteriores\/wp-content\/uploads\/sites\/9\/2016\/10\/apartes_n21_21.jpg\"><img loading=\"lazy\" decoding=\"async\" class=\"size-large wp-image-36439\" src=\"http:\/\/www.saopaulo.sp.leg.br\/apartes-anteriores\/wp-content\/uploads\/sites\/9\/2016\/10\/apartes_n21_21-1024x620.jpg\" alt=\"TURISMO - A mans\u00e3o do conde Matarazzo era uma das atra\u00e7\u00f5es da Avenida Paulista Foto: Acervo CMSP\" width=\"640\" height=\"388\" srcset=\"https:\/\/www.saopaulo.sp.leg.br\/apartes-anteriores\/wp-content\/uploads\/sites\/9\/2016\/10\/apartes_n21_21-1024x620.jpg 1024w, https:\/\/www.saopaulo.sp.leg.br\/apartes-anteriores\/wp-content\/uploads\/sites\/9\/2016\/10\/apartes_n21_21-300x182.jpg 300w, https:\/\/www.saopaulo.sp.leg.br\/apartes-anteriores\/wp-content\/uploads\/sites\/9\/2016\/10\/apartes_n21_21-768x465.jpg 768w, https:\/\/www.saopaulo.sp.leg.br\/apartes-anteriores\/wp-content\/uploads\/sites\/9\/2016\/10\/apartes_n21_21.jpg 1196w\" sizes=\"auto, (max-width: 640px) 100vw, 640px\" \/><\/a><figcaption id=\"caption-attachment-36439\" class=\"wp-caption-text\">TURISMO &#8211; A mans\u00e3o do conde Matarazzo era uma das atra\u00e7\u00f5es da Avenida Paulista<br \/> Foto: Acervo CMSP<\/figcaption><\/figure>\n<figure id=\"attachment_36438\" aria-describedby=\"caption-attachment-36438\" style=\"width: 640px\" class=\"wp-caption aligncenter\"><a href=\"http:\/\/www.saopaulo.sp.leg.br\/apartes-anteriores\/wp-content\/uploads\/sites\/9\/2016\/10\/apartes_n21_20.jpg\"><img loading=\"lazy\" decoding=\"async\" class=\"size-large wp-image-36438\" src=\"http:\/\/www.saopaulo.sp.leg.br\/apartes-anteriores\/wp-content\/uploads\/sites\/9\/2016\/10\/apartes_n21_20-1024x753.jpg\" alt=\"PROVA - Foto da mans\u00e3o de Crespi foi anexada para mostrar desrespeito ao C\u00f3digo de Obras Foto: Acervo CMSP\" width=\"640\" height=\"471\" srcset=\"https:\/\/www.saopaulo.sp.leg.br\/apartes-anteriores\/wp-content\/uploads\/sites\/9\/2016\/10\/apartes_n21_20-1024x753.jpg 1024w, https:\/\/www.saopaulo.sp.leg.br\/apartes-anteriores\/wp-content\/uploads\/sites\/9\/2016\/10\/apartes_n21_20-300x221.jpg 300w, https:\/\/www.saopaulo.sp.leg.br\/apartes-anteriores\/wp-content\/uploads\/sites\/9\/2016\/10\/apartes_n21_20-768x565.jpg 768w, https:\/\/www.saopaulo.sp.leg.br\/apartes-anteriores\/wp-content\/uploads\/sites\/9\/2016\/10\/apartes_n21_20.jpg 1196w\" sizes=\"auto, (max-width: 640px) 100vw, 640px\" \/><\/a><figcaption id=\"caption-attachment-36438\" class=\"wp-caption-text\">PROVA &#8211; Foto da mans\u00e3o de Crespi foi anexada para mostrar desrespeito ao C\u00f3digo de Obras<br \/> Foto: Acervo CMSP<\/figcaption><\/figure>\n<p>&nbsp;<\/p>\n<p>A cidade de S\u00e3o Paulo j\u00e1 era uma pot\u00eancia industrial em 1930 e passava por grandes transforma\u00e7\u00f5es. O\u00a0 C\u00f3digo de Obras Arthur Saboya, que recebera esse nome em homenagem ao diretor de Obras da Prefeitura na \u00e9poca, havia sido aprovado pelos vereadores e sancionado pelo prefeito Jos\u00e9 Pires do Rio no ano anterior. Com a lei aprovada, surgiram acusa\u00e7\u00f5es de que o C\u00f3digo n\u00e3o estava sendo respeitado por membros da elite econ\u00f4mica paulistana.<\/p>\n<p>Em 30 de junho de 1930, Manuel Caetano Garcia protocolou um documento, hoje parte do acervo do Arquivo Geral da C\u00e2mara Municipal de S\u00e3o Paulo (CMSP), em que recorria aos vereadores sobre a decis\u00e3o da Prefeitura, que havia negado licen\u00e7a para a constru\u00e7\u00e3o de uma cobertura no terra\u00e7o de sua propriedade, na Avenida Paulista, o endere\u00e7o mais nobre da capital. O fato curioso \u00e9 que naquele ano a avenida chamava-se Carlos de Campos (veja mais no quadro abaixo).<\/p>\n<p>No requerimento, Garcia cita a lei 3.427\/1929 (o C\u00f3digo de Obras Arthur Saboya), segundo a qual naquela avenida nenhuma edifica\u00e7\u00e3o poderia ser feita sem que houvesse uma dist\u00e2ncia m\u00ednima de 10 metros entre o alinhamento do edif\u00edcio e o das vias. Ele explica que, de acordo com o C\u00f3digo, edificar significava \u201cfazer edif\u00edcio destinado a habita\u00e7\u00f5es, f\u00e1bricas, culto ou qualquer outro fim\u201d. No texto original, o trecho \u201cqualquer outro fim\u201d est\u00e1 sublinhado.<\/p>\n<p>Garcia admite, no pedido enviado \u00e0 C\u00e2mara Municipal, que a cobertura do terra\u00e7o em sua casa ultrapassaria a linha de recuo de 10 metros. E era esse o motivo que havia levado a Prefeitura a negar o pedido de licen\u00e7a em duas outras ocasi\u00f5es, em 24 de abril e em 5 de junho daquele ano.<\/p>\n<p>Embora reconhecesse estar em desacordo com a lei, em sua defesa Garcia cita dois casos bem parecidos com o seu: \u201co requerente n\u00e3o compreende como \u00e9 que, na mesm\u00edssima Avenida Carlos de Campos, o senhor conde Matarazzo est\u00e1 construindo, e o senhor conde Crespi j\u00e1 construiu, no alinhamento da citada via p\u00fablica\u201d.<\/p>\n<p>No requerimento, al\u00e9m da planta do terra\u00e7o, foram anexadas uma fotografia da mans\u00e3o do conde Francisco Matarazzo e outra do palacete do conde Rodolfo Crespi. Nas fotos, podem ser vistas as entradas das mans\u00f5es, com cobertura e guarita, a poucos metros da rua.<\/p>\n<h3><strong>OS CONDES<\/strong><\/h3>\n<p>Os empres\u00e1rios citados no documento eram destaques da elite econ\u00f4mica na \u00e9poca. Francisco Matarazzo foi o maior industrial do Brasil no s\u00e9culo 20. Imigrante italiano, come\u00e7ou como mascate em 1881, em Sorocaba, interior de S\u00e3o Paulo, e se tornou propriet\u00e1rio de centenas de ind\u00fastrias. Dizia-se que ele \u201cfabricava f\u00e1bricas\u201d. Em 1917, recebeu do rei da It\u00e1lia, V\u00edtor Emanuel III, o t\u00edtulo de conde.<\/p>\n<p>A mans\u00e3o Matarazzo, demolida em 1996, era um s\u00edmbolo da for\u00e7a econ\u00f4mica de seu propriet\u00e1rio. O historiador Ronaldo Costa Couto, um dos principais bi\u00f3grafos do industrial, conta no livro <em>Matarazzo<\/em> que para muitos paulistanos o palacete em estilo neocl\u00e1ssico parecia um gigantesco cofre.<\/p>\n<figure id=\"attachment_36440\" aria-describedby=\"caption-attachment-36440\" style=\"width: 640px\" class=\"wp-caption aligncenter\"><a href=\"http:\/\/www.saopaulo.sp.leg.br\/apartes-anteriores\/wp-content\/uploads\/sites\/9\/2016\/10\/apartes_n21_22.jpg\"><img loading=\"lazy\" decoding=\"async\" class=\"size-large wp-image-36440\" src=\"http:\/\/www.saopaulo.sp.leg.br\/apartes-anteriores\/wp-content\/uploads\/sites\/9\/2016\/10\/apartes_n21_22-1024x675.jpg\" alt=\"VIA NOBRE - Durante tr\u00eas anos, a Paulista (foto do come\u00e7o do s\u00e9c. 20) chamou-se Carlos de Campos Foto: Guilherme Gaensly\/Acervo do Arquivo P\u00fablico do Estado de S\u00e3o Paulo\" width=\"640\" height=\"422\" srcset=\"https:\/\/www.saopaulo.sp.leg.br\/apartes-anteriores\/wp-content\/uploads\/sites\/9\/2016\/10\/apartes_n21_22-1024x675.jpg 1024w, https:\/\/www.saopaulo.sp.leg.br\/apartes-anteriores\/wp-content\/uploads\/sites\/9\/2016\/10\/apartes_n21_22-300x198.jpg 300w, https:\/\/www.saopaulo.sp.leg.br\/apartes-anteriores\/wp-content\/uploads\/sites\/9\/2016\/10\/apartes_n21_22-768x507.jpg 768w, https:\/\/www.saopaulo.sp.leg.br\/apartes-anteriores\/wp-content\/uploads\/sites\/9\/2016\/10\/apartes_n21_22.jpg 1598w\" sizes=\"auto, (max-width: 640px) 100vw, 640px\" \/><\/a><figcaption id=\"caption-attachment-36440\" class=\"wp-caption-text\">VIA NOBRE &#8211; Durante tr\u00eas anos, a Paulista (foto do come\u00e7o do s\u00e9c. 20) chamou-se Carlos de Campos<br \/> Foto: Guilherme Gaensly\/Acervo do Arquivo P\u00fablico do Estado de S\u00e3o Paulo<\/figcaption><\/figure>\n<p>&nbsp;<\/p>\n<p>Rodolfo Crespi, tamb\u00e9m italiano, chegou ao Brasil em 1893 e fundou uma empresa de manufatura de algod\u00e3o na Mooca, zona leste da capital paulista. Em 1928, o rei V\u00edtor Emanuel III concedeu tamb\u00e9m a ele o t\u00edtulo de conde. No ano seguinte, em sua mans\u00e3o houve um crime que chocou a cidade. Um filho do empres\u00e1rio, Dino Crespi, foi assassinado a tiro pelo motorista Domingos Farina, que havia sido demitido por roubo.<\/p>\n<p>Na peti\u00e7\u00e3o \u00e0 CMSP, Manuel Caetano Garcia ressalta que a lei n\u00e3o permitia exce\u00e7\u00f5es, portanto os condes tamb\u00e9m deveriam cumpri-la. De acordo com Garcia, a licen\u00e7a para a cobertura \u201cfoi negada ao requerente, mas a outros concedida\u201d. E conclui, de forma ir\u00f4nica: \u201co que faz supor que a lei tenha sido revogada\u201d. Na esperan\u00e7a de ter o pedido atendido, no final do requerimento o propriet\u00e1rio do terra\u00e7o sem cobertura escreve, como era costume, a abreviatura ERM, que significa \u201cespera receber merc\u00ea\u201d.<\/p>\n<p>O presidente da C\u00e2mara Municipal na \u00e9poca, Lu\u00eds Antonio Pereira da Fonceca, contudo, n\u00e3o se convenceu com os argumentos de Caetano Garcia. Poucos dias depois, indeferiu o pedido \u201cpor n\u00e3o ser o caso de recurso\u201d. E o processo foi arquivado.<\/p>\n<p>&nbsp;<\/p>\n<table>\n<tbody>\n<tr>\n<td width=\"691\">\n<h2><span style=\"color: #800000\"><strong>Homenagem passageira<\/strong><\/span><\/h2>\n<p>Projetada pelo engenheiro uruguaio Joaquim Eug\u00eanio de Lima, a Avenida Paulista foi constru\u00edda onde ficava a Rua da Real Grandeza e inaugurada em 8 de dezembro de 1891. Na ocasi\u00e3o, cogitou-se batizar a nova via como Eug\u00eanio de Lima. Mas o engenheiro recusou a honraria e disse que a avenida deveria se chamar Paulista para homenagear todos os habitantes do Estado.<\/p>\n<p>A avenida logo se tornou um sucesso. Os milion\u00e1rios da cidade constru\u00edram palacetes e a popula\u00e7\u00e3o ia at\u00e9 l\u00e1 ver as mans\u00f5es e seus moradores, principalmente o conde Francisco Matarazzo, que se tornara um s\u00edmbolo do imigrante bem-sucedido e uma atra\u00e7\u00e3o tur\u00edstica.<\/p>\n<p>Em 27 de abril de 1927, o presidente (governador) do Estado de S\u00e3o Paulo, Carlos de Campos, morreu. Para homenage\u00e1-lo, os vereadores mudaram o nome da Avenida Paulista. \u201cTratando-se de uma via p\u00fablica cujo nome recorda todos os paulistas, na sua generalidade, tenho a impress\u00e3o de que a alma encantadora dessa avenida aguardava o momento oportuno para batizar-se com o nome do paulista que mais soube merecer seu povo\u201d, afirmou o vereador Alexandre Marcondes Filho, em sess\u00e3o de 30 de abril. \u201cOs paulistas se orgulhar\u00e3o em ver, na soberba avenida onde Carlos de Campos passou uma parte feliz de sua exist\u00eancia, o nome do var\u00e3o ilustre que tanto dignificou e enobreceu a sua terra e a sua gente\u201d, completou o vereador Synesio Rocha na mesma ocasi\u00e3o.<\/p>\n<p>A homenagem durou apenas tr\u00eas anos. Em 13 de novembro de 1930, o prefeito Jos\u00e9 Joaquim Cardoso de Melo Neto decidiu que a avenida deveria voltar a se chamar Paulista, \u201cque recorda, numa s\u00f3 palavra, todo o indefesso [incans\u00e1vel] trabalho e honra da gente paulista\u201d. Atualmente, Carlos de Campos \u00e9 nome de uma avenida no Pari, na zona central de S\u00e3o Paulo.<\/td>\n<\/tr>\n<\/tbody>\n<\/table>\n<p>&nbsp;<\/p>\n","protected":false},"excerpt":{"rendered":"<p>Vizinho dos condes Proibido de ampliar sua casa na Avenida Paulista, mun\u00edcipe acusa Prefeitura de favorecer industriais Rodrigo Garcia | rodrigogarcia@saopaulo.sp.leg.br &nbsp; A cidade de S\u00e3o Paulo j\u00e1 era uma pot\u00eancia industrial em 1930 e passava por grandes transforma\u00e7\u00f5es. O\u00a0 C\u00f3digo de Obras Arthur Saboya, que recebera esse nome em homenagem ao diretor de Obras [&hellip;]<\/p>\n","protected":false},"author":109,"featured_media":0,"parent":36410,"menu_order":6,"comment_status":"closed","ping_status":"closed","template":"","meta":{"footnotes":""},"class_list":["post-36466","page","type-page","status-publish","hentry"],"meta_all":{"_edit_lock":["1482261124:109"],"_edit_last":["109"],"_wp_page_template":["default"],"_yoast_wpseo_opengraph-title":["Vizinho dos condes"],"_yoast_wpseo_opengraph-description":["Proibido de ampliar sua casa na Avenida Paulista, mun\u00edcipe acusa Prefeitura de favorecer industriais"],"_yoast_wpseo_twitter-title":["Vizinho dos condes"],"_yoast_wpseo_twitter-description":["Proibido de ampliar sua casa na Avenida Paulista, mun\u00edcipe acusa Prefeitura de favorecer industriais"],"_yoast_wpseo_content_score":["30"],"_cmsp_page_download-files":["a:1:{i:0;a:1:{s:4:\"type\";s:3:\"pdf\";}}"]},"yoast_head":"<!-- This site is optimized with the Yoast SEO plugin v27.3 - https:\/\/yoast.com\/product\/yoast-seo-wordpress\/ -->\n<title>N\u00ba21 - Desarquivando - Revista Apartes (edi\u00e7\u00f5es anteriores)<\/title>\n<meta name=\"robots\" content=\"index, follow, max-snippet:-1, max-image-preview:large, max-video-preview:-1\" \/>\n<link rel=\"canonical\" href=\"https:\/\/www.saopaulo.sp.leg.br\/apartes-anteriores\/revista-apartes\/numero-21\/vizinho-dos-condes\/\" \/>\n<meta property=\"og:locale\" content=\"pt_BR\" \/>\n<meta property=\"og:type\" content=\"article\" \/>\n<meta property=\"og:title\" content=\"Vizinho dos condes\" \/>\n<meta property=\"og:description\" content=\"Proibido de ampliar sua casa na Avenida Paulista, mun\u00edcipe acusa Prefeitura de favorecer industriais\" \/>\n<meta property=\"og:url\" content=\"https:\/\/www.saopaulo.sp.leg.br\/apartes-anteriores\/revista-apartes\/numero-21\/vizinho-dos-condes\/\" \/>\n<meta property=\"og:site_name\" content=\"Revista Apartes (edi\u00e7\u00f5es anteriores)\" \/>\n<meta property=\"article:publisher\" content=\"https:\/\/www.facebook.com\/RevistaApartes\/\" \/>\n<meta property=\"article:modified_time\" content=\"2016-11-30T19:16:21+00:00\" \/>\n<meta property=\"og:image\" content=\"http:\/\/www.saopaulo.sp.leg.br\/apartes-anteriores\/wp-content\/uploads\/sites\/9\/2016\/10\/apartes_n21_21-1024x620.jpg\" \/>\n<meta name=\"twitter:card\" content=\"summary_large_image\" \/>\n<meta name=\"twitter:title\" content=\"Vizinho dos condes\" \/>\n<meta name=\"twitter:description\" content=\"Proibido de ampliar sua casa na Avenida Paulista, mun\u00edcipe acusa Prefeitura de favorecer industriais\" \/>\n<meta name=\"twitter:site\" content=\"@revistaapartes\" \/>\n<meta name=\"twitter:label1\" content=\"Est. tempo de leitura\" \/>\n\t<meta name=\"twitter:data1\" content=\"6 minutos\" \/>\n<script type=\"application\/ld+json\" class=\"yoast-schema-graph\">{\"@context\":\"https:\\\/\\\/schema.org\",\"@graph\":[{\"@type\":\"WebPage\",\"@id\":\"https:\\\/\\\/www.saopaulo.sp.leg.br\\\/apartes-anteriores\\\/revista-apartes\\\/numero-21\\\/vizinho-dos-condes\\\/\",\"url\":\"https:\\\/\\\/www.saopaulo.sp.leg.br\\\/apartes-anteriores\\\/revista-apartes\\\/numero-21\\\/vizinho-dos-condes\\\/\",\"name\":\"N\u00ba21 - Desarquivando - Revista Apartes (edi\u00e7\u00f5es anteriores)\",\"isPartOf\":{\"@id\":\"https:\\\/\\\/www.saopaulo.sp.leg.br\\\/apartes-anteriores\\\/#website\"},\"primaryImageOfPage\":{\"@id\":\"https:\\\/\\\/www.saopaulo.sp.leg.br\\\/apartes-anteriores\\\/revista-apartes\\\/numero-21\\\/vizinho-dos-condes\\\/#primaryimage\"},\"image\":{\"@id\":\"https:\\\/\\\/www.saopaulo.sp.leg.br\\\/apartes-anteriores\\\/revista-apartes\\\/numero-21\\\/vizinho-dos-condes\\\/#primaryimage\"},\"thumbnailUrl\":\"http:\\\/\\\/www.saopaulo.sp.leg.br\\\/apartes-anteriores\\\/wp-content\\\/uploads\\\/sites\\\/9\\\/2016\\\/10\\\/apartes_n21_21-1024x620.jpg\",\"datePublished\":\"2016-10-04T17:14:24+00:00\",\"dateModified\":\"2016-11-30T19:16:21+00:00\",\"breadcrumb\":{\"@id\":\"https:\\\/\\\/www.saopaulo.sp.leg.br\\\/apartes-anteriores\\\/revista-apartes\\\/numero-21\\\/vizinho-dos-condes\\\/#breadcrumb\"},\"inLanguage\":\"pt-BR\",\"potentialAction\":[{\"@type\":\"ReadAction\",\"target\":[\"https:\\\/\\\/www.saopaulo.sp.leg.br\\\/apartes-anteriores\\\/revista-apartes\\\/numero-21\\\/vizinho-dos-condes\\\/\"]}]},{\"@type\":\"ImageObject\",\"inLanguage\":\"pt-BR\",\"@id\":\"https:\\\/\\\/www.saopaulo.sp.leg.br\\\/apartes-anteriores\\\/revista-apartes\\\/numero-21\\\/vizinho-dos-condes\\\/#primaryimage\",\"url\":\"https:\\\/\\\/www.saopaulo.sp.leg.br\\\/apartes-anteriores\\\/wp-content\\\/uploads\\\/sites\\\/9\\\/2016\\\/10\\\/apartes_n21_21.jpg\",\"contentUrl\":\"https:\\\/\\\/www.saopaulo.sp.leg.br\\\/apartes-anteriores\\\/wp-content\\\/uploads\\\/sites\\\/9\\\/2016\\\/10\\\/apartes_n21_21.jpg\",\"width\":1196,\"height\":724,\"caption\":\"TURISMO - A mans\u00e3o do conde Matarazzo era uma das atra\u00e7\u00f5es da Avenida Paulista Foto: Acervo CMSP\"},{\"@type\":\"BreadcrumbList\",\"@id\":\"https:\\\/\\\/www.saopaulo.sp.leg.br\\\/apartes-anteriores\\\/revista-apartes\\\/numero-21\\\/vizinho-dos-condes\\\/#breadcrumb\",\"itemListElement\":[{\"@type\":\"ListItem\",\"position\":1,\"name\":\"Home\",\"item\":\"https:\\\/\\\/www.saopaulo.sp.leg.br\\\/apartes-anteriores\\\/\"},{\"@type\":\"ListItem\",\"position\":2,\"name\":\"Revista Apartes\",\"item\":\"https:\\\/\\\/www.saopaulo.sp.leg.br\\\/apartes-anteriores\\\/\"},{\"@type\":\"ListItem\",\"position\":3,\"name\":\"N\u00famero 21 &#8211; jul-ago\\\/2016\",\"item\":\"https:\\\/\\\/www.saopaulo.sp.leg.br\\\/apartes-anteriores\\\/revista-apartes\\\/numero-21\\\/\"},{\"@type\":\"ListItem\",\"position\":4,\"name\":\"N\u00ba21 &#8211; Desarquivando\"}]},{\"@type\":\"WebSite\",\"@id\":\"https:\\\/\\\/www.saopaulo.sp.leg.br\\\/apartes-anteriores\\\/#website\",\"url\":\"https:\\\/\\\/www.saopaulo.sp.leg.br\\\/apartes-anteriores\\\/\",\"name\":\"Revista Apartes (edi\u00e7\u00f5es anteriores)\",\"description\":\"Revista Apartes (edi\u00e7\u00f5es anteriores)\",\"potentialAction\":[{\"@type\":\"SearchAction\",\"target\":{\"@type\":\"EntryPoint\",\"urlTemplate\":\"https:\\\/\\\/www.saopaulo.sp.leg.br\\\/apartes-anteriores\\\/?s={search_term_string}\"},\"query-input\":{\"@type\":\"PropertyValueSpecification\",\"valueRequired\":true,\"valueName\":\"search_term_string\"}}],\"inLanguage\":\"pt-BR\"}]}<\/script>\n<!-- \/ Yoast SEO plugin. -->","yoast_head_json":{"title":"N\u00ba21 - Desarquivando - Revista Apartes (edi\u00e7\u00f5es anteriores)","robots":{"index":"index","follow":"follow","max-snippet":"max-snippet:-1","max-image-preview":"max-image-preview:large","max-video-preview":"max-video-preview:-1"},"canonical":"https:\/\/www.saopaulo.sp.leg.br\/apartes-anteriores\/revista-apartes\/numero-21\/vizinho-dos-condes\/","og_locale":"pt_BR","og_type":"article","og_title":"Vizinho dos condes","og_description":"Proibido de ampliar sua casa na Avenida Paulista, mun\u00edcipe acusa Prefeitura de favorecer industriais","og_url":"https:\/\/www.saopaulo.sp.leg.br\/apartes-anteriores\/revista-apartes\/numero-21\/vizinho-dos-condes\/","og_site_name":"Revista Apartes (edi\u00e7\u00f5es anteriores)","article_publisher":"https:\/\/www.facebook.com\/RevistaApartes\/","article_modified_time":"2016-11-30T19:16:21+00:00","og_image":[{"url":"http:\/\/www.saopaulo.sp.leg.br\/apartes-anteriores\/wp-content\/uploads\/sites\/9\/2016\/10\/apartes_n21_21-1024x620.jpg","type":"","width":"","height":""}],"twitter_card":"summary_large_image","twitter_title":"Vizinho dos condes","twitter_description":"Proibido de ampliar sua casa na Avenida Paulista, mun\u00edcipe acusa Prefeitura de favorecer industriais","twitter_site":"@revistaapartes","twitter_misc":{"Est. tempo de leitura":"6 minutos"},"schema":{"@context":"https:\/\/schema.org","@graph":[{"@type":"WebPage","@id":"https:\/\/www.saopaulo.sp.leg.br\/apartes-anteriores\/revista-apartes\/numero-21\/vizinho-dos-condes\/","url":"https:\/\/www.saopaulo.sp.leg.br\/apartes-anteriores\/revista-apartes\/numero-21\/vizinho-dos-condes\/","name":"N\u00ba21 - Desarquivando - Revista Apartes (edi\u00e7\u00f5es anteriores)","isPartOf":{"@id":"https:\/\/www.saopaulo.sp.leg.br\/apartes-anteriores\/#website"},"primaryImageOfPage":{"@id":"https:\/\/www.saopaulo.sp.leg.br\/apartes-anteriores\/revista-apartes\/numero-21\/vizinho-dos-condes\/#primaryimage"},"image":{"@id":"https:\/\/www.saopaulo.sp.leg.br\/apartes-anteriores\/revista-apartes\/numero-21\/vizinho-dos-condes\/#primaryimage"},"thumbnailUrl":"http:\/\/www.saopaulo.sp.leg.br\/apartes-anteriores\/wp-content\/uploads\/sites\/9\/2016\/10\/apartes_n21_21-1024x620.jpg","datePublished":"2016-10-04T17:14:24+00:00","dateModified":"2016-11-30T19:16:21+00:00","breadcrumb":{"@id":"https:\/\/www.saopaulo.sp.leg.br\/apartes-anteriores\/revista-apartes\/numero-21\/vizinho-dos-condes\/#breadcrumb"},"inLanguage":"pt-BR","potentialAction":[{"@type":"ReadAction","target":["https:\/\/www.saopaulo.sp.leg.br\/apartes-anteriores\/revista-apartes\/numero-21\/vizinho-dos-condes\/"]}]},{"@type":"ImageObject","inLanguage":"pt-BR","@id":"https:\/\/www.saopaulo.sp.leg.br\/apartes-anteriores\/revista-apartes\/numero-21\/vizinho-dos-condes\/#primaryimage","url":"https:\/\/www.saopaulo.sp.leg.br\/apartes-anteriores\/wp-content\/uploads\/sites\/9\/2016\/10\/apartes_n21_21.jpg","contentUrl":"https:\/\/www.saopaulo.sp.leg.br\/apartes-anteriores\/wp-content\/uploads\/sites\/9\/2016\/10\/apartes_n21_21.jpg","width":1196,"height":724,"caption":"TURISMO - A mans\u00e3o do conde Matarazzo era uma das atra\u00e7\u00f5es da Avenida Paulista Foto: Acervo CMSP"},{"@type":"BreadcrumbList","@id":"https:\/\/www.saopaulo.sp.leg.br\/apartes-anteriores\/revista-apartes\/numero-21\/vizinho-dos-condes\/#breadcrumb","itemListElement":[{"@type":"ListItem","position":1,"name":"Home","item":"https:\/\/www.saopaulo.sp.leg.br\/apartes-anteriores\/"},{"@type":"ListItem","position":2,"name":"Revista Apartes","item":"https:\/\/www.saopaulo.sp.leg.br\/apartes-anteriores\/"},{"@type":"ListItem","position":3,"name":"N\u00famero 21 &#8211; jul-ago\/2016","item":"https:\/\/www.saopaulo.sp.leg.br\/apartes-anteriores\/revista-apartes\/numero-21\/"},{"@type":"ListItem","position":4,"name":"N\u00ba21 &#8211; Desarquivando"}]},{"@type":"WebSite","@id":"https:\/\/www.saopaulo.sp.leg.br\/apartes-anteriores\/#website","url":"https:\/\/www.saopaulo.sp.leg.br\/apartes-anteriores\/","name":"Revista Apartes (edi\u00e7\u00f5es anteriores)","description":"Revista Apartes (edi\u00e7\u00f5es anteriores)","potentialAction":[{"@type":"SearchAction","target":{"@type":"EntryPoint","urlTemplate":"https:\/\/www.saopaulo.sp.leg.br\/apartes-anteriores\/?s={search_term_string}"},"query-input":{"@type":"PropertyValueSpecification","valueRequired":true,"valueName":"search_term_string"}}],"inLanguage":"pt-BR"}]}},"_links":{"self":[{"href":"https:\/\/www.saopaulo.sp.leg.br\/apartes-anteriores\/wp-json\/wp\/v2\/pages\/36466","targetHints":{"allow":["GET"]}}],"collection":[{"href":"https:\/\/www.saopaulo.sp.leg.br\/apartes-anteriores\/wp-json\/wp\/v2\/pages"}],"about":[{"href":"https:\/\/www.saopaulo.sp.leg.br\/apartes-anteriores\/wp-json\/wp\/v2\/types\/page"}],"author":[{"embeddable":true,"href":"https:\/\/www.saopaulo.sp.leg.br\/apartes-anteriores\/wp-json\/wp\/v2\/users\/109"}],"replies":[{"embeddable":true,"href":"https:\/\/www.saopaulo.sp.leg.br\/apartes-anteriores\/wp-json\/wp\/v2\/comments?post=36466"}],"version-history":[{"count":0,"href":"https:\/\/www.saopaulo.sp.leg.br\/apartes-anteriores\/wp-json\/wp\/v2\/pages\/36466\/revisions"}],"up":[{"embeddable":true,"href":"https:\/\/www.saopaulo.sp.leg.br\/apartes-anteriores\/wp-json\/wp\/v2\/pages\/36410"}],"wp:attachment":[{"href":"https:\/\/www.saopaulo.sp.leg.br\/apartes-anteriores\/wp-json\/wp\/v2\/media?parent=36466"}],"curies":[{"name":"wp","href":"https:\/\/api.w.org\/{rel}","templated":true}]}}