{"id":36415,"date":"2016-10-03T16:23:00","date_gmt":"2016-10-03T19:23:00","guid":{"rendered":"http:\/\/www.saopaulo.sp.leg.br\/apartes-anteriores\/?page_id=36415"},"modified":"2016-12-01T17:02:49","modified_gmt":"2016-12-01T19:02:49","slug":"n21-recado-da-redacao","status":"publish","type":"page","link":"https:\/\/www.saopaulo.sp.leg.br\/apartes-anteriores\/revista-apartes\/numero-21\/n21-recado-da-redacao\/","title":{"rendered":"N\u00ba21 &#8211; Recado da Reda\u00e7\u00e3o"},"content":{"rendered":"<h1 class=\"p1\"><span style=\"color: #800000\"><b>Recado da Reda\u00e7\u00e3o<\/b><\/span><\/h1>\n<p>Pesquisas eleitorais foram o tema de um dos cursos promovidos neste ano pela Escola do Parlamento da C\u00e2mara Municipal de S\u00e3o Paulo (CMSP), ministrado pelo professor Rog\u00e9rio Schmitt. O assunto chamou a aten\u00e7\u00e3o da reda\u00e7\u00e3o pelas possibilidades de abordagem e pela pertin\u00eancia ao per\u00edodo das elei\u00e7\u00f5es municipais.<\/p>\n<p>A entrevista, capa desta edi\u00e7\u00e3o, foi uma oportunidade de esclarecer alguns dos mitos populares, como \u201cnunca participei de uma pesquisa eleitoral, ent\u00e3o n\u00e3o acredito nesse tipo de coisa\u201d. A justificativa de Schmitt \u00e9 bastante simples: \u201cpelas leis da probabilidade, a grande maioria das pessoas nunca ser\u00e1 entrevistada\u201d.<\/p>\n<p>Tamb\u00e9m assunto da capa, a reportagem <em>Parla, parlamentar<\/em> apresenta regras, curiosidades e hist\u00f3rias sobre a utiliza\u00e7\u00e3o da Tribuna do Plen\u00e1rio da C\u00e2mara. Com base no discurso dos vereadores, foi poss\u00edvel identificar algumas diferen\u00e7as entre a forma como se falava h\u00e1 algumas d\u00e9cadas e nos dias atuais. A mat\u00e9ria traz, tamb\u00e9m, explica\u00e7\u00e3o sobre os mecanismos que permitem a utiliza\u00e7\u00e3o da Tribuna pela popula\u00e7\u00e3o.<\/p>\n<p>Um dos principais projetos do ex-vereador Rog\u00e9rio Farhat, perfil desta edi\u00e7\u00e3o, tratou justamente de abrir espa\u00e7o para que os paulistanos pudessem se expressar livremente no Pal\u00e1cio Anchieta, sede da CMSP. Chamado de Tribuna do Povo, consistia em abrir o microfone para os mais diversos tipos de manifesta\u00e7\u00e3o. Apelidado de \u201cadvogado do Ratinho\u201d, Farhat foi mentor, tamb\u00e9m, do Parlamento Jovem Paulistano, em funcionamento at\u00e9 hoje e que permite a estudantes da capital vivenciar a experi\u00eancia de ser vereador ou vereadora por um dia. Falecido em 2008, o advogado chegou ao Parlamento gra\u00e7as \u00e0 popularidade conquistada no programa televisivo, onde seu principal papel era ajudar a resolver conflitos familiares.<\/p>\n<p>Na se\u00e7\u00e3o <em>Desarquivando<\/em> deste n\u00famero, resgatamos uma hist\u00f3ria em que a C\u00e2mara Municipal tamb\u00e9m desempenhou o papel de mediadora de conflitos. Insatisfeito por ter sido proibido pela Prefeitura de reformar e ampliar seu im\u00f3vel localizado na Avenida Paulista, em 1930, Manuel Caetano Garcia protocolou um documento em que recorria aos vereadores sobre a decis\u00e3o do Executivo.<\/p>\n<p>Na justificativa, denunciava que os condes Matarazzo e Crespi haviam feito a mesma coisa, sem impedimento algum. Coube ao presidente da Casa decidir. O curioso \u00e9 que, durante as apura\u00e7\u00f5es da reportagem, descobrimos um fato intrigante sobre a denomina\u00e7\u00e3o da avenida mais famosa de S\u00e3o Paulo.<\/p>\n","protected":false},"excerpt":{"rendered":"<p>Recado da Reda\u00e7\u00e3o Pesquisas eleitorais foram o tema de um dos cursos promovidos neste ano pela Escola do Parlamento da C\u00e2mara Municipal de S\u00e3o Paulo (CMSP), ministrado pelo professor Rog\u00e9rio Schmitt. O assunto chamou a aten\u00e7\u00e3o da reda\u00e7\u00e3o pelas possibilidades de abordagem e pela pertin\u00eancia ao per\u00edodo das elei\u00e7\u00f5es municipais. A entrevista, capa desta edi\u00e7\u00e3o, [&hellip;]<\/p>\n","protected":false},"author":109,"featured_media":0,"parent":36410,"menu_order":1,"comment_status":"closed","ping_status":"closed","template":"","meta":{"footnotes":""},"class_list":["post-36415","page","type-page","status-publish","hentry"],"meta_all":{"_edit_lock":["1482260461:109"],"_edit_last":["109"],"_wp_page_template":["default"],"_yoast_wpseo_opengraph-title":["Recado da Reda\u00e7\u00e3o - Revista Apartes - edi\u00e7\u00e3o 21"],"_yoast_wpseo_content_score":["30"],"_cmsp_page_download-files":["a:1:{i:0;a:1:{s:4:\"type\";s:3:\"pdf\";}}"],"_yoast_wpseo_twitter-title":["Recado da Reda\u00e7\u00e3o - Revista Apartes - edi\u00e7\u00e3o 21"]},"yoast_head":"<!-- This site is optimized with the Yoast SEO plugin v27.3 - https:\/\/yoast.com\/product\/yoast-seo-wordpress\/ -->\n<title>N\u00ba21 - Recado da Reda\u00e7\u00e3o - Revista Apartes (edi\u00e7\u00f5es anteriores)<\/title>\n<meta name=\"robots\" content=\"index, follow, max-snippet:-1, max-image-preview:large, max-video-preview:-1\" \/>\n<link rel=\"canonical\" href=\"https:\/\/www.saopaulo.sp.leg.br\/apartes-anteriores\/revista-apartes\/numero-21\/n21-recado-da-redacao\/\" \/>\n<meta property=\"og:locale\" content=\"pt_BR\" \/>\n<meta property=\"og:type\" content=\"article\" \/>\n<meta property=\"og:title\" content=\"Recado da Reda\u00e7\u00e3o - Revista Apartes - edi\u00e7\u00e3o 21\" \/>\n<meta property=\"og:description\" content=\"Recado da Reda\u00e7\u00e3o Pesquisas eleitorais foram o tema de um dos cursos promovidos neste ano pela Escola do Parlamento da C\u00e2mara Municipal de S\u00e3o Paulo (CMSP), ministrado pelo professor Rog\u00e9rio Schmitt. O assunto chamou a aten\u00e7\u00e3o da reda\u00e7\u00e3o pelas possibilidades de abordagem e pela pertin\u00eancia ao per\u00edodo das elei\u00e7\u00f5es municipais. A entrevista, capa desta edi\u00e7\u00e3o, [&hellip;]\" \/>\n<meta property=\"og:url\" content=\"https:\/\/www.saopaulo.sp.leg.br\/apartes-anteriores\/revista-apartes\/numero-21\/n21-recado-da-redacao\/\" \/>\n<meta property=\"og:site_name\" content=\"Revista Apartes (edi\u00e7\u00f5es anteriores)\" \/>\n<meta property=\"article:publisher\" content=\"https:\/\/www.facebook.com\/RevistaApartes\/\" \/>\n<meta property=\"article:modified_time\" content=\"2016-12-01T19:02:49+00:00\" \/>\n<meta name=\"twitter:card\" content=\"summary_large_image\" \/>\n<meta name=\"twitter:title\" content=\"Recado da Reda\u00e7\u00e3o - Revista Apartes - edi\u00e7\u00e3o 21\" \/>\n<meta name=\"twitter:site\" content=\"@revistaapartes\" \/>\n<meta name=\"twitter:label1\" content=\"Est. tempo de leitura\" \/>\n\t<meta name=\"twitter:data1\" content=\"2 minutos\" \/>\n<script type=\"application\/ld+json\" class=\"yoast-schema-graph\">{\"@context\":\"https:\\\/\\\/schema.org\",\"@graph\":[{\"@type\":\"WebPage\",\"@id\":\"https:\\\/\\\/www.saopaulo.sp.leg.br\\\/apartes-anteriores\\\/revista-apartes\\\/numero-21\\\/n21-recado-da-redacao\\\/\",\"url\":\"https:\\\/\\\/www.saopaulo.sp.leg.br\\\/apartes-anteriores\\\/revista-apartes\\\/numero-21\\\/n21-recado-da-redacao\\\/\",\"name\":\"N\u00ba21 - Recado da Reda\u00e7\u00e3o - Revista Apartes (edi\u00e7\u00f5es anteriores)\",\"isPartOf\":{\"@id\":\"https:\\\/\\\/www.saopaulo.sp.leg.br\\\/apartes-anteriores\\\/#website\"},\"datePublished\":\"2016-10-03T19:23:00+00:00\",\"dateModified\":\"2016-12-01T19:02:49+00:00\",\"breadcrumb\":{\"@id\":\"https:\\\/\\\/www.saopaulo.sp.leg.br\\\/apartes-anteriores\\\/revista-apartes\\\/numero-21\\\/n21-recado-da-redacao\\\/#breadcrumb\"},\"inLanguage\":\"pt-BR\",\"potentialAction\":[{\"@type\":\"ReadAction\",\"target\":[\"https:\\\/\\\/www.saopaulo.sp.leg.br\\\/apartes-anteriores\\\/revista-apartes\\\/numero-21\\\/n21-recado-da-redacao\\\/\"]}]},{\"@type\":\"BreadcrumbList\",\"@id\":\"https:\\\/\\\/www.saopaulo.sp.leg.br\\\/apartes-anteriores\\\/revista-apartes\\\/numero-21\\\/n21-recado-da-redacao\\\/#breadcrumb\",\"itemListElement\":[{\"@type\":\"ListItem\",\"position\":1,\"name\":\"Home\",\"item\":\"https:\\\/\\\/www.saopaulo.sp.leg.br\\\/apartes-anteriores\\\/\"},{\"@type\":\"ListItem\",\"position\":2,\"name\":\"Revista Apartes\",\"item\":\"https:\\\/\\\/www.saopaulo.sp.leg.br\\\/apartes-anteriores\\\/\"},{\"@type\":\"ListItem\",\"position\":3,\"name\":\"N\u00famero 21 &#8211; jul-ago\\\/2016\",\"item\":\"https:\\\/\\\/www.saopaulo.sp.leg.br\\\/apartes-anteriores\\\/revista-apartes\\\/numero-21\\\/\"},{\"@type\":\"ListItem\",\"position\":4,\"name\":\"N\u00ba21 &#8211; Recado da Reda\u00e7\u00e3o\"}]},{\"@type\":\"WebSite\",\"@id\":\"https:\\\/\\\/www.saopaulo.sp.leg.br\\\/apartes-anteriores\\\/#website\",\"url\":\"https:\\\/\\\/www.saopaulo.sp.leg.br\\\/apartes-anteriores\\\/\",\"name\":\"Revista Apartes (edi\u00e7\u00f5es anteriores)\",\"description\":\"Revista Apartes (edi\u00e7\u00f5es anteriores)\",\"potentialAction\":[{\"@type\":\"SearchAction\",\"target\":{\"@type\":\"EntryPoint\",\"urlTemplate\":\"https:\\\/\\\/www.saopaulo.sp.leg.br\\\/apartes-anteriores\\\/?s={search_term_string}\"},\"query-input\":{\"@type\":\"PropertyValueSpecification\",\"valueRequired\":true,\"valueName\":\"search_term_string\"}}],\"inLanguage\":\"pt-BR\"}]}<\/script>\n<!-- \/ Yoast SEO plugin. -->","yoast_head_json":{"title":"N\u00ba21 - Recado da Reda\u00e7\u00e3o - Revista Apartes (edi\u00e7\u00f5es anteriores)","robots":{"index":"index","follow":"follow","max-snippet":"max-snippet:-1","max-image-preview":"max-image-preview:large","max-video-preview":"max-video-preview:-1"},"canonical":"https:\/\/www.saopaulo.sp.leg.br\/apartes-anteriores\/revista-apartes\/numero-21\/n21-recado-da-redacao\/","og_locale":"pt_BR","og_type":"article","og_title":"Recado da Reda\u00e7\u00e3o - Revista Apartes - edi\u00e7\u00e3o 21","og_description":"Recado da Reda\u00e7\u00e3o Pesquisas eleitorais foram o tema de um dos cursos promovidos neste ano pela Escola do Parlamento da C\u00e2mara Municipal de S\u00e3o Paulo (CMSP), ministrado pelo professor Rog\u00e9rio Schmitt. O assunto chamou a aten\u00e7\u00e3o da reda\u00e7\u00e3o pelas possibilidades de abordagem e pela pertin\u00eancia ao per\u00edodo das elei\u00e7\u00f5es municipais. A entrevista, capa desta edi\u00e7\u00e3o, [&hellip;]","og_url":"https:\/\/www.saopaulo.sp.leg.br\/apartes-anteriores\/revista-apartes\/numero-21\/n21-recado-da-redacao\/","og_site_name":"Revista Apartes (edi\u00e7\u00f5es anteriores)","article_publisher":"https:\/\/www.facebook.com\/RevistaApartes\/","article_modified_time":"2016-12-01T19:02:49+00:00","twitter_card":"summary_large_image","twitter_title":"Recado da Reda\u00e7\u00e3o - Revista Apartes - edi\u00e7\u00e3o 21","twitter_site":"@revistaapartes","twitter_misc":{"Est. tempo de leitura":"2 minutos"},"schema":{"@context":"https:\/\/schema.org","@graph":[{"@type":"WebPage","@id":"https:\/\/www.saopaulo.sp.leg.br\/apartes-anteriores\/revista-apartes\/numero-21\/n21-recado-da-redacao\/","url":"https:\/\/www.saopaulo.sp.leg.br\/apartes-anteriores\/revista-apartes\/numero-21\/n21-recado-da-redacao\/","name":"N\u00ba21 - Recado da Reda\u00e7\u00e3o - Revista Apartes (edi\u00e7\u00f5es anteriores)","isPartOf":{"@id":"https:\/\/www.saopaulo.sp.leg.br\/apartes-anteriores\/#website"},"datePublished":"2016-10-03T19:23:00+00:00","dateModified":"2016-12-01T19:02:49+00:00","breadcrumb":{"@id":"https:\/\/www.saopaulo.sp.leg.br\/apartes-anteriores\/revista-apartes\/numero-21\/n21-recado-da-redacao\/#breadcrumb"},"inLanguage":"pt-BR","potentialAction":[{"@type":"ReadAction","target":["https:\/\/www.saopaulo.sp.leg.br\/apartes-anteriores\/revista-apartes\/numero-21\/n21-recado-da-redacao\/"]}]},{"@type":"BreadcrumbList","@id":"https:\/\/www.saopaulo.sp.leg.br\/apartes-anteriores\/revista-apartes\/numero-21\/n21-recado-da-redacao\/#breadcrumb","itemListElement":[{"@type":"ListItem","position":1,"name":"Home","item":"https:\/\/www.saopaulo.sp.leg.br\/apartes-anteriores\/"},{"@type":"ListItem","position":2,"name":"Revista Apartes","item":"https:\/\/www.saopaulo.sp.leg.br\/apartes-anteriores\/"},{"@type":"ListItem","position":3,"name":"N\u00famero 21 &#8211; jul-ago\/2016","item":"https:\/\/www.saopaulo.sp.leg.br\/apartes-anteriores\/revista-apartes\/numero-21\/"},{"@type":"ListItem","position":4,"name":"N\u00ba21 &#8211; Recado da Reda\u00e7\u00e3o"}]},{"@type":"WebSite","@id":"https:\/\/www.saopaulo.sp.leg.br\/apartes-anteriores\/#website","url":"https:\/\/www.saopaulo.sp.leg.br\/apartes-anteriores\/","name":"Revista Apartes (edi\u00e7\u00f5es anteriores)","description":"Revista Apartes (edi\u00e7\u00f5es anteriores)","potentialAction":[{"@type":"SearchAction","target":{"@type":"EntryPoint","urlTemplate":"https:\/\/www.saopaulo.sp.leg.br\/apartes-anteriores\/?s={search_term_string}"},"query-input":{"@type":"PropertyValueSpecification","valueRequired":true,"valueName":"search_term_string"}}],"inLanguage":"pt-BR"}]}},"_links":{"self":[{"href":"https:\/\/www.saopaulo.sp.leg.br\/apartes-anteriores\/wp-json\/wp\/v2\/pages\/36415","targetHints":{"allow":["GET"]}}],"collection":[{"href":"https:\/\/www.saopaulo.sp.leg.br\/apartes-anteriores\/wp-json\/wp\/v2\/pages"}],"about":[{"href":"https:\/\/www.saopaulo.sp.leg.br\/apartes-anteriores\/wp-json\/wp\/v2\/types\/page"}],"author":[{"embeddable":true,"href":"https:\/\/www.saopaulo.sp.leg.br\/apartes-anteriores\/wp-json\/wp\/v2\/users\/109"}],"replies":[{"embeddable":true,"href":"https:\/\/www.saopaulo.sp.leg.br\/apartes-anteriores\/wp-json\/wp\/v2\/comments?post=36415"}],"version-history":[{"count":0,"href":"https:\/\/www.saopaulo.sp.leg.br\/apartes-anteriores\/wp-json\/wp\/v2\/pages\/36415\/revisions"}],"up":[{"embeddable":true,"href":"https:\/\/www.saopaulo.sp.leg.br\/apartes-anteriores\/wp-json\/wp\/v2\/pages\/36410"}],"wp:attachment":[{"href":"https:\/\/www.saopaulo.sp.leg.br\/apartes-anteriores\/wp-json\/wp\/v2\/media?parent=36415"}],"curies":[{"name":"wp","href":"https:\/\/api.w.org\/{rel}","templated":true}]}}