{"id":34261,"date":"2014-07-01T17:09:36","date_gmt":"2014-07-01T17:09:36","guid":{"rendered":"http:\/\/www.saopaulo.sp.leg.br\/apartes-anteriores\/?page_id=34261"},"modified":"2016-11-30T19:04:13","modified_gmt":"2016-11-30T21:04:13","slug":"palmas-para-a-cidadania","status":"publish","type":"page","link":"https:\/\/www.saopaulo.sp.leg.br\/apartes-anteriores\/revista-apartes\/numero-8-junho-julho2014\/palmas-para-a-cidadania\/","title":{"rendered":"N\u00ba08 \u2013 Evento"},"content":{"rendered":"<h1><span style=\"color: #800000\"><strong>Palmas para a cidadania<\/strong><\/span><\/h1>\n<h2>Pr\u00eamio Milton Santos reconhece projetos que tornam S\u00e3o Paulo melhor<\/h2>\n<p><strong>Rodrigo Garcia<\/strong> | <a href=\"mailto:rodrigogarcia@saopaulo.sp.leg.br\">rodrigogarcia@saopaulo.sp.leg.br<\/a><\/p>\n<p><!-- imagem TOTAL - com legenda - CENTRALIZADA --><\/p>\n<div style=\"width: 100%;margin-right: 1.5em;margin-bottom: 1.5em\">\n<div style=\"padding: 5px;background-color: #eee !important\">\n<p><a href=\"http:\/\/www.saopaulo.sp.leg.br\/apartes-anteriores\/wp-content\/uploads\/sites\/9\/2015\/09\/FOTO35.jpg\"><img loading=\"lazy\" decoding=\"async\" class=\"alignnone wp-image-34299\" src=\"http:\/\/www.saopaulo.sp.leg.br\/apartes-anteriores\/wp-content\/uploads\/sites\/9\/2015\/09\/FOTO35.jpg\" alt=\"FOTO35\" width=\"640\" height=\"432\" srcset=\"https:\/\/www.saopaulo.sp.leg.br\/apartes-anteriores\/wp-content\/uploads\/sites\/9\/2015\/09\/FOTO35.jpg 775w, https:\/\/www.saopaulo.sp.leg.br\/apartes-anteriores\/wp-content\/uploads\/sites\/9\/2015\/09\/FOTO35-300x202.jpg 300w\" sizes=\"auto, (max-width: 640px) 100vw, 640px\" \/><\/a><\/p>\n<p style=\"font-size: 0.8em;line-height: 1.1em;text-align: center;margin: -1.5em 0px 7px 0px;color: #333;!important;background-color: transparent !important\" align=\"center\">VENCEDOR &#8211; Projeto de hortas comunit\u00e1rias urbanas foi um dos premiados deste ano<\/p>\n<\/div>\n<p style=\"font-size: 0.5em;line-height: 1.1em;text-align: right;margin: 4px 0px 7px 0px;background-color: transparent !important\">Organiza\u00e7\u00e3o Cidades sem Fome<\/p>\n<\/div>\n<p><!-- imagem TOTAL - com legenda - CENTRALIZADA --><\/p>\n<p><!-- imagem GRANDE - com legenda - LADO DIREITO --><\/p>\n<div style=\"float: right;width: 310px;margin-left: 1.5em;margin-bottom: 1.5em\">\n<div style=\"float: right;padding: 5px;background-color: transparent !important\"><a href=\"http:\/\/www.saopaulo.sp.leg.br\/apartes-anteriores\/wp-content\/uploads\/sites\/9\/2015\/09\/INFO12.jpg\"><img loading=\"lazy\" decoding=\"async\" class=\"alignnone size-full wp-image-34426\" src=\"http:\/\/www.saopaulo.sp.leg.br\/apartes-anteriores\/wp-content\/uploads\/sites\/9\/2015\/09\/INFO12.jpg\" alt=\"INFO12\" width=\"300\" height=\"932\" srcset=\"https:\/\/www.saopaulo.sp.leg.br\/apartes-anteriores\/wp-content\/uploads\/sites\/9\/2015\/09\/INFO12.jpg 300w, https:\/\/www.saopaulo.sp.leg.br\/apartes-anteriores\/wp-content\/uploads\/sites\/9\/2015\/09\/INFO12-97x300.jpg 97w\" sizes=\"auto, (max-width: 300px) 100vw, 300px\" \/><\/a><\/div>\n<\/div>\n<p><!-- imagem GRANDE - com legenda - LADO DIREITO --><\/p>\n<p>Uma horta comunit\u00e1ria feita em espa\u00e7o p\u00fablico para criar oportunidades de trabalho ou uma vila ecol\u00f3gica, no extremo oeste de S\u00e3o Paulo, que melhora a qualidade de vida dos moradores. Em uma cidade complexa como S\u00e3o Paulo, h\u00e1 muitos problemas, mas tamb\u00e9m v\u00e1rias propostas de solu\u00e7\u00f5es, como as citadas acima. Em reconhecimento a essas a\u00e7\u00f5es, a C\u00e2mara Municipal de S\u00e3o Paulo (CMSP) concede, anualmente, o Pr\u00eamio Milton Santos aos melhores projetos para o desenvolvimento social da capital paulista.<\/p>\n<p>Na edi\u00e7\u00e3o deste ano, a vencedora da Categoria 1 (projetos que objetivam a consolida\u00e7\u00e3o de direitos territoriais e culturais) foi a Associa\u00e7\u00e3o Independente da Vila Nova Esperan\u00e7a, com o projeto Uni\u00e3o pela Urbaniza\u00e7\u00e3o da Vila Nova Esperan\u00e7a. De acordo com a presidenta da entidade, Maria de Lourdes Andrade de Souza, mais conhecida como Lia da Vila Nova Esperan\u00e7a, o objetivo do trabalho \u00e9 criar uma vila ecol\u00f3gica, com base sustent\u00e1vel, na comunidade localizada no extremo oeste de S\u00e3o Paulo, a fim de melhorar a qualidade de vida dos moradores.<\/p>\n<p>\u201cNa nossa luta j\u00e1 chorei tanto que n\u00e3o tenho mais l\u00e1grimas. Agora temos motivo para sorrir\u201d, contou Lia, agradecendo pela Salva de Prata recebida em Sess\u00e3o Solene na C\u00e2mara, em 24 de junho. Ela espera que o pr\u00eamio ajude a comunidade, que existe desde 1960, a se urbanizar de uma forma melhor. \u201cO que a gente mais quer \u00e9 n\u00e3o prejudicar a mata.\u201d<\/p>\n<p>Na categoria vencida pela entidade comandada por Lia houve duas men\u00e7\u00f5es honrosas. Uma foi para a Escola de Governo de S\u00e3o Paulo &#8211; Associa\u00e7\u00e3o Instituto de Pol\u00edtica e Forma\u00e7\u00e3o Cidad\u00e3 (IPFC), pelo projeto Escola de Governo: Compromisso Hist\u00f3rico com a Constru\u00e7\u00e3o da Cidadania Ativa, que atua politicamente para a transforma\u00e7\u00e3o da sociedade, principalmente por meio dos cursos de forma\u00e7\u00e3o de governantes e forma\u00e7\u00e3o cidad\u00e3. A outra foi concedida \u00e0 Vira\u00e7\u00e3o Educomunica\u00e7\u00e3o, com o projeto Ag\u00eancia Jovem de Not\u00edcias (AJN), uma articula\u00e7\u00e3o de n\u00facleos de adolescentes e jovens de organiza\u00e7\u00f5es e escolas p\u00fablicas que produzem e disseminam informa\u00e7\u00e3o de interesse comunit\u00e1rio.<\/p>\n<p>Na Categoria 2 (projetos que resultem em novas formas de solidariedade social), a Organiza\u00e7\u00e3o Cidades sem Fome foi a vencedora, com o projeto Cidades sem Fome, que desenvolve hortas comunit\u00e1rias utilizando espa\u00e7os p\u00fablicos e privados, sem destina\u00e7\u00e3o espec\u00edfica, para criar oportunidades de trabalho a pessoas em situa\u00e7\u00e3o de vulnerabilidade social e proporcionar a elas autossufici\u00eancia financeira e de gest\u00e3o.<\/p>\n<p>De acordo com Hans Dieter Temp, fundador e coordenador de projetos da Associa\u00e7\u00e3o Cidades sem Fome, a entidade quer \u201ccontribuir com pol\u00edticas p\u00fablicas mais s\u00f3lidas na quest\u00e3o da produ\u00e7\u00e3o de alimentos nas \u00e1reas metropolitanas\u201d. Segundo ele, \u201cS\u00e3o Paulo \u00e9 um dos maiores polos consumidores do mundo, existem pessoas vulner\u00e1veis, existe terra e existe consumo. Temos uma equa\u00e7\u00e3o que fecha muito bem\u201d. Temp acredita que a vit\u00f3ria no pr\u00eamio mostra que o modelo pode ser incorporado pelas pol\u00edticas p\u00fablicas, \u201cbeneficiando milhares de pessoas\u201d.<\/p>\n<p>Duas men\u00e7\u00f5es honrosas foram concedidas na Categoria 2: uma para a Associa\u00e7\u00e3o Prato Cheio, pelo projeto Rota Solid\u00e1ria, iniciativa que coordena sistema de arrecada\u00e7\u00e3o e redistribui\u00e7\u00e3o de alimentos a entidades assistenciais. O outro homenageado foi o Instituto da Oportunidade Social (IOS), com o projeto Inclus\u00e3o Produtiva de Jovens e Pessoas com Defici\u00eancia em \u00c1reas Urbanas, cuja meta \u00e9 a inclus\u00e3o produtiva de pessoas com menor acesso \u00e0s oportunidades do mercado, por meio da capacita\u00e7\u00e3o profissional gratuita e diferenciada em tecnologia da informa\u00e7\u00e3o e regras de neg\u00f3cios.<\/p>\n<h2>Crit\u00e9rios<\/h2>\n<p>O Pr\u00eamio concedido pela CMSP foi criado pela Resolu\u00e7\u00e3o 6\/2002, a partir de uma proposta do vereador Nabil Bonduki (PT), que foi aluno de Milton Santos, o mais conceituado ge\u00f3grafo brasileiro. \u201cPropus esse pr\u00eamio para homenagear o intelectual e dar continuidade a suas ideias, al\u00e9m de reconhecer as iniciativas relacionadas ao territ\u00f3rio da cidade que precisam ter visibilidade\u201d, explicou o parlamentar.<\/p>\n<p>A escolha dos vencedores cabe \u00e0 comiss\u00e3o julgadora composta por entidades ligadas a desenvolvimento social e urbano, cultura, economia e administra\u00e7\u00e3o e finan\u00e7as p\u00fablicas. Nesta edi\u00e7\u00e3o, representantes da Ordem dos Advogados do Brasil, da Funda\u00e7\u00e3o Getulio Vargas, da Funda\u00e7\u00e3o Carlos Chagas, da Faculdade de Arquitetura e Urbanismo da Universidade Mackenzie, do Centro de Estudos e Pesquisas em Educa\u00e7\u00e3o, Cultura e A\u00e7\u00e3o Comunit\u00e1ria (Cenpec) e da Escola de Comunica\u00e7\u00e3o e Artes da USP foram os jurados. Alguns dos crit\u00e9rios utilizados s\u00e3o abrang\u00eancia do projeto, est\u00edmulo \u00e0 participa\u00e7\u00e3o comunit\u00e1ria, sustentabilidade t\u00e9cnica e potencial de transforma\u00e7\u00e3o social.<\/p>\n<p>Neste ano, o Pr\u00eamio Milton Santos recebeu 59 inscri\u00e7\u00f5es. O jurado representante do Cenpec, Alexandre Isaac, elogiou os projetos e os participantes: \u201cVoc\u00eas n\u00e3o aceitam a realidade como natural; fazem perguntas e os projetos procuram respond\u00ea-las\u201d.<\/p>\n<p><!-- --><\/p>\n<table border=\"0\" width=\"640px\" cellspacing=\"0\" cellpadding=\"0\">\n<tbody>\n<tr>\n<td align=\"center\" width=\"50%\"><!-- imagem MEDIA - com legenda - LADO ESQUERDO --><\/p>\n<div style=\"float: left;width: 320px;margin-right: 1.5em;margin-bottom: 1.5em\">\n<div style=\"float: left;padding: 5px;background-color: #eee !important\">\n<p><a href=\"http:\/\/www.saopaulo.sp.leg.br\/apartes-anteriores\/wp-content\/uploads\/sites\/9\/2015\/09\/FOTO36.jpg\"><img loading=\"lazy\" decoding=\"async\" class=\"alignnone wp-image-34427\" src=\"http:\/\/www.saopaulo.sp.leg.br\/apartes-anteriores\/wp-content\/uploads\/sites\/9\/2015\/09\/FOTO36.jpg\" alt=\"FOTO36\" width=\"310\" height=\"198\" srcset=\"https:\/\/www.saopaulo.sp.leg.br\/apartes-anteriores\/wp-content\/uploads\/sites\/9\/2015\/09\/FOTO36.jpg 690w, https:\/\/www.saopaulo.sp.leg.br\/apartes-anteriores\/wp-content\/uploads\/sites\/9\/2015\/09\/FOTO36-300x192.jpg 300w\" sizes=\"auto, (max-width: 310px) 100vw, 310px\" \/><\/a><\/p>\n<p style=\"font-size: 0.8em;line-height: 1.1em;text-align: center;margin: -1.5em 0px 7px 0px;color: #333;!important;background-color: transparent !important\" align=\"center\">MEIO AMBIENTE &#8211; \u201cO que a gente mais quer \u00e9 n\u00e3o prejudicar a mata\u201d, diz Lia<\/p>\n<\/div>\n<p style=\"font-size: 0.5em;line-height: 1.1em;text-align: right;margin: 4px 0px 7px 0px;background-color: transparent !important\">Mozart Gomes\/CMSP<\/p>\n<\/div>\n<p><!-- imagem MEDIA - com legenda - LADO ESQUERDO --><\/td>\n<td align=\"center\" width=\"50%\"><!-- imagem MEDIA - com legenda - LADO DIREITO --><\/p>\n<div style=\"float: right;width: 227px;margin-left: 1.5em;margin-bottom: 1.5em\">\n<div style=\"float: right;padding: 5px;background-color: #eee !important\">\n<p><a href=\"http:\/\/www.saopaulo.sp.leg.br\/apartes-anteriores\/wp-content\/uploads\/sites\/9\/2015\/09\/FOTO37.jpg\"><img loading=\"lazy\" decoding=\"async\" class=\"alignnone size-full wp-image-34428\" src=\"http:\/\/www.saopaulo.sp.leg.br\/apartes-anteriores\/wp-content\/uploads\/sites\/9\/2015\/09\/FOTO37.jpg\" alt=\"FOTO37\" width=\"217\" height=\"250\" \/><\/a><\/p>\n<p style=\"font-size: 0.8em;line-height: 1.1em;text-align: center;margin: -1.5em 0px 7px 0px;color: #333;!important;background-color: transparent !important\" align=\"center\">EXEMPLO &#8211; Para Temp, pol\u00edticas p\u00fablicas podem copiar modelo de hortas comunit\u00e1rias<\/p>\n<\/div>\n<p style=\"font-size: 0.5em;line-height: 1.1em;text-align: right;margin: 4px 0px 7px 0px;background-color: transparent !important\">Mozart Gomes\/CMSP<\/p>\n<\/div>\n<p><!-- imagem MEDIA - com legenda - LADO DIREITO --><\/td>\n<\/tr>\n<\/tbody>\n<\/table>\n<p><!-- --><\/p>\n<p><!-- COMENTE SOBRE ESSA MATERIA --><\/p>\n<table border=\"0\" cellspacing=\"0\" cellpadding=\"0\">\n<tbody>\n<tr>\n<td align=\"center\" width=\"50%\">\n<h5>Comente sobre essa mat\u00e9ria:<\/h5>\n<p><a style=\"font-family: 'Helvetica Neue', 'Helvetica', Helvetica, Arial, sans-serif;color: #fff;font-size: 12px;text-decoration: none;font-weight: bold;text-align: center;background-color: #3b5998 !important;margin: 0 0 10px;padding: 3px 7px\" title=\"Facebook da revista Apartes\" href=\"https:\/\/www.facebook.com\/RevistaApartes\" target=\"_blank\">Facebook<\/a> <a style=\"font-family: 'Helvetica Neue', 'Helvetica', Helvetica, Arial, sans-serif;color: #fff;font-size: 12px;text-decoration: none;font-weight: bold;text-align: center;background-color: #1daced !important;margin: 0 0 10px;padding: 3px 7px\" title=\"Twitter da revista Apartes\" href=\"https:\/\/twitter.com\/RevistaApartes\" target=\"_blank\">Twitter<\/a><\/td>\n<td align=\"center\" width=\"50%\">\n<h5>Envie cr\u00edticas ou sugest\u00f5es:<\/h5>\n<p>Email: <strong><a href=\"mailto:apartes@saopaulo.sp.leg.br\">apartes@saopaulo.sp.leg.br<\/a><\/strong><\/td>\n<\/tr>\n<\/tbody>\n<\/table>\n<p><!-- COMENTE SOBRE ESSA MATERIA --><\/p>\n","protected":false},"excerpt":{"rendered":"<p>Palmas para a cidadania Pr\u00eamio Milton Santos reconhece projetos que tornam S\u00e3o Paulo melhor Rodrigo Garcia | rodrigogarcia@saopaulo.sp.leg.br VENCEDOR &#8211; Projeto de hortas comunit\u00e1rias urbanas foi um dos premiados deste ano Organiza\u00e7\u00e3o Cidades sem Fome Uma horta comunit\u00e1ria feita em espa\u00e7o p\u00fablico para criar oportunidades de trabalho ou uma vila ecol\u00f3gica, no extremo oeste de [&hellip;]<\/p>\n","protected":false},"author":109,"featured_media":0,"parent":24321,"menu_order":9,"comment_status":"closed","ping_status":"closed","template":"","meta":{"footnotes":""},"class_list":["post-34261","page","type-page","status-publish","hentry"],"meta_all":{"_edit_lock":["1480539717:109"],"_edit_last":["109"],"_wp_page_template":["default"],"_cmsp_page_download-files":["a:1:{i:0;a:1:{s:4:\"type\";s:3:\"pdf\";}}"],"_yoast_wpseo_title":["Palmas para a cidadania"],"_yoast_wpseo_bctitle":["Palmas para a cidadania"],"_cmsp_feature-page_title":["Palmas para a cidadania"],"_yoast_wpseo_opengraph-title":["Palmas para a cidadania"],"_yoast_wpseo_opengraph-description":["Pr\u00eamio Milton Santos reconhece projetos que tornam S\u00e3o Paulo melhor"],"_yoast_wpseo_twitter-title":["Palmas para a cidadania"],"_yoast_wpseo_twitter-description":["Pr\u00eamio Milton Santos reconhece projetos que tornam S\u00e3o Paulo melhor"],"_yoast_wpseo_content_score":["30"]},"yoast_head":"<!-- This site is optimized with the Yoast SEO plugin v27.4 - https:\/\/yoast.com\/product\/yoast-seo-wordpress\/ -->\n<title>Palmas para a cidadania<\/title>\n<meta name=\"robots\" content=\"index, follow, max-snippet:-1, max-image-preview:large, max-video-preview:-1\" \/>\n<link rel=\"canonical\" href=\"https:\/\/www.saopaulo.sp.leg.br\/apartes-anteriores\/revista-apartes\/numero-8-junho-julho2014\/palmas-para-a-cidadania\/\" \/>\n<meta property=\"og:locale\" content=\"pt_BR\" \/>\n<meta property=\"og:type\" content=\"article\" \/>\n<meta property=\"og:title\" content=\"Palmas para a cidadania\" \/>\n<meta property=\"og:description\" content=\"Pr\u00eamio Milton Santos reconhece projetos que tornam S\u00e3o Paulo melhor\" \/>\n<meta property=\"og:url\" content=\"https:\/\/www.saopaulo.sp.leg.br\/apartes-anteriores\/revista-apartes\/numero-8-junho-julho2014\/palmas-para-a-cidadania\/\" \/>\n<meta property=\"og:site_name\" content=\"Revista Apartes (edi\u00e7\u00f5es anteriores)\" \/>\n<meta property=\"article:publisher\" content=\"https:\/\/www.facebook.com\/RevistaApartes\/\" \/>\n<meta property=\"article:modified_time\" content=\"2016-11-30T21:04:13+00:00\" \/>\n<meta property=\"og:image\" content=\"http:\/\/www.saopaulo.sp.leg.br\/apartes-anteriores\/wp-content\/uploads\/sites\/9\/2015\/09\/FOTO35.jpg\" \/>\n<meta name=\"twitter:card\" content=\"summary_large_image\" \/>\n<meta name=\"twitter:title\" content=\"Palmas para a cidadania\" \/>\n<meta name=\"twitter:description\" content=\"Pr\u00eamio Milton Santos reconhece projetos que tornam S\u00e3o Paulo melhor\" \/>\n<meta name=\"twitter:site\" content=\"@revistaapartes\" \/>\n<meta name=\"twitter:label1\" content=\"Est. tempo de leitura\" \/>\n\t<meta name=\"twitter:data1\" content=\"5 minutos\" \/>\n<script type=\"application\/ld+json\" class=\"yoast-schema-graph\">{\"@context\":\"https:\\\/\\\/schema.org\",\"@graph\":[{\"@type\":\"WebPage\",\"@id\":\"https:\\\/\\\/www.saopaulo.sp.leg.br\\\/apartes-anteriores\\\/revista-apartes\\\/numero-8-junho-julho2014\\\/palmas-para-a-cidadania\\\/\",\"url\":\"https:\\\/\\\/www.saopaulo.sp.leg.br\\\/apartes-anteriores\\\/revista-apartes\\\/numero-8-junho-julho2014\\\/palmas-para-a-cidadania\\\/\",\"name\":\"Palmas para a cidadania\",\"isPartOf\":{\"@id\":\"https:\\\/\\\/www.saopaulo.sp.leg.br\\\/apartes-anteriores\\\/#website\"},\"primaryImageOfPage\":{\"@id\":\"https:\\\/\\\/www.saopaulo.sp.leg.br\\\/apartes-anteriores\\\/revista-apartes\\\/numero-8-junho-julho2014\\\/palmas-para-a-cidadania\\\/#primaryimage\"},\"image\":{\"@id\":\"https:\\\/\\\/www.saopaulo.sp.leg.br\\\/apartes-anteriores\\\/revista-apartes\\\/numero-8-junho-julho2014\\\/palmas-para-a-cidadania\\\/#primaryimage\"},\"thumbnailUrl\":\"http:\\\/\\\/www.saopaulo.sp.leg.br\\\/apartes-anteriores\\\/wp-content\\\/uploads\\\/sites\\\/9\\\/2015\\\/09\\\/FOTO35.jpg\",\"datePublished\":\"2014-07-01T17:09:36+00:00\",\"dateModified\":\"2016-11-30T21:04:13+00:00\",\"breadcrumb\":{\"@id\":\"https:\\\/\\\/www.saopaulo.sp.leg.br\\\/apartes-anteriores\\\/revista-apartes\\\/numero-8-junho-julho2014\\\/palmas-para-a-cidadania\\\/#breadcrumb\"},\"inLanguage\":\"pt-BR\",\"potentialAction\":[{\"@type\":\"ReadAction\",\"target\":[\"https:\\\/\\\/www.saopaulo.sp.leg.br\\\/apartes-anteriores\\\/revista-apartes\\\/numero-8-junho-julho2014\\\/palmas-para-a-cidadania\\\/\"]}]},{\"@type\":\"ImageObject\",\"inLanguage\":\"pt-BR\",\"@id\":\"https:\\\/\\\/www.saopaulo.sp.leg.br\\\/apartes-anteriores\\\/revista-apartes\\\/numero-8-junho-julho2014\\\/palmas-para-a-cidadania\\\/#primaryimage\",\"url\":\"https:\\\/\\\/www.saopaulo.sp.leg.br\\\/apartes-anteriores\\\/wp-content\\\/uploads\\\/sites\\\/9\\\/2015\\\/09\\\/FOTO35.jpg\",\"contentUrl\":\"https:\\\/\\\/www.saopaulo.sp.leg.br\\\/apartes-anteriores\\\/wp-content\\\/uploads\\\/sites\\\/9\\\/2015\\\/09\\\/FOTO35.jpg\",\"width\":775,\"height\":523},{\"@type\":\"BreadcrumbList\",\"@id\":\"https:\\\/\\\/www.saopaulo.sp.leg.br\\\/apartes-anteriores\\\/revista-apartes\\\/numero-8-junho-julho2014\\\/palmas-para-a-cidadania\\\/#breadcrumb\",\"itemListElement\":[{\"@type\":\"ListItem\",\"position\":1,\"name\":\"Home\",\"item\":\"https:\\\/\\\/www.saopaulo.sp.leg.br\\\/apartes-anteriores\\\/\"},{\"@type\":\"ListItem\",\"position\":2,\"name\":\"Revista Apartes\",\"item\":\"https:\\\/\\\/www.saopaulo.sp.leg.br\\\/apartes-anteriores\\\/\"},{\"@type\":\"ListItem\",\"position\":3,\"name\":\"N\u00famero 08 &#8211; jun-jul\\\/2014\",\"item\":\"https:\\\/\\\/www.saopaulo.sp.leg.br\\\/apartes-anteriores\\\/revista-apartes\\\/numero-8-junho-julho2014\\\/\"},{\"@type\":\"ListItem\",\"position\":4,\"name\":\"Palmas para a cidadania\"}]},{\"@type\":\"WebSite\",\"@id\":\"https:\\\/\\\/www.saopaulo.sp.leg.br\\\/apartes-anteriores\\\/#website\",\"url\":\"https:\\\/\\\/www.saopaulo.sp.leg.br\\\/apartes-anteriores\\\/\",\"name\":\"Revista Apartes (edi\u00e7\u00f5es anteriores)\",\"description\":\"Revista Apartes (edi\u00e7\u00f5es anteriores)\",\"potentialAction\":[{\"@type\":\"SearchAction\",\"target\":{\"@type\":\"EntryPoint\",\"urlTemplate\":\"https:\\\/\\\/www.saopaulo.sp.leg.br\\\/apartes-anteriores\\\/?s={search_term_string}\"},\"query-input\":{\"@type\":\"PropertyValueSpecification\",\"valueRequired\":true,\"valueName\":\"search_term_string\"}}],\"inLanguage\":\"pt-BR\"}]}<\/script>\n<!-- \/ Yoast SEO plugin. -->","yoast_head_json":{"title":"Palmas para a cidadania","robots":{"index":"index","follow":"follow","max-snippet":"max-snippet:-1","max-image-preview":"max-image-preview:large","max-video-preview":"max-video-preview:-1"},"canonical":"https:\/\/www.saopaulo.sp.leg.br\/apartes-anteriores\/revista-apartes\/numero-8-junho-julho2014\/palmas-para-a-cidadania\/","og_locale":"pt_BR","og_type":"article","og_title":"Palmas para a cidadania","og_description":"Pr\u00eamio Milton Santos reconhece projetos que tornam S\u00e3o Paulo melhor","og_url":"https:\/\/www.saopaulo.sp.leg.br\/apartes-anteriores\/revista-apartes\/numero-8-junho-julho2014\/palmas-para-a-cidadania\/","og_site_name":"Revista Apartes (edi\u00e7\u00f5es anteriores)","article_publisher":"https:\/\/www.facebook.com\/RevistaApartes\/","article_modified_time":"2016-11-30T21:04:13+00:00","og_image":[{"url":"http:\/\/www.saopaulo.sp.leg.br\/apartes-anteriores\/wp-content\/uploads\/sites\/9\/2015\/09\/FOTO35.jpg","type":"","width":"","height":""}],"twitter_card":"summary_large_image","twitter_title":"Palmas para a cidadania","twitter_description":"Pr\u00eamio Milton Santos reconhece projetos que tornam S\u00e3o Paulo melhor","twitter_site":"@revistaapartes","twitter_misc":{"Est. tempo de leitura":"5 minutos"},"schema":{"@context":"https:\/\/schema.org","@graph":[{"@type":"WebPage","@id":"https:\/\/www.saopaulo.sp.leg.br\/apartes-anteriores\/revista-apartes\/numero-8-junho-julho2014\/palmas-para-a-cidadania\/","url":"https:\/\/www.saopaulo.sp.leg.br\/apartes-anteriores\/revista-apartes\/numero-8-junho-julho2014\/palmas-para-a-cidadania\/","name":"Palmas para a cidadania","isPartOf":{"@id":"https:\/\/www.saopaulo.sp.leg.br\/apartes-anteriores\/#website"},"primaryImageOfPage":{"@id":"https:\/\/www.saopaulo.sp.leg.br\/apartes-anteriores\/revista-apartes\/numero-8-junho-julho2014\/palmas-para-a-cidadania\/#primaryimage"},"image":{"@id":"https:\/\/www.saopaulo.sp.leg.br\/apartes-anteriores\/revista-apartes\/numero-8-junho-julho2014\/palmas-para-a-cidadania\/#primaryimage"},"thumbnailUrl":"http:\/\/www.saopaulo.sp.leg.br\/apartes-anteriores\/wp-content\/uploads\/sites\/9\/2015\/09\/FOTO35.jpg","datePublished":"2014-07-01T17:09:36+00:00","dateModified":"2016-11-30T21:04:13+00:00","breadcrumb":{"@id":"https:\/\/www.saopaulo.sp.leg.br\/apartes-anteriores\/revista-apartes\/numero-8-junho-julho2014\/palmas-para-a-cidadania\/#breadcrumb"},"inLanguage":"pt-BR","potentialAction":[{"@type":"ReadAction","target":["https:\/\/www.saopaulo.sp.leg.br\/apartes-anteriores\/revista-apartes\/numero-8-junho-julho2014\/palmas-para-a-cidadania\/"]}]},{"@type":"ImageObject","inLanguage":"pt-BR","@id":"https:\/\/www.saopaulo.sp.leg.br\/apartes-anteriores\/revista-apartes\/numero-8-junho-julho2014\/palmas-para-a-cidadania\/#primaryimage","url":"https:\/\/www.saopaulo.sp.leg.br\/apartes-anteriores\/wp-content\/uploads\/sites\/9\/2015\/09\/FOTO35.jpg","contentUrl":"https:\/\/www.saopaulo.sp.leg.br\/apartes-anteriores\/wp-content\/uploads\/sites\/9\/2015\/09\/FOTO35.jpg","width":775,"height":523},{"@type":"BreadcrumbList","@id":"https:\/\/www.saopaulo.sp.leg.br\/apartes-anteriores\/revista-apartes\/numero-8-junho-julho2014\/palmas-para-a-cidadania\/#breadcrumb","itemListElement":[{"@type":"ListItem","position":1,"name":"Home","item":"https:\/\/www.saopaulo.sp.leg.br\/apartes-anteriores\/"},{"@type":"ListItem","position":2,"name":"Revista Apartes","item":"https:\/\/www.saopaulo.sp.leg.br\/apartes-anteriores\/"},{"@type":"ListItem","position":3,"name":"N\u00famero 08 &#8211; jun-jul\/2014","item":"https:\/\/www.saopaulo.sp.leg.br\/apartes-anteriores\/revista-apartes\/numero-8-junho-julho2014\/"},{"@type":"ListItem","position":4,"name":"Palmas para a cidadania"}]},{"@type":"WebSite","@id":"https:\/\/www.saopaulo.sp.leg.br\/apartes-anteriores\/#website","url":"https:\/\/www.saopaulo.sp.leg.br\/apartes-anteriores\/","name":"Revista Apartes (edi\u00e7\u00f5es anteriores)","description":"Revista Apartes (edi\u00e7\u00f5es anteriores)","potentialAction":[{"@type":"SearchAction","target":{"@type":"EntryPoint","urlTemplate":"https:\/\/www.saopaulo.sp.leg.br\/apartes-anteriores\/?s={search_term_string}"},"query-input":{"@type":"PropertyValueSpecification","valueRequired":true,"valueName":"search_term_string"}}],"inLanguage":"pt-BR"}]}},"_links":{"self":[{"href":"https:\/\/www.saopaulo.sp.leg.br\/apartes-anteriores\/wp-json\/wp\/v2\/pages\/34261","targetHints":{"allow":["GET"]}}],"collection":[{"href":"https:\/\/www.saopaulo.sp.leg.br\/apartes-anteriores\/wp-json\/wp\/v2\/pages"}],"about":[{"href":"https:\/\/www.saopaulo.sp.leg.br\/apartes-anteriores\/wp-json\/wp\/v2\/types\/page"}],"author":[{"embeddable":true,"href":"https:\/\/www.saopaulo.sp.leg.br\/apartes-anteriores\/wp-json\/wp\/v2\/users\/109"}],"replies":[{"embeddable":true,"href":"https:\/\/www.saopaulo.sp.leg.br\/apartes-anteriores\/wp-json\/wp\/v2\/comments?post=34261"}],"version-history":[{"count":0,"href":"https:\/\/www.saopaulo.sp.leg.br\/apartes-anteriores\/wp-json\/wp\/v2\/pages\/34261\/revisions"}],"up":[{"embeddable":true,"href":"https:\/\/www.saopaulo.sp.leg.br\/apartes-anteriores\/wp-json\/wp\/v2\/pages\/24321"}],"wp:attachment":[{"href":"https:\/\/www.saopaulo.sp.leg.br\/apartes-anteriores\/wp-json\/wp\/v2\/media?parent=34261"}],"curies":[{"name":"wp","href":"https:\/\/api.w.org\/{rel}","templated":true}]}}