{"id":33654,"date":"2015-08-11T14:12:59","date_gmt":"2015-08-11T17:12:59","guid":{"rendered":"http:\/\/www.saopaulo.sp.leg.br\/?page_id=33654"},"modified":"2015-08-19T21:21:08","modified_gmt":"2015-08-19T21:21:08","slug":"no09-palavra-do-presidente","status":"publish","type":"page","link":"https:\/\/www.saopaulo.sp.leg.br\/apartes-anteriores\/revista-apartes\/numero-9-agosto2014\/no09-palavra-do-presidente\/","title":{"rendered":"N\u00ba09 \u2013 Palavra do Presidente"},"content":{"rendered":"<div style=\"float: right;margin-left: 1.5em\">\n<div style=\"float: right;padding: 5px;background-color: #eee !important\">\n<p><a href=\"http:\/\/www.saopaulo.sp.leg.br\/wp-content\/uploads\/2015\/07\/apartes_N11_1.jpg\"><img loading=\"lazy\" decoding=\"async\" class=\"alignnone  wp-image-32649\" src=\"http:\/\/www.saopaulo.sp.leg.br\/wp-content\/uploads\/2015\/07\/apartes_N11_1.jpg\" alt=\"apartes_N11_1\" width=\"150\" height=\"185\" \/><\/a><\/p>\n<p style=\"font-size: 0.8em;line-height: 1.1em;text-align: center;margin: -1.5em 0px 7px 0px;color: #333;!important;background-color: transparent !important\" align=\"center\">Vereador Jos\u00e9 Am\u00e9rico<br \/>\nPresidente da CMSP<\/p>\n<\/div>\n<p style=\"font-size: 0.5em;line-height: 1.1em;text-align: right;margin: 4px 0px 7px;color: #333;!important;background-color: transparent !important\" align=\"center\">Equipe de Eventos\/CMSP<\/p>\n<\/div>\n<h1 class=\"p1\"><span style=\"color: #800000\"><strong>Palavra do Presidente<\/strong><\/span><\/h1>\n<p>No final de junho, a C\u00e2mara Municipal de S\u00e3o Paulo (CMSP) encerrou o trabalho que, certamente, \u00e9 o mais importante desta Legislatura: o Plano Diretor Estrat\u00e9gico (PDE) do Munic\u00edpio de S\u00e3o Paulo. Mais do que organizar e planejar uma cidade melhor para todos, o PDE tra\u00e7a metas e dire\u00e7\u00f5es para os pr\u00f3ximos anos. Por isso, \u00e9 uma grande satisfa\u00e7\u00e3o para este Legislativo ter contribu\u00eddo para deixar um legado positivo \u00e0s gera\u00e7\u00f5es futuras.<\/p>\n<p>A tarefa, nada f\u00e1cil, teve a participa\u00e7\u00e3o decisiva dos maiores especialistas em S\u00e3o Paulo, o povo paulistano. Para chegar ao texto final, foram 62 audi\u00eancias p\u00fablicas em todas as regi\u00f5es da capital, das quais participaram em torno de 6 mil cidad\u00e3os. Colabora\u00e7\u00f5es foram enviadas pela internet e sugest\u00f5es propostas pelos vereadores, em forma de emendas. Enfim, um trabalho coletivo em prol da cidade. Os principais pontos do PDE, ilustrados em infogr\u00e1ficos e tabelas, est\u00e3o na reportagem <em>Uma nova dire\u00e7\u00e3o para S\u00e3o Paulo<\/em>.<\/p>\n<p>Se o Plano Diretor aponta as diretrizes que queremos seguir daqui para frente, esta edi\u00e7\u00e3o tamb\u00e9m traz um resgate da trajet\u00f3ria de homens que, no passado, decidiram os rumos que a cidade e o Pa\u00eds deveriam seguir. Em <em>Eles desbravavam o sert\u00e3o e faziam leis<\/em>, contamos a hist\u00f3ria de bandeirantes que tamb\u00e9m foram vereadores em S\u00e3o Paulo. Considerados her\u00f3is por uns e assassinos por outros, figuras hist\u00f3ricas como Ant\u00f4nio Raposo Tavares e Fern\u00e3o Dias Paes n\u00e3o s\u00f3 definiram os limites territoriais do Brasil, comandando importantes bandeiras, como tamb\u00e9m tiveram a incumb\u00eancia de elaborar e garantir a aplica\u00e7\u00e3o das leis municipais, fiscalizar obras, zelar pela seguran\u00e7a e pelo patrim\u00f4nio p\u00fablico e in\u00fameras outras tarefas que cabiam aos legisladores.<\/p>\n<p>A revista Apartes presta ainda uma homenagem a Ant\u00f4nio Donoso Vidal, um leg\u00edtimo representante do povo que teve seu mandato de vereador nesta Casa encerrado antes mesmo de come\u00e7ar, por for\u00e7a de uma decis\u00e3o arbitr\u00e1ria do Tribunal Superior Eleitoral (TSE), em 1947. Donoso, comunista parceiro de Lu\u00eds Carlos Prestes e aguerrido defensor de oper\u00e1rios, mulheres e crian\u00e7as, teve uma vida toda dedicada \u00e0 luta contra as injusti\u00e7as e a brutalidade de governos autorit\u00e1rios. Esteve preso por diversas vezes e em uma delas quase foi morto a coronhadas no pres\u00eddio do Maria Z\u00e9lia, num epis\u00f3dio pouco conhecido da hist\u00f3ria brasileira. No fim da vida, aposentado por invalidez, dedicava-se principalmente \u00e0 fam\u00edlia, sem deixar de lado os seus ideais. Faleceu em 1987 e, neste ano, a CMSP restituiu simbolicamente seu mandato. Sua bela hist\u00f3ria est\u00e1 na reportagem <em>Luta de foice, martelo e palavras<\/em>.<\/p>\n<p>Uma \u00f3tima leitura a todos!<\/p>\n<p><!-- COMENTE SOBRE ESSA MATERIA --><\/p>\n<table border=\"0\" cellspacing=\"0\" cellpadding=\"0\">\n<tbody>\n<tr>\n<td align=\"center\" width=\"50%\">\n<h5>Comente sobre essa mat\u00e9ria:<\/h5>\n<p><a style=\"font-family: 'Helvetica Neue', 'Helvetica', Helvetica, Arial, sans-serif;color: #fff;font-size: 12px;text-decoration: none;font-weight: bold;text-align: center;background-color: #3b5998 !important;margin: 0 0 10px;padding: 3px 7px\" title=\"Facebook da revista Apartes\" href=\"https:\/\/www.facebook.com\/RevistaApartes\" target=\"_blank\">Facebook<\/a> <a style=\"font-family: 'Helvetica Neue', 'Helvetica', Helvetica, Arial, sans-serif;color: #fff;font-size: 12px;text-decoration: none;font-weight: bold;text-align: center;background-color: #1daced !important;margin: 0 0 10px;padding: 3px 7px\" title=\"Twitter da revista Apartes\" href=\"https:\/\/twitter.com\/RevistaApartes\" target=\"_blank\">Twitter<\/a><\/td>\n<td align=\"center\" width=\"50%\">\n<h5>Envie cr\u00edticas ou sugest\u00f5es:<\/h5>\n<p>Email: <strong><a href=\"mailto:apartes@saopaulo.sp.leg.br\">apartes@saopaulo.sp.leg.br<\/a><\/strong><\/td>\n<\/tr>\n<\/tbody>\n<\/table>\n<p><!-- COMENTE SOBRE ESSA MATERIA --><\/p>\n","protected":false},"excerpt":{"rendered":"<p>Vereador Jos\u00e9 Am\u00e9rico Presidente da CMSP Equipe de Eventos\/CMSP Palavra do Presidente No final de junho, a C\u00e2mara Municipal de S\u00e3o Paulo (CMSP) encerrou o trabalho que, certamente, \u00e9 o mais importante desta Legislatura: o Plano Diretor Estrat\u00e9gico (PDE) do Munic\u00edpio de S\u00e3o Paulo. Mais do que organizar e planejar uma cidade melhor para todos, [&hellip;]<\/p>\n","protected":false},"author":109,"featured_media":0,"parent":24314,"menu_order":0,"comment_status":"open","ping_status":"open","template":"","meta":{"footnotes":""},"class_list":["post-33654","page","type-page","status-publish","hentry"],"meta_all":{"_wp_page_template":["default"],"_yoast_wpseo_title":["N\u00ba09 \u2013 Palavra do Presidente"],"_yoast_wpseo_bctitle":["N\u00ba09 \u2013 Palavra do Presidente"],"_cmsp_feature-page_title":["N\u00ba09 \u2013 Palavra do Presidente"],"_cmsp_page_download-files":["a:1:{i:0;a:1:{s:4:\"type\";s:3:\"pdf\";}}"],"_edit_last":["109"],"_edit_lock":["1441387083:109"]},"yoast_head":"<!-- This site is optimized with the Yoast SEO plugin v27.4 - https:\/\/yoast.com\/product\/yoast-seo-wordpress\/ -->\n<title>N\u00ba09 \u2013 Palavra do Presidente<\/title>\n<meta name=\"robots\" content=\"index, follow, max-snippet:-1, max-image-preview:large, max-video-preview:-1\" \/>\n<link rel=\"canonical\" href=\"https:\/\/www.saopaulo.sp.leg.br\/apartes-anteriores\/revista-apartes\/numero-9-agosto2014\/no09-palavra-do-presidente\/\" \/>\n<meta property=\"og:locale\" content=\"pt_BR\" \/>\n<meta property=\"og:type\" content=\"article\" \/>\n<meta property=\"og:title\" content=\"N\u00ba09 \u2013 Palavra do Presidente\" \/>\n<meta property=\"og:description\" content=\"Vereador Jos\u00e9 Am\u00e9rico Presidente da CMSP Equipe de Eventos\/CMSP Palavra do Presidente No final de junho, a C\u00e2mara Municipal de S\u00e3o Paulo (CMSP) encerrou o trabalho que, certamente, \u00e9 o mais importante desta Legislatura: o Plano Diretor Estrat\u00e9gico (PDE) do Munic\u00edpio de S\u00e3o Paulo. Mais do que organizar e planejar uma cidade melhor para todos, [&hellip;]\" \/>\n<meta property=\"og:url\" content=\"https:\/\/www.saopaulo.sp.leg.br\/apartes-anteriores\/revista-apartes\/numero-9-agosto2014\/no09-palavra-do-presidente\/\" \/>\n<meta property=\"og:site_name\" content=\"Revista Apartes (edi\u00e7\u00f5es anteriores)\" \/>\n<meta property=\"article:publisher\" content=\"https:\/\/www.facebook.com\/RevistaApartes\/\" \/>\n<meta property=\"article:modified_time\" content=\"2015-08-19T21:21:08+00:00\" \/>\n<meta property=\"og:image\" content=\"http:\/\/www.saopaulo.sp.leg.br\/wp-content\/uploads\/2015\/07\/apartes_N11_1.jpg\" \/>\n<meta name=\"twitter:card\" content=\"summary_large_image\" \/>\n<meta name=\"twitter:site\" content=\"@revistaapartes\" \/>\n<meta name=\"twitter:label1\" content=\"Est. tempo de leitura\" \/>\n\t<meta name=\"twitter:data1\" content=\"3 minutos\" \/>\n<script type=\"application\/ld+json\" class=\"yoast-schema-graph\">{\"@context\":\"https:\\\/\\\/schema.org\",\"@graph\":[{\"@type\":\"WebPage\",\"@id\":\"https:\\\/\\\/www.saopaulo.sp.leg.br\\\/apartes-anteriores\\\/revista-apartes\\\/numero-9-agosto2014\\\/no09-palavra-do-presidente\\\/\",\"url\":\"https:\\\/\\\/www.saopaulo.sp.leg.br\\\/apartes-anteriores\\\/revista-apartes\\\/numero-9-agosto2014\\\/no09-palavra-do-presidente\\\/\",\"name\":\"N\u00ba09 \u2013 Palavra do Presidente\",\"isPartOf\":{\"@id\":\"https:\\\/\\\/www.saopaulo.sp.leg.br\\\/apartes-anteriores\\\/#website\"},\"primaryImageOfPage\":{\"@id\":\"https:\\\/\\\/www.saopaulo.sp.leg.br\\\/apartes-anteriores\\\/revista-apartes\\\/numero-9-agosto2014\\\/no09-palavra-do-presidente\\\/#primaryimage\"},\"image\":{\"@id\":\"https:\\\/\\\/www.saopaulo.sp.leg.br\\\/apartes-anteriores\\\/revista-apartes\\\/numero-9-agosto2014\\\/no09-palavra-do-presidente\\\/#primaryimage\"},\"thumbnailUrl\":\"http:\\\/\\\/www.saopaulo.sp.leg.br\\\/wp-content\\\/uploads\\\/2015\\\/07\\\/apartes_N11_1.jpg\",\"datePublished\":\"2015-08-11T17:12:59+00:00\",\"dateModified\":\"2015-08-19T21:21:08+00:00\",\"breadcrumb\":{\"@id\":\"https:\\\/\\\/www.saopaulo.sp.leg.br\\\/apartes-anteriores\\\/revista-apartes\\\/numero-9-agosto2014\\\/no09-palavra-do-presidente\\\/#breadcrumb\"},\"inLanguage\":\"pt-BR\",\"potentialAction\":[{\"@type\":\"ReadAction\",\"target\":[\"https:\\\/\\\/www.saopaulo.sp.leg.br\\\/apartes-anteriores\\\/revista-apartes\\\/numero-9-agosto2014\\\/no09-palavra-do-presidente\\\/\"]}]},{\"@type\":\"ImageObject\",\"inLanguage\":\"pt-BR\",\"@id\":\"https:\\\/\\\/www.saopaulo.sp.leg.br\\\/apartes-anteriores\\\/revista-apartes\\\/numero-9-agosto2014\\\/no09-palavra-do-presidente\\\/#primaryimage\",\"url\":\"http:\\\/\\\/www.saopaulo.sp.leg.br\\\/wp-content\\\/uploads\\\/2015\\\/07\\\/apartes_N11_1.jpg\",\"contentUrl\":\"http:\\\/\\\/www.saopaulo.sp.leg.br\\\/wp-content\\\/uploads\\\/2015\\\/07\\\/apartes_N11_1.jpg\"},{\"@type\":\"BreadcrumbList\",\"@id\":\"https:\\\/\\\/www.saopaulo.sp.leg.br\\\/apartes-anteriores\\\/revista-apartes\\\/numero-9-agosto2014\\\/no09-palavra-do-presidente\\\/#breadcrumb\",\"itemListElement\":[{\"@type\":\"ListItem\",\"position\":1,\"name\":\"Home\",\"item\":\"https:\\\/\\\/www.saopaulo.sp.leg.br\\\/apartes-anteriores\\\/\"},{\"@type\":\"ListItem\",\"position\":2,\"name\":\"Revista Apartes\",\"item\":\"https:\\\/\\\/www.saopaulo.sp.leg.br\\\/apartes-anteriores\\\/\"},{\"@type\":\"ListItem\",\"position\":3,\"name\":\"N\u00famero 09 &#8211; ago\\\/2014\",\"item\":\"https:\\\/\\\/www.saopaulo.sp.leg.br\\\/apartes-anteriores\\\/revista-apartes\\\/numero-9-agosto2014\\\/\"},{\"@type\":\"ListItem\",\"position\":4,\"name\":\"N\u00ba09 \u2013 Palavra do Presidente\"}]},{\"@type\":\"WebSite\",\"@id\":\"https:\\\/\\\/www.saopaulo.sp.leg.br\\\/apartes-anteriores\\\/#website\",\"url\":\"https:\\\/\\\/www.saopaulo.sp.leg.br\\\/apartes-anteriores\\\/\",\"name\":\"Revista Apartes (edi\u00e7\u00f5es anteriores)\",\"description\":\"Revista Apartes (edi\u00e7\u00f5es anteriores)\",\"potentialAction\":[{\"@type\":\"SearchAction\",\"target\":{\"@type\":\"EntryPoint\",\"urlTemplate\":\"https:\\\/\\\/www.saopaulo.sp.leg.br\\\/apartes-anteriores\\\/?s={search_term_string}\"},\"query-input\":{\"@type\":\"PropertyValueSpecification\",\"valueRequired\":true,\"valueName\":\"search_term_string\"}}],\"inLanguage\":\"pt-BR\"}]}<\/script>\n<!-- \/ Yoast SEO plugin. -->","yoast_head_json":{"title":"N\u00ba09 \u2013 Palavra do Presidente","robots":{"index":"index","follow":"follow","max-snippet":"max-snippet:-1","max-image-preview":"max-image-preview:large","max-video-preview":"max-video-preview:-1"},"canonical":"https:\/\/www.saopaulo.sp.leg.br\/apartes-anteriores\/revista-apartes\/numero-9-agosto2014\/no09-palavra-do-presidente\/","og_locale":"pt_BR","og_type":"article","og_title":"N\u00ba09 \u2013 Palavra do Presidente","og_description":"Vereador Jos\u00e9 Am\u00e9rico Presidente da CMSP Equipe de Eventos\/CMSP Palavra do Presidente No final de junho, a C\u00e2mara Municipal de S\u00e3o Paulo (CMSP) encerrou o trabalho que, certamente, \u00e9 o mais importante desta Legislatura: o Plano Diretor Estrat\u00e9gico (PDE) do Munic\u00edpio de S\u00e3o Paulo. Mais do que organizar e planejar uma cidade melhor para todos, [&hellip;]","og_url":"https:\/\/www.saopaulo.sp.leg.br\/apartes-anteriores\/revista-apartes\/numero-9-agosto2014\/no09-palavra-do-presidente\/","og_site_name":"Revista Apartes (edi\u00e7\u00f5es anteriores)","article_publisher":"https:\/\/www.facebook.com\/RevistaApartes\/","article_modified_time":"2015-08-19T21:21:08+00:00","og_image":[{"url":"http:\/\/www.saopaulo.sp.leg.br\/wp-content\/uploads\/2015\/07\/apartes_N11_1.jpg","type":"","width":"","height":""}],"twitter_card":"summary_large_image","twitter_site":"@revistaapartes","twitter_misc":{"Est. tempo de leitura":"3 minutos"},"schema":{"@context":"https:\/\/schema.org","@graph":[{"@type":"WebPage","@id":"https:\/\/www.saopaulo.sp.leg.br\/apartes-anteriores\/revista-apartes\/numero-9-agosto2014\/no09-palavra-do-presidente\/","url":"https:\/\/www.saopaulo.sp.leg.br\/apartes-anteriores\/revista-apartes\/numero-9-agosto2014\/no09-palavra-do-presidente\/","name":"N\u00ba09 \u2013 Palavra do Presidente","isPartOf":{"@id":"https:\/\/www.saopaulo.sp.leg.br\/apartes-anteriores\/#website"},"primaryImageOfPage":{"@id":"https:\/\/www.saopaulo.sp.leg.br\/apartes-anteriores\/revista-apartes\/numero-9-agosto2014\/no09-palavra-do-presidente\/#primaryimage"},"image":{"@id":"https:\/\/www.saopaulo.sp.leg.br\/apartes-anteriores\/revista-apartes\/numero-9-agosto2014\/no09-palavra-do-presidente\/#primaryimage"},"thumbnailUrl":"http:\/\/www.saopaulo.sp.leg.br\/wp-content\/uploads\/2015\/07\/apartes_N11_1.jpg","datePublished":"2015-08-11T17:12:59+00:00","dateModified":"2015-08-19T21:21:08+00:00","breadcrumb":{"@id":"https:\/\/www.saopaulo.sp.leg.br\/apartes-anteriores\/revista-apartes\/numero-9-agosto2014\/no09-palavra-do-presidente\/#breadcrumb"},"inLanguage":"pt-BR","potentialAction":[{"@type":"ReadAction","target":["https:\/\/www.saopaulo.sp.leg.br\/apartes-anteriores\/revista-apartes\/numero-9-agosto2014\/no09-palavra-do-presidente\/"]}]},{"@type":"ImageObject","inLanguage":"pt-BR","@id":"https:\/\/www.saopaulo.sp.leg.br\/apartes-anteriores\/revista-apartes\/numero-9-agosto2014\/no09-palavra-do-presidente\/#primaryimage","url":"http:\/\/www.saopaulo.sp.leg.br\/wp-content\/uploads\/2015\/07\/apartes_N11_1.jpg","contentUrl":"http:\/\/www.saopaulo.sp.leg.br\/wp-content\/uploads\/2015\/07\/apartes_N11_1.jpg"},{"@type":"BreadcrumbList","@id":"https:\/\/www.saopaulo.sp.leg.br\/apartes-anteriores\/revista-apartes\/numero-9-agosto2014\/no09-palavra-do-presidente\/#breadcrumb","itemListElement":[{"@type":"ListItem","position":1,"name":"Home","item":"https:\/\/www.saopaulo.sp.leg.br\/apartes-anteriores\/"},{"@type":"ListItem","position":2,"name":"Revista Apartes","item":"https:\/\/www.saopaulo.sp.leg.br\/apartes-anteriores\/"},{"@type":"ListItem","position":3,"name":"N\u00famero 09 &#8211; ago\/2014","item":"https:\/\/www.saopaulo.sp.leg.br\/apartes-anteriores\/revista-apartes\/numero-9-agosto2014\/"},{"@type":"ListItem","position":4,"name":"N\u00ba09 \u2013 Palavra do Presidente"}]},{"@type":"WebSite","@id":"https:\/\/www.saopaulo.sp.leg.br\/apartes-anteriores\/#website","url":"https:\/\/www.saopaulo.sp.leg.br\/apartes-anteriores\/","name":"Revista Apartes (edi\u00e7\u00f5es anteriores)","description":"Revista Apartes (edi\u00e7\u00f5es anteriores)","potentialAction":[{"@type":"SearchAction","target":{"@type":"EntryPoint","urlTemplate":"https:\/\/www.saopaulo.sp.leg.br\/apartes-anteriores\/?s={search_term_string}"},"query-input":{"@type":"PropertyValueSpecification","valueRequired":true,"valueName":"search_term_string"}}],"inLanguage":"pt-BR"}]}},"_links":{"self":[{"href":"https:\/\/www.saopaulo.sp.leg.br\/apartes-anteriores\/wp-json\/wp\/v2\/pages\/33654","targetHints":{"allow":["GET"]}}],"collection":[{"href":"https:\/\/www.saopaulo.sp.leg.br\/apartes-anteriores\/wp-json\/wp\/v2\/pages"}],"about":[{"href":"https:\/\/www.saopaulo.sp.leg.br\/apartes-anteriores\/wp-json\/wp\/v2\/types\/page"}],"author":[{"embeddable":true,"href":"https:\/\/www.saopaulo.sp.leg.br\/apartes-anteriores\/wp-json\/wp\/v2\/users\/109"}],"replies":[{"embeddable":true,"href":"https:\/\/www.saopaulo.sp.leg.br\/apartes-anteriores\/wp-json\/wp\/v2\/comments?post=33654"}],"version-history":[{"count":0,"href":"https:\/\/www.saopaulo.sp.leg.br\/apartes-anteriores\/wp-json\/wp\/v2\/pages\/33654\/revisions"}],"up":[{"embeddable":true,"href":"https:\/\/www.saopaulo.sp.leg.br\/apartes-anteriores\/wp-json\/wp\/v2\/pages\/24314"}],"wp:attachment":[{"href":"https:\/\/www.saopaulo.sp.leg.br\/apartes-anteriores\/wp-json\/wp\/v2\/media?parent=33654"}],"curies":[{"name":"wp","href":"https:\/\/api.w.org\/{rel}","templated":true}]}}