{"id":33212,"date":"2015-08-03T14:40:16","date_gmt":"2015-08-03T17:40:16","guid":{"rendered":"http:\/\/www.saopaulo.sp.leg.br\/?page_id=33212"},"modified":"2016-11-30T19:21:07","modified_gmt":"2016-11-30T21:21:07","slug":"futuro-da-educacao-em-debate","status":"publish","type":"page","link":"https:\/\/www.saopaulo.sp.leg.br\/apartes-anteriores\/revista-apartes\/numero-10-setembrooutubro-2014\/futuro-da-educacao-em-debate\/","title":{"rendered":"N\u00ba10 \u2013 PME"},"content":{"rendered":"<h1><strong><span style=\"color: #800000\">Futuro da educa\u00e7\u00e3o em debate<\/span><\/strong><\/h1>\n<h2>Ap\u00f3s coletar a opini\u00e3o da sociedade, C\u00e2mara se prepara para votar o Plano Municipal de Educa\u00e7\u00e3o<\/h2>\n<p><strong>Gisele Machado<\/strong> | <a href=\"mailto:gisele@saopaulo.sp.leg.br\">gisele@saopaulo.sp.leg.br<\/a><\/p>\n<p><!-- imagem TOTAL - com legenda - CENTRALIZADA --><\/p>\n<div style=\"width: 100%;margin-right: 1.5em;margin-bottom: 1.5em\">\n<div style=\"padding: 5px;background-color: #eee !important\">\n<p><a href=\"http:\/\/www.saopaulo.sp.leg.br\/wp-content\/uploads\/2015\/08\/05.jpg\"><img loading=\"lazy\" decoding=\"async\" class=\"alignnone size-full wp-image-33218\" src=\"http:\/\/www.saopaulo.sp.leg.br\/wp-content\/uploads\/2015\/08\/05.jpg\" alt=\"05\" width=\"1195\" height=\"719\" \/><\/a><\/p>\n<p style=\"font-size: 0.8em;line-height: 1.1em;text-align: center;margin: -1.5em 0px 7px 0px;color: #333;!important;background-color: transparent !important\" align=\"center\">CIDADANIA &#8211; Representante dos profissionais de educa\u00e7\u00e3o, Laura Cymbalista participa de audi\u00eancia p\u00fablica na C\u00e2mara<\/p>\n<\/div>\n<p style=\"font-size: 0.5em;line-height: 1.1em;text-align: right;margin: 4px 0px 7px 0px;background-color: transparent !important\">F\u00e1bio Lazzari\/CMSP<\/p>\n<\/div>\n<p><!-- imagem TOTAL - com legenda - CENTRALIZADA --><\/p>\n<p>Em 27 de setembro encerraram-se as audi\u00eancias p\u00fablicas sobre o Plano Municipal de Educa\u00e7\u00e3o (PME), em tramita\u00e7\u00e3o na C\u00e2mara Municipal de S\u00e3o Paulo (CMSP). A colabora\u00e7\u00e3o popular subsidiar\u00e1 a vers\u00e3o final do substitutivo \u00e0 proposta da Prefeitura para o Plano, que organizar\u00e1 o sistema educacional paulistano para os pr\u00f3ximos dez anos. Ap\u00f3s aprovado e sancionado, este ser\u00e1 o primeiro PME desde que a Lei Org\u00e2nica do Munic\u00edpio (LOM), de 1990, determinou sua exist\u00eancia.<\/p>\n<p>O autor do substitutivo ser\u00e1 o vereador Toninho Vespoli (PSOL), tamb\u00e9m relator do Projeto de Lei (PL) do PME (415\/2012), enviado pelo Executivo. Ambos os documentos estabelecem as metas e as estrat\u00e9gias escolhidas para atingi-las e ser\u00e3o analisados pela Comiss\u00e3o de Educa\u00e7\u00e3o, Cultura e Esportes. O texto aprovado seguir\u00e1 para a Comiss\u00e3o de Finan\u00e7as e Or\u00e7amento, para depois ser votado pelos vereadores e seguir para san\u00e7\u00e3o do prefeito Fernando Haddad (PT).<\/p>\n<p><!-- imagem TOTAL - com legenda - CENTRALIZADA --><\/p>\n<div style=\"width: 100%;margin-right: 1.5em;margin-bottom: 1.5em\">\n<div style=\"padding: 5px;background-color: #eee !important\">\n<p><a href=\"http:\/\/www.saopaulo.sp.leg.br\/wp-content\/uploads\/2015\/08\/001.jpg\"><img loading=\"lazy\" decoding=\"async\" class=\"alignnone size-full wp-image-33219\" src=\"http:\/\/www.saopaulo.sp.leg.br\/wp-content\/uploads\/2015\/08\/001.jpg\" alt=\"001\" width=\"1200\" height=\"459\" \/><\/a><\/p>\n<p style=\"font-size: 0.8em;line-height: 1.1em;text-align: center;margin: -1.5em 0px 7px 0px;color: #333;!important;background-color: transparent !important\" align=\"center\">Clique na imagem para v\u00ea-la ampliada<\/p>\n<\/div>\n<\/div>\n<p><!-- imagem TOTAL - com legenda - CENTRALIZADA --><\/p>\n<p>O Plano Municipal de Educa\u00e7\u00e3o vem sendo debatido entre o Executivo e os cidad\u00e3os desde 2008, com a realiza\u00e7\u00e3o de eventos p\u00fablicos. De novembro de 2012 a setembro deste ano, a CMSP realizou 16 audi\u00eancias abertas \u00e0 popula\u00e7\u00e3o sobre o PME \u2013 as dez primeiras discutiram o texto do Executivo e as \u00faltimas analisaram a minuta de substitutivo. Esse trabalho vem sendo coordenado pela Comiss\u00e3o de Educa\u00e7\u00e3o da C\u00e2mara, composta pelos vereadores Toninho Vespoli, Reis (PT) \u2013 presidente, Edir Sales (PSD) \u2013 vice-presidente, Claudinho de Souza (PSDB), Eliseu Gabriel (PSB), Jean Madeira (PRB) e Ota (PROS).<\/p>\n<p><strong>PARTICIPA\u00c7\u00c3O POPULAR<\/strong><\/p>\n<p>Em audi\u00eancia p\u00fablica no dia 16 de agosto, Vespoli disse que o substitutivo ir\u00e1 preencher lacunas do PL 415\/2012. Entre as mais relevantes, o vereador quer que no texto conste a meta de se aplicar pelo menos 35% da receita de impostos na Educa\u00e7\u00e3o, ante 31% previstos na LOM.<\/p>\n<p>A proposta do parlamentar se baseia nas audi\u00eancias p\u00fablicas, no projeto do Executivo e no Plano Nacional de Educa\u00e7\u00e3o (PNE). Para elaborar o substitutivo, Vespoli conta ainda com a colabora\u00e7\u00e3o dos participantes da Confer\u00eancia Municipal de Educa\u00e7\u00e3o, realizada em 2010, para levantar mais subs\u00eddios. Segundo o relator, a contribui\u00e7\u00e3o dos cidad\u00e3os foi importante \u201cpara atualizar as informa\u00e7\u00f5es e tamb\u00e9m porque o PL n\u00e3o contemplava a maioria das quest\u00f5es abordadas durante a Confer\u00eancia\u201d.<\/p>\n<p>Uma das pessoas ouvidas pela Comiss\u00e3o foi a mestre em Educa\u00e7\u00e3o Denise Carreira, que pediu a inser\u00e7\u00e3o do Custo Aluno Qualidade (CAQ) no substitutivo. O \u00edndice, atualmente incorporado ao PNE, foi criado com ajuda da especialista. \u201cO CAQ representa a mudan\u00e7a da l\u00f3gica do financiamento atual, por questionar qual o recurso necess\u00e1rio para concretizar os padr\u00f5es de qualidade previstos na lei\u201d, explicou a educadora em uma reuni\u00e3o feita em junho.<\/p>\n<p>Outro ponto inclu\u00eddo no substitutivo da CMSP visa impedir que o Programa Leve Leite seja considerado uma despesa educacional. \u201cA verba que deveria ser usada especificamente na manuten\u00e7\u00e3o e desenvolvimento no ensino muitas vezes \u00e9 usada para outras coisas\u201d, mencionou Laura de Carvalho Cymbalista, vice-secret\u00e1ria geral do Sindicato dos Profissionais em Educa\u00e7\u00e3o no Ensino Municipal, durante audi\u00eancia p\u00fablica na C\u00e2mara.<\/p>\n<h2><strong><span style=\"color: #800000\">Saiba mais:<\/span><\/strong><\/h2>\n<p><strong>Site: <\/strong><a href=\"http:\/\/www.saopaulo.sp.leg.br\/wp-content\/uploads\/dce\/pme\/\" target=\"_blank\">http:\/\/www.saopaulo.sp.leg.br\/wp-content\/uploads\/dce\/pme\/<\/a><\/p>\n<p><!-- COMENTE SOBRE ESSA MATERIA --><\/p>\n<table border=\"0\" cellspacing=\"0\" cellpadding=\"0\">\n<tbody>\n<tr>\n<td align=\"center\" width=\"50%\">\n<h5>Comente sobre essa mat\u00e9ria:<\/h5>\n<p><a style=\"font-family: 'Helvetica Neue', 'Helvetica', Helvetica, Arial, sans-serif;color: #fff;font-size: 12px;text-decoration: none;font-weight: bold;text-align: center;background-color: #3b5998 !important;margin: 0 0 10px;padding: 3px 7px\" title=\"Facebook da revista Apartes\" href=\"https:\/\/www.facebook.com\/RevistaApartes\" target=\"_blank\">Facebook<\/a> <a style=\"font-family: 'Helvetica Neue', 'Helvetica', Helvetica, Arial, sans-serif;color: #fff;font-size: 12px;text-decoration: none;font-weight: bold;text-align: center;background-color: #1daced !important;margin: 0 0 10px;padding: 3px 7px\" title=\"Twitter da revista Apartes\" href=\"https:\/\/twitter.com\/RevistaApartes\" target=\"_blank\">Twitter<\/a><\/td>\n<td align=\"center\" width=\"50%\">\n<h5>Envie cr\u00edticas ou sugest\u00f5es:<\/h5>\n<p>Email: <strong><a href=\"mailto:apartes@saopaulo.sp.leg.br\">apartes@saopaulo.sp.leg.br<\/a><\/strong><\/td>\n<\/tr>\n<\/tbody>\n<\/table>\n<p><!-- COMENTE SOBRE ESSA MATERIA --><\/p>\n","protected":false},"excerpt":{"rendered":"<p>Futuro da educa\u00e7\u00e3o em debate Ap\u00f3s coletar a opini\u00e3o da sociedade, C\u00e2mara se prepara para votar o Plano Municipal de Educa\u00e7\u00e3o Gisele Machado | gisele@saopaulo.sp.leg.br CIDADANIA &#8211; Representante dos profissionais de educa\u00e7\u00e3o, Laura Cymbalista participa de audi\u00eancia p\u00fablica na C\u00e2mara F\u00e1bio Lazzari\/CMSP Em 27 de setembro encerraram-se as audi\u00eancias p\u00fablicas sobre o Plano Municipal de [&hellip;]<\/p>\n","protected":false},"author":109,"featured_media":0,"parent":24640,"menu_order":3,"comment_status":"closed","ping_status":"closed","template":"","meta":{"footnotes":""},"class_list":["post-33212","page","type-page","status-publish","hentry"],"meta_all":{"_wp_page_template":["default"],"_cmsp_page_download-files":["a:1:{i:0;a:1:{s:4:\"type\";s:3:\"pdf\";}}"],"_cmsp_feature-page_title":["Futuro da educa\u00e7\u00e3o em debate"],"_yoast_wpseo_title":["Futuro da educa\u00e7\u00e3o em debate"],"_yoast_wpseo_bctitle":["Futuro da educa\u00e7\u00e3o em debate"],"_edit_last":["109"],"_edit_lock":["1480541042:109"],"_yoast_wpseo_opengraph-title":["Futuro da educa\u00e7\u00e3o em debate"],"_yoast_wpseo_opengraph-description":["Ap\u00f3s coletar a opini\u00e3o da sociedade, C\u00e2mara se prepara para votar o Plano Municipal de Educa\u00e7\u00e3o"],"_yoast_wpseo_twitter-title":["Futuro da educa\u00e7\u00e3o em debate"],"_yoast_wpseo_twitter-description":["Ap\u00f3s coletar a opini\u00e3o da sociedade, C\u00e2mara se prepara para votar o Plano Municipal de Educa\u00e7\u00e3o"],"_yoast_wpseo_content_score":["30"]},"yoast_head":"<!-- This site is optimized with the Yoast SEO plugin v27.4 - https:\/\/yoast.com\/product\/yoast-seo-wordpress\/ -->\n<title>Futuro da educa\u00e7\u00e3o em debate<\/title>\n<meta name=\"robots\" content=\"index, follow, max-snippet:-1, max-image-preview:large, max-video-preview:-1\" \/>\n<link rel=\"canonical\" href=\"https:\/\/www.saopaulo.sp.leg.br\/apartes-anteriores\/revista-apartes\/numero-10-setembrooutubro-2014\/futuro-da-educacao-em-debate\/\" \/>\n<meta property=\"og:locale\" content=\"pt_BR\" \/>\n<meta property=\"og:type\" content=\"article\" \/>\n<meta property=\"og:title\" content=\"Futuro da educa\u00e7\u00e3o em debate\" \/>\n<meta property=\"og:description\" content=\"Ap\u00f3s coletar a opini\u00e3o da sociedade, C\u00e2mara se prepara para votar o Plano Municipal de Educa\u00e7\u00e3o\" \/>\n<meta property=\"og:url\" content=\"https:\/\/www.saopaulo.sp.leg.br\/apartes-anteriores\/revista-apartes\/numero-10-setembrooutubro-2014\/futuro-da-educacao-em-debate\/\" \/>\n<meta property=\"og:site_name\" content=\"Revista Apartes (edi\u00e7\u00f5es anteriores)\" \/>\n<meta property=\"article:publisher\" content=\"https:\/\/www.facebook.com\/RevistaApartes\/\" \/>\n<meta property=\"article:modified_time\" content=\"2016-11-30T21:21:07+00:00\" \/>\n<meta property=\"og:image\" content=\"http:\/\/www.saopaulo.sp.leg.br\/wp-content\/uploads\/2015\/08\/05.jpg\" \/>\n<meta name=\"twitter:card\" content=\"summary_large_image\" \/>\n<meta name=\"twitter:title\" content=\"Futuro da educa\u00e7\u00e3o em debate\" \/>\n<meta name=\"twitter:description\" content=\"Ap\u00f3s coletar a opini\u00e3o da sociedade, C\u00e2mara se prepara para votar o Plano Municipal de Educa\u00e7\u00e3o\" \/>\n<meta name=\"twitter:site\" content=\"@revistaapartes\" \/>\n<meta name=\"twitter:label1\" content=\"Est. tempo de leitura\" \/>\n\t<meta name=\"twitter:data1\" content=\"3 minutos\" \/>\n<script type=\"application\/ld+json\" class=\"yoast-schema-graph\">{\"@context\":\"https:\\\/\\\/schema.org\",\"@graph\":[{\"@type\":\"WebPage\",\"@id\":\"https:\\\/\\\/www.saopaulo.sp.leg.br\\\/apartes-anteriores\\\/revista-apartes\\\/numero-10-setembrooutubro-2014\\\/futuro-da-educacao-em-debate\\\/\",\"url\":\"https:\\\/\\\/www.saopaulo.sp.leg.br\\\/apartes-anteriores\\\/revista-apartes\\\/numero-10-setembrooutubro-2014\\\/futuro-da-educacao-em-debate\\\/\",\"name\":\"Futuro da educa\u00e7\u00e3o em debate\",\"isPartOf\":{\"@id\":\"https:\\\/\\\/www.saopaulo.sp.leg.br\\\/apartes-anteriores\\\/#website\"},\"primaryImageOfPage\":{\"@id\":\"https:\\\/\\\/www.saopaulo.sp.leg.br\\\/apartes-anteriores\\\/revista-apartes\\\/numero-10-setembrooutubro-2014\\\/futuro-da-educacao-em-debate\\\/#primaryimage\"},\"image\":{\"@id\":\"https:\\\/\\\/www.saopaulo.sp.leg.br\\\/apartes-anteriores\\\/revista-apartes\\\/numero-10-setembrooutubro-2014\\\/futuro-da-educacao-em-debate\\\/#primaryimage\"},\"thumbnailUrl\":\"http:\\\/\\\/www.saopaulo.sp.leg.br\\\/wp-content\\\/uploads\\\/2015\\\/08\\\/05.jpg\",\"datePublished\":\"2015-08-03T17:40:16+00:00\",\"dateModified\":\"2016-11-30T21:21:07+00:00\",\"breadcrumb\":{\"@id\":\"https:\\\/\\\/www.saopaulo.sp.leg.br\\\/apartes-anteriores\\\/revista-apartes\\\/numero-10-setembrooutubro-2014\\\/futuro-da-educacao-em-debate\\\/#breadcrumb\"},\"inLanguage\":\"pt-BR\",\"potentialAction\":[{\"@type\":\"ReadAction\",\"target\":[\"https:\\\/\\\/www.saopaulo.sp.leg.br\\\/apartes-anteriores\\\/revista-apartes\\\/numero-10-setembrooutubro-2014\\\/futuro-da-educacao-em-debate\\\/\"]}]},{\"@type\":\"ImageObject\",\"inLanguage\":\"pt-BR\",\"@id\":\"https:\\\/\\\/www.saopaulo.sp.leg.br\\\/apartes-anteriores\\\/revista-apartes\\\/numero-10-setembrooutubro-2014\\\/futuro-da-educacao-em-debate\\\/#primaryimage\",\"url\":\"http:\\\/\\\/www.saopaulo.sp.leg.br\\\/wp-content\\\/uploads\\\/2015\\\/08\\\/05.jpg\",\"contentUrl\":\"http:\\\/\\\/www.saopaulo.sp.leg.br\\\/wp-content\\\/uploads\\\/2015\\\/08\\\/05.jpg\"},{\"@type\":\"BreadcrumbList\",\"@id\":\"https:\\\/\\\/www.saopaulo.sp.leg.br\\\/apartes-anteriores\\\/revista-apartes\\\/numero-10-setembrooutubro-2014\\\/futuro-da-educacao-em-debate\\\/#breadcrumb\",\"itemListElement\":[{\"@type\":\"ListItem\",\"position\":1,\"name\":\"Home\",\"item\":\"https:\\\/\\\/www.saopaulo.sp.leg.br\\\/apartes-anteriores\\\/\"},{\"@type\":\"ListItem\",\"position\":2,\"name\":\"Revista Apartes\",\"item\":\"https:\\\/\\\/www.saopaulo.sp.leg.br\\\/apartes-anteriores\\\/\"},{\"@type\":\"ListItem\",\"position\":3,\"name\":\"N\u00famero 10 &#8211; set-out\\\/2014\",\"item\":\"https:\\\/\\\/www.saopaulo.sp.leg.br\\\/apartes-anteriores\\\/revista-apartes\\\/numero-10-setembrooutubro-2014\\\/\"},{\"@type\":\"ListItem\",\"position\":4,\"name\":\"Futuro da educa\u00e7\u00e3o em debate\"}]},{\"@type\":\"WebSite\",\"@id\":\"https:\\\/\\\/www.saopaulo.sp.leg.br\\\/apartes-anteriores\\\/#website\",\"url\":\"https:\\\/\\\/www.saopaulo.sp.leg.br\\\/apartes-anteriores\\\/\",\"name\":\"Revista Apartes (edi\u00e7\u00f5es anteriores)\",\"description\":\"Revista Apartes (edi\u00e7\u00f5es anteriores)\",\"potentialAction\":[{\"@type\":\"SearchAction\",\"target\":{\"@type\":\"EntryPoint\",\"urlTemplate\":\"https:\\\/\\\/www.saopaulo.sp.leg.br\\\/apartes-anteriores\\\/?s={search_term_string}\"},\"query-input\":{\"@type\":\"PropertyValueSpecification\",\"valueRequired\":true,\"valueName\":\"search_term_string\"}}],\"inLanguage\":\"pt-BR\"}]}<\/script>\n<!-- \/ Yoast SEO plugin. -->","yoast_head_json":{"title":"Futuro da educa\u00e7\u00e3o em debate","robots":{"index":"index","follow":"follow","max-snippet":"max-snippet:-1","max-image-preview":"max-image-preview:large","max-video-preview":"max-video-preview:-1"},"canonical":"https:\/\/www.saopaulo.sp.leg.br\/apartes-anteriores\/revista-apartes\/numero-10-setembrooutubro-2014\/futuro-da-educacao-em-debate\/","og_locale":"pt_BR","og_type":"article","og_title":"Futuro da educa\u00e7\u00e3o em debate","og_description":"Ap\u00f3s coletar a opini\u00e3o da sociedade, C\u00e2mara se prepara para votar o Plano Municipal de Educa\u00e7\u00e3o","og_url":"https:\/\/www.saopaulo.sp.leg.br\/apartes-anteriores\/revista-apartes\/numero-10-setembrooutubro-2014\/futuro-da-educacao-em-debate\/","og_site_name":"Revista Apartes (edi\u00e7\u00f5es anteriores)","article_publisher":"https:\/\/www.facebook.com\/RevistaApartes\/","article_modified_time":"2016-11-30T21:21:07+00:00","og_image":[{"url":"http:\/\/www.saopaulo.sp.leg.br\/wp-content\/uploads\/2015\/08\/05.jpg","type":"","width":"","height":""}],"twitter_card":"summary_large_image","twitter_title":"Futuro da educa\u00e7\u00e3o em debate","twitter_description":"Ap\u00f3s coletar a opini\u00e3o da sociedade, C\u00e2mara se prepara para votar o Plano Municipal de Educa\u00e7\u00e3o","twitter_site":"@revistaapartes","twitter_misc":{"Est. tempo de leitura":"3 minutos"},"schema":{"@context":"https:\/\/schema.org","@graph":[{"@type":"WebPage","@id":"https:\/\/www.saopaulo.sp.leg.br\/apartes-anteriores\/revista-apartes\/numero-10-setembrooutubro-2014\/futuro-da-educacao-em-debate\/","url":"https:\/\/www.saopaulo.sp.leg.br\/apartes-anteriores\/revista-apartes\/numero-10-setembrooutubro-2014\/futuro-da-educacao-em-debate\/","name":"Futuro da educa\u00e7\u00e3o em debate","isPartOf":{"@id":"https:\/\/www.saopaulo.sp.leg.br\/apartes-anteriores\/#website"},"primaryImageOfPage":{"@id":"https:\/\/www.saopaulo.sp.leg.br\/apartes-anteriores\/revista-apartes\/numero-10-setembrooutubro-2014\/futuro-da-educacao-em-debate\/#primaryimage"},"image":{"@id":"https:\/\/www.saopaulo.sp.leg.br\/apartes-anteriores\/revista-apartes\/numero-10-setembrooutubro-2014\/futuro-da-educacao-em-debate\/#primaryimage"},"thumbnailUrl":"http:\/\/www.saopaulo.sp.leg.br\/wp-content\/uploads\/2015\/08\/05.jpg","datePublished":"2015-08-03T17:40:16+00:00","dateModified":"2016-11-30T21:21:07+00:00","breadcrumb":{"@id":"https:\/\/www.saopaulo.sp.leg.br\/apartes-anteriores\/revista-apartes\/numero-10-setembrooutubro-2014\/futuro-da-educacao-em-debate\/#breadcrumb"},"inLanguage":"pt-BR","potentialAction":[{"@type":"ReadAction","target":["https:\/\/www.saopaulo.sp.leg.br\/apartes-anteriores\/revista-apartes\/numero-10-setembrooutubro-2014\/futuro-da-educacao-em-debate\/"]}]},{"@type":"ImageObject","inLanguage":"pt-BR","@id":"https:\/\/www.saopaulo.sp.leg.br\/apartes-anteriores\/revista-apartes\/numero-10-setembrooutubro-2014\/futuro-da-educacao-em-debate\/#primaryimage","url":"http:\/\/www.saopaulo.sp.leg.br\/wp-content\/uploads\/2015\/08\/05.jpg","contentUrl":"http:\/\/www.saopaulo.sp.leg.br\/wp-content\/uploads\/2015\/08\/05.jpg"},{"@type":"BreadcrumbList","@id":"https:\/\/www.saopaulo.sp.leg.br\/apartes-anteriores\/revista-apartes\/numero-10-setembrooutubro-2014\/futuro-da-educacao-em-debate\/#breadcrumb","itemListElement":[{"@type":"ListItem","position":1,"name":"Home","item":"https:\/\/www.saopaulo.sp.leg.br\/apartes-anteriores\/"},{"@type":"ListItem","position":2,"name":"Revista Apartes","item":"https:\/\/www.saopaulo.sp.leg.br\/apartes-anteriores\/"},{"@type":"ListItem","position":3,"name":"N\u00famero 10 &#8211; set-out\/2014","item":"https:\/\/www.saopaulo.sp.leg.br\/apartes-anteriores\/revista-apartes\/numero-10-setembrooutubro-2014\/"},{"@type":"ListItem","position":4,"name":"Futuro da educa\u00e7\u00e3o em debate"}]},{"@type":"WebSite","@id":"https:\/\/www.saopaulo.sp.leg.br\/apartes-anteriores\/#website","url":"https:\/\/www.saopaulo.sp.leg.br\/apartes-anteriores\/","name":"Revista Apartes (edi\u00e7\u00f5es anteriores)","description":"Revista Apartes (edi\u00e7\u00f5es anteriores)","potentialAction":[{"@type":"SearchAction","target":{"@type":"EntryPoint","urlTemplate":"https:\/\/www.saopaulo.sp.leg.br\/apartes-anteriores\/?s={search_term_string}"},"query-input":{"@type":"PropertyValueSpecification","valueRequired":true,"valueName":"search_term_string"}}],"inLanguage":"pt-BR"}]}},"_links":{"self":[{"href":"https:\/\/www.saopaulo.sp.leg.br\/apartes-anteriores\/wp-json\/wp\/v2\/pages\/33212","targetHints":{"allow":["GET"]}}],"collection":[{"href":"https:\/\/www.saopaulo.sp.leg.br\/apartes-anteriores\/wp-json\/wp\/v2\/pages"}],"about":[{"href":"https:\/\/www.saopaulo.sp.leg.br\/apartes-anteriores\/wp-json\/wp\/v2\/types\/page"}],"author":[{"embeddable":true,"href":"https:\/\/www.saopaulo.sp.leg.br\/apartes-anteriores\/wp-json\/wp\/v2\/users\/109"}],"replies":[{"embeddable":true,"href":"https:\/\/www.saopaulo.sp.leg.br\/apartes-anteriores\/wp-json\/wp\/v2\/comments?post=33212"}],"version-history":[{"count":0,"href":"https:\/\/www.saopaulo.sp.leg.br\/apartes-anteriores\/wp-json\/wp\/v2\/pages\/33212\/revisions"}],"up":[{"embeddable":true,"href":"https:\/\/www.saopaulo.sp.leg.br\/apartes-anteriores\/wp-json\/wp\/v2\/pages\/24640"}],"wp:attachment":[{"href":"https:\/\/www.saopaulo.sp.leg.br\/apartes-anteriores\/wp-json\/wp\/v2\/media?parent=33212"}],"curies":[{"name":"wp","href":"https:\/\/api.w.org\/{rel}","templated":true}]}}