{"id":33180,"date":"2015-07-31T14:35:39","date_gmt":"2015-07-31T17:35:39","guid":{"rendered":"http:\/\/www.saopaulo.sp.leg.br\/?page_id=33180"},"modified":"2015-08-19T21:19:19","modified_gmt":"2015-08-19T21:19:19","slug":"no10-palavra-do-presidente","status":"publish","type":"page","link":"https:\/\/www.saopaulo.sp.leg.br\/apartes-anteriores\/revista-apartes\/numero-10-setembrooutubro-2014\/no10-palavra-do-presidente\/","title":{"rendered":"N\u00ba10 \u2013 Palavra do Presidente"},"content":{"rendered":"<div style=\"float: right;margin-left: 1.5em\">\n<div style=\"float: right;padding: 5px;background-color: #eee !important\">\n<p><a href=\"http:\/\/www.saopaulo.sp.leg.br\/wp-content\/uploads\/2015\/07\/apartes_N11_1.jpg\"><img loading=\"lazy\" decoding=\"async\" class=\"alignnone  wp-image-32649\" src=\"http:\/\/www.saopaulo.sp.leg.br\/wp-content\/uploads\/2015\/07\/apartes_N11_1.jpg\" alt=\"apartes_N11_1\" width=\"150\" height=\"185\" \/><\/a><\/p>\n<p style=\"font-size: 0.8em;line-height: 1.1em;text-align: center;margin: -1.5em 0px 7px 0px;color: #333;!important;background-color: transparent !important\" align=\"center\">Vereador Jos\u00e9 Am\u00e9rico<br \/>\nPresidente da CMSP<\/p>\n<\/div>\n<p style=\"font-size: 0.5em;line-height: 1.1em;text-align: right;margin: 4px 0px 7px;color: #333;!important;background-color: transparent !important\" align=\"center\">Equipe de Eventos\/CMSP<\/p>\n<\/div>\n<h1 class=\"p1\"><span style=\"color: #800000\"><strong>Palavra do Presidente<\/strong><\/span><\/h1>\n<p>A cidade de S\u00e3o Paulo passa por um processo de discuss\u00e3o e planejamento de seu futuro. Ap\u00f3s amplo debate com a sociedade, a C\u00e2mara Municipal de S\u00e3o Paulo (CMSP) aprovou no primeiro semestre o Plano Diretor Estrat\u00e9gico (PDE). Ap\u00f3s esse importante trabalho, entrou em pauta o Plano Municipal de Educa\u00e7\u00e3o (PME), assunto de uma das reportagens desta edi\u00e7\u00e3o. Audi\u00eancias p\u00fablicas foram realizadas, e as sugest\u00f5es para o PME ainda podem ser enviadas pelo site <em><a href=\"http:\/\/www.saopaulo.sp.leg.br\/wp-content\/uploads\/dce\/pme\/\" target=\"_blank\">http:\/\/www.saopaulo.sp.leg.br\/wp-content\/uploads\/dce\/pme\/<\/a><\/em>. A participa\u00e7\u00e3o popular \u00e9 imprescind\u00edvel para que o Plano de Educa\u00e7\u00e3o tenha o mesmo sucesso obtido pelo PDE.<\/p>\n<p>A influ\u00eancia dos cidad\u00e3os nas decis\u00f5es do governo municipal tornou-se, inclusive, mais direta com uma iniciativa da C\u00e2mara abordada em outra mat\u00e9ria desta edi\u00e7\u00e3o. Gra\u00e7as a duas emendas parlamentares a um projeto do Executivo, criou-se o Conselho Participativo Municipal, com representa\u00e7\u00e3o em todas as Subprefeituras paulistanas. O principal objetivo dos conselheiros \u00e9 lutar para que os direitos da popula\u00e7\u00e3o sejam atendidos pelos servi\u00e7os p\u00fablicos.<\/p>\n<p>Falar do futuro da capital paulista inclui, necessariamente, discutir solu\u00e7\u00f5es para seu tr\u00e2nsito ca\u00f3tico. Nesta edi\u00e7\u00e3o, apresentamos lei aprovada pela CMSP que prev\u00ea a incorpora\u00e7\u00e3o do Sistema de Transporte P\u00fablico Hidrovi\u00e1rio de S\u00e3o Paulo (STPHSP) \u00e0 rede de transporte coletivo, como \u00f4nibus, metr\u00f4 e trem. A reportagem De barco e Bilhete \u00danico resgata a \u00e9poca em que S\u00e3o Paulo usufru\u00eda de seus rios, seja para transporte ou lazer. O texto tamb\u00e9m aponta as possibilidades que as hidrovias trazem para a cidade, com a utiliza\u00e7\u00e3o dos rios Tiet\u00ea e Pinheiros, al\u00e9m das represas Billings e Guarapiranga. Mostra, inclusive, que dois projetos em tramita\u00e7\u00e3o na CMSP criam as primeiras hidrolinhas.<\/p>\n<p>Ainda sobre o tema educa\u00e7\u00e3o, esta edi\u00e7\u00e3o debate a quest\u00e3o da medicaliza\u00e7\u00e3o, assunto que vem ganhando corpo neste Parlamento, com semin\u00e1rios, discuss\u00f5es e projetos. A reportagem Da sala de aula para o consult\u00f3rio aproveita um projeto de lei aprovado pelos vereadores, que criou o Dia Municipal de Luta contra a Medicaliza\u00e7\u00e3o da Educa\u00e7\u00e3o, para abordar quest\u00f5es como o alto n\u00famero de alunos diagnosticados com transtornos, doen\u00e7as e dist\u00farbios, assim como o aumento do consumo de rem\u00e9dios para tratamento de problemas como d\u00e9ficit de aten\u00e7\u00e3o.<\/p>\n<p>Continuando com a s\u00e9rie de perfis que homenageiam e relembram a hist\u00f3ria de parlamentares importantes da C\u00e2mara, trazemos a trajet\u00f3ria de Jo\u00e3o Brasil Vita, vereador em S\u00e3o Paulo por dez mandatos consecutivos, presidente em\u00e9rito da Casa e nome do Sal\u00e3o Nobre do Pal\u00e1cio Anchieta, sede da CMSP. Da inf\u00e2ncia no bairro do Cambuci \u00e0 Presid\u00eancia da C\u00e2mara, Vita chegou a ser prefeito da capital por seis dias, mas nem o pouco tempo impediu que deixasse uma heran\u00e7a importante para a cidade como chefe do Executivo. Os detalhes est\u00e3o em <em>Quatro d\u00e9cadas no Parlamento<\/em>.<\/p>\n<p>Uma \u00f3tima leitura a todos!<\/p>\n","protected":false},"excerpt":{"rendered":"<p>Vereador Jos\u00e9 Am\u00e9rico Presidente da CMSP Equipe de Eventos\/CMSP Palavra do Presidente A cidade de S\u00e3o Paulo passa por um processo de discuss\u00e3o e planejamento de seu futuro. Ap\u00f3s amplo debate com a sociedade, a C\u00e2mara Municipal de S\u00e3o Paulo (CMSP) aprovou no primeiro semestre o Plano Diretor Estrat\u00e9gico (PDE). Ap\u00f3s esse importante trabalho, entrou [&hellip;]<\/p>\n","protected":false},"author":109,"featured_media":0,"parent":24640,"menu_order":0,"comment_status":"open","ping_status":"open","template":"","meta":{"footnotes":""},"class_list":["post-33180","page","type-page","status-publish","hentry"],"meta_all":{"_wp_page_template":["default"],"_cmsp_page_download-files":["a:1:{i:0;a:1:{s:4:\"type\";s:3:\"pdf\";}}"],"_cmsp_feature-page_title":["N\u00ba10 - Palavra do Presidente"],"_yoast_wpseo_title":["N\u00ba10 - Palavra do Presidente"],"_yoast_wpseo_bctitle":["N\u00ba10 - Palavra do Presidente"],"_edit_last":["109"],"_edit_lock":["1440019018:109"]},"yoast_head":"<!-- This site is optimized with the Yoast SEO plugin v27.4 - https:\/\/yoast.com\/product\/yoast-seo-wordpress\/ -->\n<title>N\u00ba10 - Palavra do Presidente<\/title>\n<meta name=\"robots\" content=\"index, follow, max-snippet:-1, max-image-preview:large, max-video-preview:-1\" \/>\n<link rel=\"canonical\" href=\"https:\/\/www.saopaulo.sp.leg.br\/apartes-anteriores\/revista-apartes\/numero-10-setembrooutubro-2014\/no10-palavra-do-presidente\/\" \/>\n<meta property=\"og:locale\" content=\"pt_BR\" \/>\n<meta property=\"og:type\" content=\"article\" \/>\n<meta property=\"og:title\" content=\"N\u00ba10 - Palavra do Presidente\" \/>\n<meta property=\"og:description\" content=\"Vereador Jos\u00e9 Am\u00e9rico Presidente da CMSP Equipe de Eventos\/CMSP Palavra do Presidente A cidade de S\u00e3o Paulo passa por um processo de discuss\u00e3o e planejamento de seu futuro. Ap\u00f3s amplo debate com a sociedade, a C\u00e2mara Municipal de S\u00e3o Paulo (CMSP) aprovou no primeiro semestre o Plano Diretor Estrat\u00e9gico (PDE). Ap\u00f3s esse importante trabalho, entrou [&hellip;]\" \/>\n<meta property=\"og:url\" content=\"https:\/\/www.saopaulo.sp.leg.br\/apartes-anteriores\/revista-apartes\/numero-10-setembrooutubro-2014\/no10-palavra-do-presidente\/\" \/>\n<meta property=\"og:site_name\" content=\"Revista Apartes (edi\u00e7\u00f5es anteriores)\" \/>\n<meta property=\"article:publisher\" content=\"https:\/\/www.facebook.com\/RevistaApartes\/\" \/>\n<meta property=\"article:modified_time\" content=\"2015-08-19T21:19:19+00:00\" \/>\n<meta property=\"og:image\" content=\"http:\/\/www.saopaulo.sp.leg.br\/wp-content\/uploads\/2015\/07\/apartes_N11_1.jpg\" \/>\n<meta name=\"twitter:card\" content=\"summary_large_image\" \/>\n<meta name=\"twitter:site\" content=\"@revistaapartes\" \/>\n<meta name=\"twitter:label1\" content=\"Est. tempo de leitura\" \/>\n\t<meta name=\"twitter:data1\" content=\"3 minutos\" \/>\n<script type=\"application\/ld+json\" class=\"yoast-schema-graph\">{\"@context\":\"https:\\\/\\\/schema.org\",\"@graph\":[{\"@type\":\"WebPage\",\"@id\":\"https:\\\/\\\/www.saopaulo.sp.leg.br\\\/apartes-anteriores\\\/revista-apartes\\\/numero-10-setembrooutubro-2014\\\/no10-palavra-do-presidente\\\/\",\"url\":\"https:\\\/\\\/www.saopaulo.sp.leg.br\\\/apartes-anteriores\\\/revista-apartes\\\/numero-10-setembrooutubro-2014\\\/no10-palavra-do-presidente\\\/\",\"name\":\"N\u00ba10 - Palavra do Presidente\",\"isPartOf\":{\"@id\":\"https:\\\/\\\/www.saopaulo.sp.leg.br\\\/apartes-anteriores\\\/#website\"},\"primaryImageOfPage\":{\"@id\":\"https:\\\/\\\/www.saopaulo.sp.leg.br\\\/apartes-anteriores\\\/revista-apartes\\\/numero-10-setembrooutubro-2014\\\/no10-palavra-do-presidente\\\/#primaryimage\"},\"image\":{\"@id\":\"https:\\\/\\\/www.saopaulo.sp.leg.br\\\/apartes-anteriores\\\/revista-apartes\\\/numero-10-setembrooutubro-2014\\\/no10-palavra-do-presidente\\\/#primaryimage\"},\"thumbnailUrl\":\"http:\\\/\\\/www.saopaulo.sp.leg.br\\\/wp-content\\\/uploads\\\/2015\\\/07\\\/apartes_N11_1.jpg\",\"datePublished\":\"2015-07-31T17:35:39+00:00\",\"dateModified\":\"2015-08-19T21:19:19+00:00\",\"breadcrumb\":{\"@id\":\"https:\\\/\\\/www.saopaulo.sp.leg.br\\\/apartes-anteriores\\\/revista-apartes\\\/numero-10-setembrooutubro-2014\\\/no10-palavra-do-presidente\\\/#breadcrumb\"},\"inLanguage\":\"pt-BR\",\"potentialAction\":[{\"@type\":\"ReadAction\",\"target\":[\"https:\\\/\\\/www.saopaulo.sp.leg.br\\\/apartes-anteriores\\\/revista-apartes\\\/numero-10-setembrooutubro-2014\\\/no10-palavra-do-presidente\\\/\"]}]},{\"@type\":\"ImageObject\",\"inLanguage\":\"pt-BR\",\"@id\":\"https:\\\/\\\/www.saopaulo.sp.leg.br\\\/apartes-anteriores\\\/revista-apartes\\\/numero-10-setembrooutubro-2014\\\/no10-palavra-do-presidente\\\/#primaryimage\",\"url\":\"http:\\\/\\\/www.saopaulo.sp.leg.br\\\/wp-content\\\/uploads\\\/2015\\\/07\\\/apartes_N11_1.jpg\",\"contentUrl\":\"http:\\\/\\\/www.saopaulo.sp.leg.br\\\/wp-content\\\/uploads\\\/2015\\\/07\\\/apartes_N11_1.jpg\"},{\"@type\":\"BreadcrumbList\",\"@id\":\"https:\\\/\\\/www.saopaulo.sp.leg.br\\\/apartes-anteriores\\\/revista-apartes\\\/numero-10-setembrooutubro-2014\\\/no10-palavra-do-presidente\\\/#breadcrumb\",\"itemListElement\":[{\"@type\":\"ListItem\",\"position\":1,\"name\":\"Home\",\"item\":\"https:\\\/\\\/www.saopaulo.sp.leg.br\\\/apartes-anteriores\\\/\"},{\"@type\":\"ListItem\",\"position\":2,\"name\":\"Revista Apartes\",\"item\":\"https:\\\/\\\/www.saopaulo.sp.leg.br\\\/apartes-anteriores\\\/\"},{\"@type\":\"ListItem\",\"position\":3,\"name\":\"N\u00famero 10 &#8211; set-out\\\/2014\",\"item\":\"https:\\\/\\\/www.saopaulo.sp.leg.br\\\/apartes-anteriores\\\/revista-apartes\\\/numero-10-setembrooutubro-2014\\\/\"},{\"@type\":\"ListItem\",\"position\":4,\"name\":\"N\u00ba10 - Palavra do Presidente\"}]},{\"@type\":\"WebSite\",\"@id\":\"https:\\\/\\\/www.saopaulo.sp.leg.br\\\/apartes-anteriores\\\/#website\",\"url\":\"https:\\\/\\\/www.saopaulo.sp.leg.br\\\/apartes-anteriores\\\/\",\"name\":\"Revista Apartes (edi\u00e7\u00f5es anteriores)\",\"description\":\"Revista Apartes (edi\u00e7\u00f5es anteriores)\",\"potentialAction\":[{\"@type\":\"SearchAction\",\"target\":{\"@type\":\"EntryPoint\",\"urlTemplate\":\"https:\\\/\\\/www.saopaulo.sp.leg.br\\\/apartes-anteriores\\\/?s={search_term_string}\"},\"query-input\":{\"@type\":\"PropertyValueSpecification\",\"valueRequired\":true,\"valueName\":\"search_term_string\"}}],\"inLanguage\":\"pt-BR\"}]}<\/script>\n<!-- \/ Yoast SEO plugin. -->","yoast_head_json":{"title":"N\u00ba10 - Palavra do Presidente","robots":{"index":"index","follow":"follow","max-snippet":"max-snippet:-1","max-image-preview":"max-image-preview:large","max-video-preview":"max-video-preview:-1"},"canonical":"https:\/\/www.saopaulo.sp.leg.br\/apartes-anteriores\/revista-apartes\/numero-10-setembrooutubro-2014\/no10-palavra-do-presidente\/","og_locale":"pt_BR","og_type":"article","og_title":"N\u00ba10 - Palavra do Presidente","og_description":"Vereador Jos\u00e9 Am\u00e9rico Presidente da CMSP Equipe de Eventos\/CMSP Palavra do Presidente A cidade de S\u00e3o Paulo passa por um processo de discuss\u00e3o e planejamento de seu futuro. Ap\u00f3s amplo debate com a sociedade, a C\u00e2mara Municipal de S\u00e3o Paulo (CMSP) aprovou no primeiro semestre o Plano Diretor Estrat\u00e9gico (PDE). Ap\u00f3s esse importante trabalho, entrou [&hellip;]","og_url":"https:\/\/www.saopaulo.sp.leg.br\/apartes-anteriores\/revista-apartes\/numero-10-setembrooutubro-2014\/no10-palavra-do-presidente\/","og_site_name":"Revista Apartes (edi\u00e7\u00f5es anteriores)","article_publisher":"https:\/\/www.facebook.com\/RevistaApartes\/","article_modified_time":"2015-08-19T21:19:19+00:00","og_image":[{"url":"http:\/\/www.saopaulo.sp.leg.br\/wp-content\/uploads\/2015\/07\/apartes_N11_1.jpg","type":"","width":"","height":""}],"twitter_card":"summary_large_image","twitter_site":"@revistaapartes","twitter_misc":{"Est. tempo de leitura":"3 minutos"},"schema":{"@context":"https:\/\/schema.org","@graph":[{"@type":"WebPage","@id":"https:\/\/www.saopaulo.sp.leg.br\/apartes-anteriores\/revista-apartes\/numero-10-setembrooutubro-2014\/no10-palavra-do-presidente\/","url":"https:\/\/www.saopaulo.sp.leg.br\/apartes-anteriores\/revista-apartes\/numero-10-setembrooutubro-2014\/no10-palavra-do-presidente\/","name":"N\u00ba10 - Palavra do Presidente","isPartOf":{"@id":"https:\/\/www.saopaulo.sp.leg.br\/apartes-anteriores\/#website"},"primaryImageOfPage":{"@id":"https:\/\/www.saopaulo.sp.leg.br\/apartes-anteriores\/revista-apartes\/numero-10-setembrooutubro-2014\/no10-palavra-do-presidente\/#primaryimage"},"image":{"@id":"https:\/\/www.saopaulo.sp.leg.br\/apartes-anteriores\/revista-apartes\/numero-10-setembrooutubro-2014\/no10-palavra-do-presidente\/#primaryimage"},"thumbnailUrl":"http:\/\/www.saopaulo.sp.leg.br\/wp-content\/uploads\/2015\/07\/apartes_N11_1.jpg","datePublished":"2015-07-31T17:35:39+00:00","dateModified":"2015-08-19T21:19:19+00:00","breadcrumb":{"@id":"https:\/\/www.saopaulo.sp.leg.br\/apartes-anteriores\/revista-apartes\/numero-10-setembrooutubro-2014\/no10-palavra-do-presidente\/#breadcrumb"},"inLanguage":"pt-BR","potentialAction":[{"@type":"ReadAction","target":["https:\/\/www.saopaulo.sp.leg.br\/apartes-anteriores\/revista-apartes\/numero-10-setembrooutubro-2014\/no10-palavra-do-presidente\/"]}]},{"@type":"ImageObject","inLanguage":"pt-BR","@id":"https:\/\/www.saopaulo.sp.leg.br\/apartes-anteriores\/revista-apartes\/numero-10-setembrooutubro-2014\/no10-palavra-do-presidente\/#primaryimage","url":"http:\/\/www.saopaulo.sp.leg.br\/wp-content\/uploads\/2015\/07\/apartes_N11_1.jpg","contentUrl":"http:\/\/www.saopaulo.sp.leg.br\/wp-content\/uploads\/2015\/07\/apartes_N11_1.jpg"},{"@type":"BreadcrumbList","@id":"https:\/\/www.saopaulo.sp.leg.br\/apartes-anteriores\/revista-apartes\/numero-10-setembrooutubro-2014\/no10-palavra-do-presidente\/#breadcrumb","itemListElement":[{"@type":"ListItem","position":1,"name":"Home","item":"https:\/\/www.saopaulo.sp.leg.br\/apartes-anteriores\/"},{"@type":"ListItem","position":2,"name":"Revista Apartes","item":"https:\/\/www.saopaulo.sp.leg.br\/apartes-anteriores\/"},{"@type":"ListItem","position":3,"name":"N\u00famero 10 &#8211; set-out\/2014","item":"https:\/\/www.saopaulo.sp.leg.br\/apartes-anteriores\/revista-apartes\/numero-10-setembrooutubro-2014\/"},{"@type":"ListItem","position":4,"name":"N\u00ba10 - Palavra do Presidente"}]},{"@type":"WebSite","@id":"https:\/\/www.saopaulo.sp.leg.br\/apartes-anteriores\/#website","url":"https:\/\/www.saopaulo.sp.leg.br\/apartes-anteriores\/","name":"Revista Apartes (edi\u00e7\u00f5es anteriores)","description":"Revista Apartes (edi\u00e7\u00f5es anteriores)","potentialAction":[{"@type":"SearchAction","target":{"@type":"EntryPoint","urlTemplate":"https:\/\/www.saopaulo.sp.leg.br\/apartes-anteriores\/?s={search_term_string}"},"query-input":{"@type":"PropertyValueSpecification","valueRequired":true,"valueName":"search_term_string"}}],"inLanguage":"pt-BR"}]}},"_links":{"self":[{"href":"https:\/\/www.saopaulo.sp.leg.br\/apartes-anteriores\/wp-json\/wp\/v2\/pages\/33180","targetHints":{"allow":["GET"]}}],"collection":[{"href":"https:\/\/www.saopaulo.sp.leg.br\/apartes-anteriores\/wp-json\/wp\/v2\/pages"}],"about":[{"href":"https:\/\/www.saopaulo.sp.leg.br\/apartes-anteriores\/wp-json\/wp\/v2\/types\/page"}],"author":[{"embeddable":true,"href":"https:\/\/www.saopaulo.sp.leg.br\/apartes-anteriores\/wp-json\/wp\/v2\/users\/109"}],"replies":[{"embeddable":true,"href":"https:\/\/www.saopaulo.sp.leg.br\/apartes-anteriores\/wp-json\/wp\/v2\/comments?post=33180"}],"version-history":[{"count":0,"href":"https:\/\/www.saopaulo.sp.leg.br\/apartes-anteriores\/wp-json\/wp\/v2\/pages\/33180\/revisions"}],"up":[{"embeddable":true,"href":"https:\/\/www.saopaulo.sp.leg.br\/apartes-anteriores\/wp-json\/wp\/v2\/pages\/24640"}],"wp:attachment":[{"href":"https:\/\/www.saopaulo.sp.leg.br\/apartes-anteriores\/wp-json\/wp\/v2\/media?parent=33180"}],"curies":[{"name":"wp","href":"https:\/\/api.w.org\/{rel}","templated":true}]}}