{"id":32678,"date":"2015-07-08T17:02:01","date_gmt":"2015-07-08T20:02:01","guid":{"rendered":"http:\/\/www.saopaulo.sp.leg.br\/?page_id=32678"},"modified":"2016-11-30T19:53:04","modified_gmt":"2016-11-30T21:53:04","slug":"exemplos-de-educacao","status":"publish","type":"page","link":"https:\/\/www.saopaulo.sp.leg.br\/apartes-anteriores\/revista-apartes\/numero-11-nov-dez2014\/exemplos-de-educacao\/","title":{"rendered":"N\u00ba11 \u2013 Premia\u00e7\u00e3o"},"content":{"rendered":"<h1><strong><span style=\"color: #800000\">Exemplos de educa\u00e7\u00e3o<\/span><\/strong><\/h1>\n<h2>Pr\u00eamio Paulo Freire destaca projetos que aprimoram o ensino<\/h2>\n<p><strong>Rodrigo Garcia<\/strong> | <a href=\"mailto:rodrigogarcia@saopaulo.sp.leg.br\">rodrigogarcia@saopaulo.sp.leg.br<\/a><\/p>\n<p><!-- imagem TOTAL - com legenda - CENTRALIZADA --><\/p>\n<div style=\"width: 100%;margin-right: 1.5em;margin-bottom: 1.5em\">\n<div style=\"padding: 5px;background-color: #eee !important\">\n<p><a href=\"http:\/\/www.saopaulo.sp.leg.br\/wp-content\/uploads\/2015\/07\/apartes_N11_5.jpg\"><img loading=\"lazy\" decoding=\"async\" class=\"alignnone size-full wp-image-32684\" src=\"http:\/\/www.saopaulo.sp.leg.br\/wp-content\/uploads\/2015\/07\/apartes_N11_5.jpg\" alt=\"apartes_N11_5\" width=\"902\" height=\"583\" \/><\/a><\/p>\n<p style=\"font-size: 0.8em;line-height: 1.1em;text-align: center;margin: -1.5em 0px 7px 0px;color: #333;!important;background-color: transparent !important\" align=\"center\">VIT\u00d3RIAS &#8211; Lutgards Freire, filho do homenageado, lembrou a luta do pai<\/p>\n<\/div>\n<p style=\"font-size: 0.5em;line-height: 1.1em;text-align: right;margin: 4px 0px 7px 0px;background-color: transparent !important\">Mozart Gomes\/CMSP<\/p>\n<\/div>\n<p><!-- imagem TOTAL - com legenda - CENTRALIZADA --><\/p>\n<p><!-- imagem PEQUENA - com legenda - LADO ESQUERDO --><\/p>\n<div style=\"float: left;width: 191px;margin-right: 1.5em;margin-bottom: 1.5em\">\n<div style=\"float: left;padding: 5px;background-color: transparent !important\"><a href=\"http:\/\/www.saopaulo.sp.leg.br\/wp-content\/uploads\/2015\/07\/apartes_N11_6.jpg\"><img loading=\"lazy\" decoding=\"async\" class=\"alignnone wp-image-32692\" src=\"http:\/\/www.saopaulo.sp.leg.br\/wp-content\/uploads\/2015\/07\/apartes_N11_6.jpg\" alt=\"apartes_N11_6\" width=\"181\" height=\"291\" \/><\/a><\/div>\n<\/div>\n<p><!-- imagem PEQUENA - com legenda - LADO ESQUERDO --><\/p>\n<p><strong>Tr\u00eas projetos educacionais relacionados \u00e0 cultura<\/strong> foram os vencedores da edi\u00e7\u00e3o deste ano do Pr\u00eamio Paulo Freire de Qualidade do Ensino Municipal, criado pela C\u00e2mara Municipal de S\u00e3o Paulo (CMSP) para homenagear iniciativas voltadas ao aprimoramento da educa\u00e7\u00e3o municipal. O projeto Abram Alas para a Cultura Popular Brasileira, do Centro de Integra\u00e7\u00e3o de Ensino de Jovens e Adultos (Cieja) Cl\u00f3vis Caitano Miquelazzo, recebeu a salva de prata de primeiro lugar.<\/p>\n<p>A professora de artes Meire Regina de Lima explicou que o projeto consiste em elaborar e encenar um espet\u00e1culo teatral, criado a partir da viv\u00eancia dos alunos (adolescentes e adultos, alguns da terceira idade), para mostrar a cultura popular brasileira por meio de m\u00fasica, dan\u00e7a, teatro e artes visuais.<\/p>\n<p><!-- imagem GRANDE - com legenda - LADO DIREITO --><\/p>\n<div style=\"float: right;width: 372px;margin-left: 1.5em;margin-bottom: 1.5em\">\n<div style=\"float: right;padding: 5px;background-color: #eee !important\">\n<p><a href=\"http:\/\/www.saopaulo.sp.leg.br\/wp-content\/uploads\/2015\/07\/apartes_N11_7.jpg\"><img loading=\"lazy\" decoding=\"async\" class=\"alignnone wp-image-32685\" src=\"http:\/\/www.saopaulo.sp.leg.br\/wp-content\/uploads\/2015\/07\/apartes_N11_7.jpg\" alt=\"apartes_N11_7\" width=\"362\" height=\"212\" \/><\/a><\/p>\n<p style=\"font-size: 0.8em;line-height: 1.1em;text-align: center;margin: -1.5em 0px 7px 0px;color: #333;!important;background-color: transparent !important\" align=\"center\">PREMIADA &#8211; Meire Lima recebeu a salva de prata pelo projeto de cultura brasileira<\/p>\n<\/div>\n<p style=\"font-size: 0.5em;line-height: 1.1em;text-align: right;margin: 4px 0px 7px 0px;background-color: transparent !important\">Mozart Gomes\/CMSP<\/p>\n<\/div>\n<p><!-- imagem GRANDE - com legenda - LADO DIREITO --><\/p>\n<p>Em segundo lugar ficou o projeto Educa\u00e7\u00e3o Ambiental, Atividades F\u00edsicas e Leitura: Fatores de Qualidade de Vida, da Escola Municipal de Educa\u00e7\u00e3o Infantil (Emei) Professora Olandya Peres Ribeiro. A iniciativa promove atividades como reaproveitamento de objetos usados para a fabrica\u00e7\u00e3o de brinquedos. Entre Versos Controversos, da Escola Municipal de Ensino Fundamental (Emef) Professor Aur\u00e9lio Arrobas Martins conquistou o terceiro lugar. O objetivo do projeto foi a publica\u00e7\u00e3o de um livro de poemas escritos pelos alunos.<\/p>\n<p><strong>AVAN\u00c7OS<\/strong><\/p>\n<p>O vereador Jean Madeira (PRB), representante da Comiss\u00e3o de Educa\u00e7\u00e3o, Cultura e Esportes da CMSP, analisou os 70 projetos inscritos e elogiou a qualidade. Segundo ele, essas iniciativas mostram que o professor aprende com o aluno e o aluno aprende com o professor. \u201cA educa\u00e7\u00e3o da cidade vai avan\u00e7ando\u201d, afirma.<\/p>\n<p><!-- imagem GRANDE - com legenda - LADO ESQUERDO --><\/p>\n<div style=\"float: left;width: 269px;margin-right: 1.5em;margin-bottom: 1.5em\">\n<div style=\"float: left;padding: 5px;background-color: #eee !important\">\n<p><a href=\"http:\/\/www.saopaulo.sp.leg.br\/wp-content\/uploads\/2015\/07\/apartes_N11_7a.jpg\"><img loading=\"lazy\" decoding=\"async\" class=\"alignnone wp-image-32690\" src=\"http:\/\/www.saopaulo.sp.leg.br\/wp-content\/uploads\/2015\/07\/apartes_N11_7a.jpg\" alt=\"apartes_N11_7a\" width=\"259\" height=\"592\" \/><\/a><\/p>\n<p style=\"font-size: 0.8em;line-height: 1.1em;text-align: center;margin: -1.5em 0px 7px 0px;color: #333;!important;background-color: transparent !important\" align=\"center\">Clique na imagem para v\u00ea-la ampliada<\/p>\n<\/div>\n<\/div>\n<p><!-- imagem GRANDE - com legenda - LADO ESQUERDO --><\/p>\n<p>O papel dos professores tamb\u00e9m foi destacado pelo secret\u00e1rio municipal de Educa\u00e7\u00e3o, Cesar Callegari. Ele afirmou que n\u00e3o h\u00e1 educa\u00e7\u00e3o sem uma doa\u00e7\u00e3o completa e elogiou o esfor\u00e7o coletivo dos participantes: \u201cTrabalhar em projetos significa desenvolver e concretizar, numa fase muito importante da vida das pessoas, a capacidade de trabalhar em equipe e fazer com que esse trabalho n\u00e3o dissolva a individualidade de cada um\u201d.<\/p>\n<p>Filho de Paulo Freire, o soci\u00f3logo Lutgards Freire esteve na sess\u00e3o solene de entrega do pr\u00eamio e lembrou a luta do pai, preso pela ditadura militar, por uma educa\u00e7\u00e3o melhor e comemorou os avan\u00e7os. \u201cA gente evoluiu, hoje em dia um educador ainda precisa de muito incentivo, muito reconhecimento e muito apoio, mas n\u00e3o vai preso porque est\u00e1 alfabetizando uma crian\u00e7a ou um adulto\u201d, afirmou Lutgards.<\/p>\n<p>Os projetos vencedores da premia\u00e7\u00e3o far\u00e3o parte de um livreto editado pela C\u00e2mara Municipal, que vai encaminh\u00e1-lo para toda a rede de ensino municipal a fim de disseminar as boas ideias que v\u00eam sendo praticadas nas unidades escolares.<\/p>\n<p>Nesta edi\u00e7\u00e3o do pr\u00eamio, a Comiss\u00e3o Julgadora foi formada por membros da Secretaria Municipal de Educa\u00e7\u00e3o, do Conselho Municipal de Educa\u00e7\u00e3o, da Comiss\u00e3o de Educa\u00e7\u00e3o, Cultura e Esportes da CMSP, do Instituto Paulo Freire e do Sindicato dos Professores em Educa\u00e7\u00e3o no Ensino Municipal.<\/p>\n<p>O Pr\u00eamio Paulo Freire foi criado em 1998, proposto pelo ent\u00e3o vereador Vicente C\u00e2ndido, para homenagear o patrono da educa\u00e7\u00e3o brasileira, morto em 1997. Al\u00e9m de educador e fil\u00f3sofo, Paulo Freire tamb\u00e9m foi secret\u00e1rio da Educa\u00e7\u00e3o da cidade de S\u00e3o Paulo. Ele defendia a tese de que o professor deveria ensinar o aluno n\u00e3o s\u00f3 a pensar, mas tamb\u00e9m a agir. \u201cN\u00e3o \u00e9 no sil\u00eancio que os homens se fazem, mas na palavra, no trabalho, na a\u00e7\u00e3o-reflex\u00e3o\u201d, dizia Freire.<\/p>\n<p><!-- COMENTE SOBRE ESSA MATERIA --><\/p>\n<table border=\"0\" cellspacing=\"0\" cellpadding=\"0\">\n<tbody>\n<tr>\n<td align=\"center\" width=\"50%\">\n<h5>Comente sobre essa mat\u00e9ria:<\/h5>\n<p><a style=\"font-family: 'Helvetica Neue', 'Helvetica', Helvetica, Arial, sans-serif;color: #fff;font-size: 12px;text-decoration: none;font-weight: bold;text-align: center;background-color: #3b5998 !important;margin: 0 0 10px;padding: 3px 7px\" title=\"Facebook da revista Apartes\" href=\"https:\/\/www.facebook.com\/RevistaApartes\" target=\"_blank\">Facebook<\/a> <a style=\"font-family: 'Helvetica Neue', 'Helvetica', Helvetica, Arial, sans-serif;color: #fff;font-size: 12px;text-decoration: none;font-weight: bold;text-align: center;background-color: #1daced !important;margin: 0 0 10px;padding: 3px 7px\" title=\"Twitter da revista Apartes\" href=\"https:\/\/twitter.com\/RevistaApartes\" target=\"_blank\">Twitter<\/a><\/td>\n<td align=\"center\" width=\"50%\">\n<h5>Envie cr\u00edticas ou sugest\u00f5es:<\/h5>\n<p>Email: <strong><a href=\"mailto:apartes@saopaulo.sp.leg.br\">apartes@saopaulo.sp.leg.br<\/a><\/strong><\/td>\n<\/tr>\n<\/tbody>\n<\/table>\n<p><!-- COMENTE SOBRE ESSA MATERIA --><\/p>\n","protected":false},"excerpt":{"rendered":"<p>Exemplos de educa\u00e7\u00e3o Pr\u00eamio Paulo Freire destaca projetos que aprimoram o ensino Rodrigo Garcia | rodrigogarcia@saopaulo.sp.leg.br VIT\u00d3RIAS &#8211; Lutgards Freire, filho do homenageado, lembrou a luta do pai Mozart Gomes\/CMSP Tr\u00eas projetos educacionais relacionados \u00e0 cultura foram os vencedores da edi\u00e7\u00e3o deste ano do Pr\u00eamio Paulo Freire de Qualidade do Ensino Municipal, criado pela C\u00e2mara [&hellip;]<\/p>\n","protected":false},"author":109,"featured_media":0,"parent":26683,"menu_order":2,"comment_status":"open","ping_status":"open","template":"","meta":{"footnotes":""},"class_list":["post-32678","page","type-page","status-publish","hentry"],"meta_all":{"_wp_page_template":["default"],"_cmsp_page_download-files":["a:1:{i:0;a:1:{s:4:\"type\";s:3:\"pdf\";}}"],"_yoast_wpseo_title":["Exemplos de educa\u00e7\u00e3o"],"_yoast_wpseo_bctitle":["Exemplos de educa\u00e7\u00e3o"],"_cmsp_feature-page_title":["Exemplos de educa\u00e7\u00e3o"],"_edit_last":["109"],"_edit_lock":["1480542720:109"],"_yoast_wpseo_opengraph-title":["Exemplos de educa\u00e7\u00e3o"],"_yoast_wpseo_opengraph-description":["Pr\u00eamio Paulo Freire destaca projetos que aprimoram o ensino"],"_yoast_wpseo_twitter-title":["Exemplos de educa\u00e7\u00e3o"],"_yoast_wpseo_twitter-description":["Pr\u00eamio Paulo Freire destaca projetos que aprimoram o ensino"],"_yoast_wpseo_content_score":["30"]},"yoast_head":"<!-- This site is optimized with the Yoast SEO plugin v27.4 - https:\/\/yoast.com\/product\/yoast-seo-wordpress\/ -->\n<title>Exemplos de educa\u00e7\u00e3o<\/title>\n<meta name=\"robots\" content=\"index, follow, max-snippet:-1, max-image-preview:large, max-video-preview:-1\" \/>\n<link rel=\"canonical\" href=\"https:\/\/www.saopaulo.sp.leg.br\/apartes-anteriores\/revista-apartes\/numero-11-nov-dez2014\/exemplos-de-educacao\/\" \/>\n<meta property=\"og:locale\" content=\"pt_BR\" \/>\n<meta property=\"og:type\" content=\"article\" \/>\n<meta property=\"og:title\" content=\"Exemplos de educa\u00e7\u00e3o\" \/>\n<meta property=\"og:description\" content=\"Pr\u00eamio Paulo Freire destaca projetos que aprimoram o ensino\" \/>\n<meta property=\"og:url\" content=\"https:\/\/www.saopaulo.sp.leg.br\/apartes-anteriores\/revista-apartes\/numero-11-nov-dez2014\/exemplos-de-educacao\/\" \/>\n<meta property=\"og:site_name\" content=\"Revista Apartes (edi\u00e7\u00f5es anteriores)\" \/>\n<meta property=\"article:publisher\" content=\"https:\/\/www.facebook.com\/RevistaApartes\/\" \/>\n<meta property=\"article:modified_time\" content=\"2016-11-30T21:53:04+00:00\" \/>\n<meta property=\"og:image\" content=\"http:\/\/www.saopaulo.sp.leg.br\/wp-content\/uploads\/2015\/07\/apartes_N11_5.jpg\" \/>\n<meta name=\"twitter:card\" content=\"summary_large_image\" \/>\n<meta name=\"twitter:title\" content=\"Exemplos de educa\u00e7\u00e3o\" \/>\n<meta name=\"twitter:description\" content=\"Pr\u00eamio Paulo Freire destaca projetos que aprimoram o ensino\" \/>\n<meta name=\"twitter:site\" content=\"@revistaapartes\" \/>\n<meta name=\"twitter:label1\" content=\"Est. tempo de leitura\" \/>\n\t<meta name=\"twitter:data1\" content=\"3 minutos\" \/>\n<script type=\"application\/ld+json\" class=\"yoast-schema-graph\">{\"@context\":\"https:\\\/\\\/schema.org\",\"@graph\":[{\"@type\":\"WebPage\",\"@id\":\"https:\\\/\\\/www.saopaulo.sp.leg.br\\\/apartes-anteriores\\\/revista-apartes\\\/numero-11-nov-dez2014\\\/exemplos-de-educacao\\\/\",\"url\":\"https:\\\/\\\/www.saopaulo.sp.leg.br\\\/apartes-anteriores\\\/revista-apartes\\\/numero-11-nov-dez2014\\\/exemplos-de-educacao\\\/\",\"name\":\"Exemplos de educa\u00e7\u00e3o\",\"isPartOf\":{\"@id\":\"https:\\\/\\\/www.saopaulo.sp.leg.br\\\/apartes-anteriores\\\/#website\"},\"primaryImageOfPage\":{\"@id\":\"https:\\\/\\\/www.saopaulo.sp.leg.br\\\/apartes-anteriores\\\/revista-apartes\\\/numero-11-nov-dez2014\\\/exemplos-de-educacao\\\/#primaryimage\"},\"image\":{\"@id\":\"https:\\\/\\\/www.saopaulo.sp.leg.br\\\/apartes-anteriores\\\/revista-apartes\\\/numero-11-nov-dez2014\\\/exemplos-de-educacao\\\/#primaryimage\"},\"thumbnailUrl\":\"http:\\\/\\\/www.saopaulo.sp.leg.br\\\/wp-content\\\/uploads\\\/2015\\\/07\\\/apartes_N11_5.jpg\",\"datePublished\":\"2015-07-08T20:02:01+00:00\",\"dateModified\":\"2016-11-30T21:53:04+00:00\",\"breadcrumb\":{\"@id\":\"https:\\\/\\\/www.saopaulo.sp.leg.br\\\/apartes-anteriores\\\/revista-apartes\\\/numero-11-nov-dez2014\\\/exemplos-de-educacao\\\/#breadcrumb\"},\"inLanguage\":\"pt-BR\",\"potentialAction\":[{\"@type\":\"ReadAction\",\"target\":[\"https:\\\/\\\/www.saopaulo.sp.leg.br\\\/apartes-anteriores\\\/revista-apartes\\\/numero-11-nov-dez2014\\\/exemplos-de-educacao\\\/\"]}]},{\"@type\":\"ImageObject\",\"inLanguage\":\"pt-BR\",\"@id\":\"https:\\\/\\\/www.saopaulo.sp.leg.br\\\/apartes-anteriores\\\/revista-apartes\\\/numero-11-nov-dez2014\\\/exemplos-de-educacao\\\/#primaryimage\",\"url\":\"http:\\\/\\\/www.saopaulo.sp.leg.br\\\/wp-content\\\/uploads\\\/2015\\\/07\\\/apartes_N11_5.jpg\",\"contentUrl\":\"http:\\\/\\\/www.saopaulo.sp.leg.br\\\/wp-content\\\/uploads\\\/2015\\\/07\\\/apartes_N11_5.jpg\"},{\"@type\":\"BreadcrumbList\",\"@id\":\"https:\\\/\\\/www.saopaulo.sp.leg.br\\\/apartes-anteriores\\\/revista-apartes\\\/numero-11-nov-dez2014\\\/exemplos-de-educacao\\\/#breadcrumb\",\"itemListElement\":[{\"@type\":\"ListItem\",\"position\":1,\"name\":\"Home\",\"item\":\"https:\\\/\\\/www.saopaulo.sp.leg.br\\\/apartes-anteriores\\\/\"},{\"@type\":\"ListItem\",\"position\":2,\"name\":\"Revista Apartes\",\"item\":\"https:\\\/\\\/www.saopaulo.sp.leg.br\\\/apartes-anteriores\\\/\"},{\"@type\":\"ListItem\",\"position\":3,\"name\":\"N\u00famero 11 &#8211; nov-dez\\\/2014\",\"item\":\"https:\\\/\\\/www.saopaulo.sp.leg.br\\\/apartes-anteriores\\\/revista-apartes\\\/numero-11-nov-dez2014\\\/\"},{\"@type\":\"ListItem\",\"position\":4,\"name\":\"Exemplos de educa\u00e7\u00e3o\"}]},{\"@type\":\"WebSite\",\"@id\":\"https:\\\/\\\/www.saopaulo.sp.leg.br\\\/apartes-anteriores\\\/#website\",\"url\":\"https:\\\/\\\/www.saopaulo.sp.leg.br\\\/apartes-anteriores\\\/\",\"name\":\"Revista Apartes (edi\u00e7\u00f5es anteriores)\",\"description\":\"Revista Apartes (edi\u00e7\u00f5es anteriores)\",\"potentialAction\":[{\"@type\":\"SearchAction\",\"target\":{\"@type\":\"EntryPoint\",\"urlTemplate\":\"https:\\\/\\\/www.saopaulo.sp.leg.br\\\/apartes-anteriores\\\/?s={search_term_string}\"},\"query-input\":{\"@type\":\"PropertyValueSpecification\",\"valueRequired\":true,\"valueName\":\"search_term_string\"}}],\"inLanguage\":\"pt-BR\"}]}<\/script>\n<!-- \/ Yoast SEO plugin. -->","yoast_head_json":{"title":"Exemplos de educa\u00e7\u00e3o","robots":{"index":"index","follow":"follow","max-snippet":"max-snippet:-1","max-image-preview":"max-image-preview:large","max-video-preview":"max-video-preview:-1"},"canonical":"https:\/\/www.saopaulo.sp.leg.br\/apartes-anteriores\/revista-apartes\/numero-11-nov-dez2014\/exemplos-de-educacao\/","og_locale":"pt_BR","og_type":"article","og_title":"Exemplos de educa\u00e7\u00e3o","og_description":"Pr\u00eamio Paulo Freire destaca projetos que aprimoram o ensino","og_url":"https:\/\/www.saopaulo.sp.leg.br\/apartes-anteriores\/revista-apartes\/numero-11-nov-dez2014\/exemplos-de-educacao\/","og_site_name":"Revista Apartes (edi\u00e7\u00f5es anteriores)","article_publisher":"https:\/\/www.facebook.com\/RevistaApartes\/","article_modified_time":"2016-11-30T21:53:04+00:00","og_image":[{"url":"http:\/\/www.saopaulo.sp.leg.br\/wp-content\/uploads\/2015\/07\/apartes_N11_5.jpg","type":"","width":"","height":""}],"twitter_card":"summary_large_image","twitter_title":"Exemplos de educa\u00e7\u00e3o","twitter_description":"Pr\u00eamio Paulo Freire destaca projetos que aprimoram o ensino","twitter_site":"@revistaapartes","twitter_misc":{"Est. tempo de leitura":"3 minutos"},"schema":{"@context":"https:\/\/schema.org","@graph":[{"@type":"WebPage","@id":"https:\/\/www.saopaulo.sp.leg.br\/apartes-anteriores\/revista-apartes\/numero-11-nov-dez2014\/exemplos-de-educacao\/","url":"https:\/\/www.saopaulo.sp.leg.br\/apartes-anteriores\/revista-apartes\/numero-11-nov-dez2014\/exemplos-de-educacao\/","name":"Exemplos de educa\u00e7\u00e3o","isPartOf":{"@id":"https:\/\/www.saopaulo.sp.leg.br\/apartes-anteriores\/#website"},"primaryImageOfPage":{"@id":"https:\/\/www.saopaulo.sp.leg.br\/apartes-anteriores\/revista-apartes\/numero-11-nov-dez2014\/exemplos-de-educacao\/#primaryimage"},"image":{"@id":"https:\/\/www.saopaulo.sp.leg.br\/apartes-anteriores\/revista-apartes\/numero-11-nov-dez2014\/exemplos-de-educacao\/#primaryimage"},"thumbnailUrl":"http:\/\/www.saopaulo.sp.leg.br\/wp-content\/uploads\/2015\/07\/apartes_N11_5.jpg","datePublished":"2015-07-08T20:02:01+00:00","dateModified":"2016-11-30T21:53:04+00:00","breadcrumb":{"@id":"https:\/\/www.saopaulo.sp.leg.br\/apartes-anteriores\/revista-apartes\/numero-11-nov-dez2014\/exemplos-de-educacao\/#breadcrumb"},"inLanguage":"pt-BR","potentialAction":[{"@type":"ReadAction","target":["https:\/\/www.saopaulo.sp.leg.br\/apartes-anteriores\/revista-apartes\/numero-11-nov-dez2014\/exemplos-de-educacao\/"]}]},{"@type":"ImageObject","inLanguage":"pt-BR","@id":"https:\/\/www.saopaulo.sp.leg.br\/apartes-anteriores\/revista-apartes\/numero-11-nov-dez2014\/exemplos-de-educacao\/#primaryimage","url":"http:\/\/www.saopaulo.sp.leg.br\/wp-content\/uploads\/2015\/07\/apartes_N11_5.jpg","contentUrl":"http:\/\/www.saopaulo.sp.leg.br\/wp-content\/uploads\/2015\/07\/apartes_N11_5.jpg"},{"@type":"BreadcrumbList","@id":"https:\/\/www.saopaulo.sp.leg.br\/apartes-anteriores\/revista-apartes\/numero-11-nov-dez2014\/exemplos-de-educacao\/#breadcrumb","itemListElement":[{"@type":"ListItem","position":1,"name":"Home","item":"https:\/\/www.saopaulo.sp.leg.br\/apartes-anteriores\/"},{"@type":"ListItem","position":2,"name":"Revista Apartes","item":"https:\/\/www.saopaulo.sp.leg.br\/apartes-anteriores\/"},{"@type":"ListItem","position":3,"name":"N\u00famero 11 &#8211; nov-dez\/2014","item":"https:\/\/www.saopaulo.sp.leg.br\/apartes-anteriores\/revista-apartes\/numero-11-nov-dez2014\/"},{"@type":"ListItem","position":4,"name":"Exemplos de educa\u00e7\u00e3o"}]},{"@type":"WebSite","@id":"https:\/\/www.saopaulo.sp.leg.br\/apartes-anteriores\/#website","url":"https:\/\/www.saopaulo.sp.leg.br\/apartes-anteriores\/","name":"Revista Apartes (edi\u00e7\u00f5es anteriores)","description":"Revista Apartes (edi\u00e7\u00f5es anteriores)","potentialAction":[{"@type":"SearchAction","target":{"@type":"EntryPoint","urlTemplate":"https:\/\/www.saopaulo.sp.leg.br\/apartes-anteriores\/?s={search_term_string}"},"query-input":{"@type":"PropertyValueSpecification","valueRequired":true,"valueName":"search_term_string"}}],"inLanguage":"pt-BR"}]}},"_links":{"self":[{"href":"https:\/\/www.saopaulo.sp.leg.br\/apartes-anteriores\/wp-json\/wp\/v2\/pages\/32678","targetHints":{"allow":["GET"]}}],"collection":[{"href":"https:\/\/www.saopaulo.sp.leg.br\/apartes-anteriores\/wp-json\/wp\/v2\/pages"}],"about":[{"href":"https:\/\/www.saopaulo.sp.leg.br\/apartes-anteriores\/wp-json\/wp\/v2\/types\/page"}],"author":[{"embeddable":true,"href":"https:\/\/www.saopaulo.sp.leg.br\/apartes-anteriores\/wp-json\/wp\/v2\/users\/109"}],"replies":[{"embeddable":true,"href":"https:\/\/www.saopaulo.sp.leg.br\/apartes-anteriores\/wp-json\/wp\/v2\/comments?post=32678"}],"version-history":[{"count":0,"href":"https:\/\/www.saopaulo.sp.leg.br\/apartes-anteriores\/wp-json\/wp\/v2\/pages\/32678\/revisions"}],"up":[{"embeddable":true,"href":"https:\/\/www.saopaulo.sp.leg.br\/apartes-anteriores\/wp-json\/wp\/v2\/pages\/26683"}],"wp:attachment":[{"href":"https:\/\/www.saopaulo.sp.leg.br\/apartes-anteriores\/wp-json\/wp\/v2\/media?parent=32678"}],"curies":[{"name":"wp","href":"https:\/\/api.w.org\/{rel}","templated":true}]}}