{"id":32660,"date":"2015-07-08T16:08:31","date_gmt":"2015-07-08T19:08:31","guid":{"rendered":"http:\/\/www.saopaulo.sp.leg.br\/?page_id=32660"},"modified":"2021-10-06T14:35:00","modified_gmt":"2021-10-06T17:35:00","slug":"notas","status":"publish","type":"page","link":"https:\/\/www.saopaulo.sp.leg.br\/apartes-anteriores\/revista-apartes\/numero-11-nov-dez2014\/notas\/","title":{"rendered":"N\u00ba11 \u2013 Notas"},"content":{"rendered":"<h1><strong><span style=\"color: #800000\">Notas <\/span><\/strong><\/h1>\n<h4>Pr\u00eamio L\u00edbero Badar\u00f3 de Jornalismo \u00e9 entregue na C\u00e2mara<\/h4>\n<p><!-- imagem TOTAL - com legenda - CENTRALIZADA --><\/p>\n<div style=\"width: 100%;margin-right: 1.5em;margin-bottom: 1.5em\">\n<div style=\"padding: 5px;background-color: #eee !important\">\n<p><a href=\"http:\/\/www.saopaulo.sp.leg.br\/wp-content\/uploads\/2015\/07\/apartes_N11_4.jpg\"><img loading=\"lazy\" decoding=\"async\" class=\"alignnone size-full wp-image-32666\" src=\"http:\/\/www.saopaulo.sp.leg.br\/wp-content\/uploads\/2015\/07\/apartes_N11_4.jpg\" alt=\"apartes_N11_4\" width=\"753\" height=\"430\" \/><\/a><\/p>\n<p style=\"font-size: 0.8em;line-height: 1.1em;text-align: center;margin: -1.5em 0px 7px 0px;color: #333;!important;background-color: transparent !important\" align=\"center\">Reportagem sobre a Usina Belo Monte foi a vencedora<\/p>\n<\/div>\n<p style=\"font-size: 0.5em;line-height: 1.1em;text-align: right;margin: 4px 0px 7px 0px;background-color: transparent !important\">Marcelo Ximenez\/CMSP<\/p>\n<\/div>\n<p><!-- imagem TOTAL - com legenda - CENTRALIZADA -->Uma reportagem sobre a constru\u00e7\u00e3o da Usina de Belo Monte, produzida pelos jornalistas Marcelo Leite, Dimmi Amora e Morris Kachani, do jornal Folha de S.Paulo, ganhou o principal destaque da 11\u00aa edi\u00e7\u00e3o do Pr\u00eamio L\u00edbero Badar\u00f3 de Jornalismo, premia\u00e7\u00e3o idealizada pela revistae pelo portal Imprensa. \u201cA gente resolveu fazer na Folha o primeiro trabalho envolvendo todos os recursos poss\u00edveis para o webjornalismo: v\u00eddeo, foto, som e texto narrativo longo; achamos muito importante nos debru\u00e7armos sobre Belo Monte\u201d, explicou Leite.<\/p>\n<p>O jornalista Gilberto Dimenstein foi homenageado com o Pr\u00eamio de Contribui\u00e7\u00e3o \u00e0 Imprensa. \u201cJ\u00e1 ganhei o pr\u00eamio outras vezes e \u00e9 sempre muito estimulante, porque representa o que voc\u00ea est\u00e1 fazendo, mas tamb\u00e9m \u00e9 o conjunto da obra\u201d, declarou.<\/p>\n<p>A lista dos vencedores do Pr\u00eamio L\u00edbero Badar\u00f3 de Jornalismo pode ser vista no site do <a href=\"https:\/\/portalimprensa.com.br\/premioliberobadaro\/11edicao\/vencedores_11edicao.asp\">Portal Imprensa<\/a>.<\/p>\n<h4>Padre Giuliani torna-se cidad\u00e3o paulistano<\/h4>\n<p>O padre italiano Luis Giuliani, que vive h\u00e1 50 anos no Brasil, recebeu da C\u00e2mara Municipal de S\u00e3o Paulo (CMSP) o t\u00edtulo de cidad\u00e3o paulistano. \u201cEle teve uma luta muito importante pelos direitos humanos e continua militando com esse compromisso de vida\u201d, justificou o vereador Paulo Fiorilo (PT), que prop\u00f4s a homenagem. \u201c\u00c9 uma honra para mim e para o povo, que \u00e9 o mais importante. Se o povo n\u00e3o estivesse ao meu lado nessa caminhada, minha luta n\u00e3o existiria\u201d, declarou padre Giuliani \u00e0 TV C\u00e2mara.<\/p>\n<p>A cerim\u00f4nia de entrega do t\u00edtulo foi realizada na Par\u00f3quia Santos M\u00e1rtires, no Jardim S\u00f4nia Regina, zona sul de S\u00e3o Paulo, onde o padre Giuliani, com 83 anos, continua defendendo os direitos humanos.<\/p>\n<p>Nos anos 1970, ele atuou em diversos movimentos. Seu apoio \u00e0s causas populares o levou a participar da defesa de presos e de perseguidos pela ditadura militar. Padre Giuliani tamb\u00e9m ajudou a fundar o Comit\u00ea Santo Dias, em homenagem ao metal\u00fargico e l\u00edder sindical Santo Dias da Silva, assassinado pela Pol\u00edcia Militar durante uma greve em 1979.<\/p>\n<h4>Azul contra o c\u00e2ncer de pr\u00f3stata e o diabetes<\/h4>\n<div style=\"width: 100%;margin-right: 1.5em;margin-bottom: 1.5em\">\n<div style=\"padding: 5px;background-color: #eee !important\">\n<p><a href=\"http:\/\/www.saopaulo.sp.leg.br\/wp-content\/uploads\/2015\/07\/apartes_N11_3.jpg\"><img loading=\"lazy\" decoding=\"async\" class=\"alignnone size-full wp-image-32667\" src=\"http:\/\/www.saopaulo.sp.leg.br\/wp-content\/uploads\/2015\/07\/apartes_N11_3.jpg\" alt=\"apartes_N11_3\" width=\"750\" height=\"519\" \/><\/a><\/p>\n<p style=\"font-size: 0.8em;line-height: 1.1em;text-align: center;margin: -1.5em 0px 7px 0px;color: #333;!important;background-color: transparent !important\" align=\"center\">Ilumina\u00e7\u00e3o especial do Pal\u00e1cio Anchieta durante novembro<\/p>\n<\/div>\n<p style=\"font-size: 0.5em;line-height: 1.1em;text-align: right;margin: 4px 0px 7px 0px;background-color: transparent !important\">Marcelo Ximenez\/CMSP<\/p>\n<\/div>\n<p><!-- imagem TOTAL - com legenda - CENTRALIZADA -->A fachada do Pal\u00e1cio Anchieta, sede da CMSP, foi iluminada de azul durante novembro. O ato fez parte de uma campanha para chamar a aten\u00e7\u00e3o sobre a import\u00e2ncia da preven\u00e7\u00e3o contra o c\u00e2ncer de pr\u00f3stata e o diabetes. V\u00e1rios pr\u00e9dios p\u00fablicos do Brasil aderiram ao movimento Novembro Azul.<\/p>\n<h4>Maria Esther Bueno recebe homenagem<\/h4>\n<p><!-- imagem TOTAL - com legenda - CENTRALIZADA --><\/p>\n<div style=\"width: 408px;margin-right: 1.5em;margin-bottom: 1.5em\">\n<div style=\"padding: 5px;background-color: #eee !important\">\n<p><a href=\"http:\/\/www.saopaulo.sp.leg.br\/wp-content\/uploads\/2015\/07\/apartes_N11_2.jpg\"><img loading=\"lazy\" decoding=\"async\" class=\"alignnone wp-image-32669 size-full\" src=\"http:\/\/www.saopaulo.sp.leg.br\/wp-content\/uploads\/2015\/07\/apartes_N11_2.jpg\" alt=\"apartes_N11_2\" width=\"398\" height=\"424\" \/><\/a><\/p>\n<p style=\"font-size: 0.8em;line-height: 1.1em;text-align: center;margin: -1.5em 0px 7px 0px;color: #333;!important;background-color: transparent !important\" align=\"center\">A tenista multicampe\u00e3 durante a solenidade de premia\u00e7\u00e3o<\/p>\n<\/div>\n<p style=\"font-size: 0.5em;line-height: 1.1em;text-align: right;margin: 4px 0px 7px 0px;background-color: transparent !important\">Ricardo Rocha\/CMSP<\/p>\n<\/div>\n<p><!-- imagem TOTAL - com legenda - CENTRALIZADA -->A campe\u00e3 de t\u00eanis Maria Esther Bueno recebeu, em 13 de outubro, a Medalha Anchieta e o Diploma de Gratid\u00e3o de S\u00e3o Paulo. \u201cEstou muito contente, porque sou de S\u00e3o Paulo, nasci e comecei a jogar aqui, minha fam\u00edlia sempre morou na cidade, estou recebendo uma homenagem na minha casa\u201d, declarou.<\/p>\n<p>Maria Esther venceu 19 torneios de Grand Slam, os mais importantes da modalidade. Em 20 anos de carreira, colecionou 589 t\u00edtulos internacionais nos anos 1950, 1960 e 1970 e ganhou tr\u00eas Torneios de Wimbledon, na Inglaterra. O vereador Andrea Matarazzo (PSDB), autor da proposta de entregar a medalha \u00e0 ex-tenista, destacou que todos os vereadores assinaram a homenagem. Aos 75 anos, ela n\u00e3o participa mais de torneios, por\u00e9m treina e faz exibi\u00e7\u00f5es do esporte.<\/p>\n<h4>Escola do Parlamento debate cotas para negros<\/h4>\n<p>O sistema de cotas do funcionalismo p\u00fablico do Munic\u00edpio de S\u00e3o Paulo foi um dos principais temas debatidos no Semin\u00e1rio da Consci\u00eancia Negra, realizado pela Escola do Parlamento da CMSP. Vereadores, secret\u00e1rios da Prefeitura e representantes de entidades falaram sobre os avan\u00e7os das pol\u00edticas p\u00fablicas na luta contra a desigualdade racial. \u201cA implementa\u00e7\u00e3o desta pol\u00edtica de cotas, que certamente n\u00e3o nos traz alegria, tem sido o \u00fanico rem\u00e9dio eficaz para a redu\u00e7\u00e3o das desigualdades\u201d, afirmou no evento o secret\u00e1rio municipal de Promo\u00e7\u00e3o da Igualdade Racial, Antonio Pinto.<\/p>\n<p>Para o diretor do curso de direito da Faculdade Zumbi dos Palmares, Vander Ferreira de Andrade, a cria\u00e7\u00e3o de cotas representa um avan\u00e7o significativo. \u201cO acesso ao trabalho, ao conhecimento e \u00e0 universidade s\u00e3o as portas mais importantes para quebrar barreiras que a escravid\u00e3o deixou no Brasil\u201d, defendeu.<\/p>\n<p>Esse foi o terceiro Semin\u00e1rio da Consci\u00eancia Negra realizado pela Escola do Parlamento. \u201cEsse \u00e9 o papel da escola. \u00c9 fazer o interc\u00e2mbio com a comunidade e traz\u00ea-la para a C\u00e2mara\u201d, explicou Karina Florido Rodrigues, diretora-executiva da institui\u00e7\u00e3o.<\/p>\n<h4>Menos burocracia para emiss\u00e3o de licen\u00e7as<\/h4>\n<p>A cada dez estabelecimentos na cidade de S\u00e3o Paulo, oito est\u00e3o sem licen\u00e7a, j\u00e1 que muitos comerciantes n\u00e3o conseguem dar conta da burocracia necess\u00e1ria para obter os alvar\u00e1s de funcionamento. A conclus\u00e3o \u00e9 da Comiss\u00e3o Parlamentar de Inqu\u00e9rito (CPI) dos Alvar\u00e1s, da CMSP, que apresentou seu relat\u00f3rio final em 2 de outubro, ap\u00f3s oito meses de trabalho.\u00a0 \u201cO interesse do comerciante n\u00e3o \u00e9 permanecer irregular, por\u00e9m, ele se v\u00ea obrigado a assim permanecer, dada a complexidade e dificuldade que se enfrenta no processo de emiss\u00e3o de licen\u00e7as na cidade\u201d, afirma o relat\u00f3rio da comiss\u00e3o, elaborado pelo vereador Ricardo Nunes (PMDB).<\/p>\n<p>A CPI apontou que falta pessoal e equipamentos adequados para os agentes vistores das Subprefeituras fiscalizarem a situa\u00e7\u00e3o dos com\u00e9rcios. Al\u00e9m de serem poucos, os agentes sofrem com a tecnologia defasada: intima\u00e7\u00f5es e multas t\u00eam de ser feitas manualmente e depois inseridas num sistema que leva 15 minutos para cadastrar cada multa.<\/p>\n<p>No final do relat\u00f3rio, dispon\u00edvel no portal da C\u00e2mara (<a href=\"http:\/\/www.saopaulo.sp.leg.br\">www.saopaulo.sp.leg.br<\/a>), a CPI prop\u00f5e alternativas para desburocratizar a emiss\u00e3o de licen\u00e7as de funcionamento. Uma delas \u00e9 a implanta\u00e7\u00e3o de um sistema informatizado de processos.<\/p>\n<p><!-- COMENTE SOBRE ESSA MATERIA --><\/p>\n<table border=\"0\" cellspacing=\"0\" cellpadding=\"0\">\n<tbody>\n<tr>\n<td align=\"center\" width=\"50%\">\n<h5>Comente sobre essa mat\u00e9ria:<\/h5>\n<p><a style=\"font-family: 'Helvetica Neue', 'Helvetica', Helvetica, Arial, sans-serif;color: #fff;font-size: 12px;text-decoration: none;font-weight: bold;text-align: center;background-color: #3b5998 !important;margin: 0 0 10px;padding: 3px 7px\" title=\"Facebook da revista Apartes\" href=\"https:\/\/www.facebook.com\/RevistaApartes\" target=\"_blank\" rel=\"noopener\">Facebook<\/a> <a style=\"font-family: 'Helvetica Neue', 'Helvetica', Helvetica, Arial, sans-serif;color: #fff;font-size: 12px;text-decoration: none;font-weight: bold;text-align: center;background-color: #1daced !important;margin: 0 0 10px;padding: 3px 7px\" title=\"Twitter da revista Apartes\" href=\"https:\/\/twitter.com\/RevistaApartes\" target=\"_blank\" rel=\"noopener\">Twitter<\/a><\/td>\n<td align=\"center\" width=\"50%\">\n<h5>Envie cr\u00edticas ou sugest\u00f5es:<\/h5>\n<p>Email: <strong><a href=\"mailto:apartes@saopaulo.sp.leg.br\">apartes@saopaulo.sp.leg.br<\/a><\/strong><\/td>\n<\/tr>\n<\/tbody>\n<\/table>\n<p><!-- COMENTE SOBRE ESSA MATERIA --><\/p>\n","protected":false},"excerpt":{"rendered":"<p>Notas Pr\u00eamio L\u00edbero Badar\u00f3 de Jornalismo \u00e9 entregue na C\u00e2mara Reportagem sobre a Usina Belo Monte foi a vencedora Marcelo Ximenez\/CMSP Uma reportagem sobre a constru\u00e7\u00e3o da Usina de Belo Monte, produzida pelos jornalistas Marcelo Leite, Dimmi Amora e Morris Kachani, do jornal Folha de S.Paulo, ganhou o principal destaque da 11\u00aa edi\u00e7\u00e3o do Pr\u00eamio [&hellip;]<\/p>\n","protected":false},"author":109,"featured_media":0,"parent":26683,"menu_order":1,"comment_status":"open","ping_status":"open","template":"","meta":{"footnotes":""},"class_list":["post-32660","page","type-page","status-publish","hentry"],"meta_all":{"_wp_page_template":["default"],"_cmsp_page_download-files":["a:1:{i:0;a:1:{s:4:\"type\";s:3:\"pdf\";}}"],"_edit_last":["109"],"_edit_lock":["1633541573:109"],"_yoast_wpseo_content_score":["30"],"_yoast_wpseo_estimated-reading-time-minutes":["5"]},"yoast_head":"<!-- This site is optimized with the Yoast SEO plugin v27.4 - https:\/\/yoast.com\/product\/yoast-seo-wordpress\/ -->\n<title>N\u00ba11 \u2013 Notas - Revista Apartes (edi\u00e7\u00f5es anteriores)<\/title>\n<meta name=\"robots\" content=\"index, follow, max-snippet:-1, max-image-preview:large, max-video-preview:-1\" \/>\n<link rel=\"canonical\" href=\"https:\/\/www.saopaulo.sp.leg.br\/apartes-anteriores\/revista-apartes\/numero-11-nov-dez2014\/notas\/\" \/>\n<meta property=\"og:locale\" content=\"pt_BR\" \/>\n<meta property=\"og:type\" content=\"article\" \/>\n<meta property=\"og:title\" content=\"N\u00ba11 \u2013 Notas - Revista Apartes (edi\u00e7\u00f5es anteriores)\" \/>\n<meta property=\"og:description\" content=\"Notas Pr\u00eamio L\u00edbero Badar\u00f3 de Jornalismo \u00e9 entregue na C\u00e2mara Reportagem sobre a Usina Belo Monte foi a vencedora Marcelo Ximenez\/CMSP Uma reportagem sobre a constru\u00e7\u00e3o da Usina de Belo Monte, produzida pelos jornalistas Marcelo Leite, Dimmi Amora e Morris Kachani, do jornal Folha de S.Paulo, ganhou o principal destaque da 11\u00aa edi\u00e7\u00e3o do Pr\u00eamio [&hellip;]\" \/>\n<meta property=\"og:url\" content=\"https:\/\/www.saopaulo.sp.leg.br\/apartes-anteriores\/revista-apartes\/numero-11-nov-dez2014\/notas\/\" \/>\n<meta property=\"og:site_name\" content=\"Revista Apartes (edi\u00e7\u00f5es anteriores)\" \/>\n<meta property=\"article:publisher\" content=\"https:\/\/www.facebook.com\/RevistaApartes\/\" \/>\n<meta property=\"article:modified_time\" content=\"2021-10-06T17:35:00+00:00\" \/>\n<meta property=\"og:image\" content=\"http:\/\/www.saopaulo.sp.leg.br\/wp-content\/uploads\/2015\/07\/apartes_N11_4.jpg\" \/>\n<meta name=\"twitter:card\" content=\"summary_large_image\" \/>\n<meta name=\"twitter:site\" content=\"@revistaapartes\" \/>\n<meta name=\"twitter:label1\" content=\"Est. tempo de leitura\" \/>\n\t<meta name=\"twitter:data1\" content=\"5 minutos\" \/>\n<script type=\"application\/ld+json\" class=\"yoast-schema-graph\">{\"@context\":\"https:\\\/\\\/schema.org\",\"@graph\":[{\"@type\":\"WebPage\",\"@id\":\"https:\\\/\\\/www.saopaulo.sp.leg.br\\\/apartes-anteriores\\\/revista-apartes\\\/numero-11-nov-dez2014\\\/notas\\\/\",\"url\":\"https:\\\/\\\/www.saopaulo.sp.leg.br\\\/apartes-anteriores\\\/revista-apartes\\\/numero-11-nov-dez2014\\\/notas\\\/\",\"name\":\"N\u00ba11 \u2013 Notas - Revista Apartes (edi\u00e7\u00f5es anteriores)\",\"isPartOf\":{\"@id\":\"https:\\\/\\\/www.saopaulo.sp.leg.br\\\/apartes-anteriores\\\/#website\"},\"primaryImageOfPage\":{\"@id\":\"https:\\\/\\\/www.saopaulo.sp.leg.br\\\/apartes-anteriores\\\/revista-apartes\\\/numero-11-nov-dez2014\\\/notas\\\/#primaryimage\"},\"image\":{\"@id\":\"https:\\\/\\\/www.saopaulo.sp.leg.br\\\/apartes-anteriores\\\/revista-apartes\\\/numero-11-nov-dez2014\\\/notas\\\/#primaryimage\"},\"thumbnailUrl\":\"http:\\\/\\\/www.saopaulo.sp.leg.br\\\/wp-content\\\/uploads\\\/2015\\\/07\\\/apartes_N11_4.jpg\",\"datePublished\":\"2015-07-08T19:08:31+00:00\",\"dateModified\":\"2021-10-06T17:35:00+00:00\",\"breadcrumb\":{\"@id\":\"https:\\\/\\\/www.saopaulo.sp.leg.br\\\/apartes-anteriores\\\/revista-apartes\\\/numero-11-nov-dez2014\\\/notas\\\/#breadcrumb\"},\"inLanguage\":\"pt-BR\",\"potentialAction\":[{\"@type\":\"ReadAction\",\"target\":[\"https:\\\/\\\/www.saopaulo.sp.leg.br\\\/apartes-anteriores\\\/revista-apartes\\\/numero-11-nov-dez2014\\\/notas\\\/\"]}]},{\"@type\":\"ImageObject\",\"inLanguage\":\"pt-BR\",\"@id\":\"https:\\\/\\\/www.saopaulo.sp.leg.br\\\/apartes-anteriores\\\/revista-apartes\\\/numero-11-nov-dez2014\\\/notas\\\/#primaryimage\",\"url\":\"http:\\\/\\\/www.saopaulo.sp.leg.br\\\/wp-content\\\/uploads\\\/2015\\\/07\\\/apartes_N11_4.jpg\",\"contentUrl\":\"http:\\\/\\\/www.saopaulo.sp.leg.br\\\/wp-content\\\/uploads\\\/2015\\\/07\\\/apartes_N11_4.jpg\"},{\"@type\":\"BreadcrumbList\",\"@id\":\"https:\\\/\\\/www.saopaulo.sp.leg.br\\\/apartes-anteriores\\\/revista-apartes\\\/numero-11-nov-dez2014\\\/notas\\\/#breadcrumb\",\"itemListElement\":[{\"@type\":\"ListItem\",\"position\":1,\"name\":\"Home\",\"item\":\"https:\\\/\\\/www.saopaulo.sp.leg.br\\\/apartes-anteriores\\\/\"},{\"@type\":\"ListItem\",\"position\":2,\"name\":\"Revista Apartes\",\"item\":\"https:\\\/\\\/www.saopaulo.sp.leg.br\\\/apartes-anteriores\\\/\"},{\"@type\":\"ListItem\",\"position\":3,\"name\":\"N\u00famero 11 &#8211; nov-dez\\\/2014\",\"item\":\"https:\\\/\\\/www.saopaulo.sp.leg.br\\\/apartes-anteriores\\\/revista-apartes\\\/numero-11-nov-dez2014\\\/\"},{\"@type\":\"ListItem\",\"position\":4,\"name\":\"N\u00ba11 \u2013 Notas\"}]},{\"@type\":\"WebSite\",\"@id\":\"https:\\\/\\\/www.saopaulo.sp.leg.br\\\/apartes-anteriores\\\/#website\",\"url\":\"https:\\\/\\\/www.saopaulo.sp.leg.br\\\/apartes-anteriores\\\/\",\"name\":\"Revista Apartes (edi\u00e7\u00f5es anteriores)\",\"description\":\"Revista Apartes (edi\u00e7\u00f5es anteriores)\",\"potentialAction\":[{\"@type\":\"SearchAction\",\"target\":{\"@type\":\"EntryPoint\",\"urlTemplate\":\"https:\\\/\\\/www.saopaulo.sp.leg.br\\\/apartes-anteriores\\\/?s={search_term_string}\"},\"query-input\":{\"@type\":\"PropertyValueSpecification\",\"valueRequired\":true,\"valueName\":\"search_term_string\"}}],\"inLanguage\":\"pt-BR\"}]}<\/script>\n<!-- \/ Yoast SEO plugin. -->","yoast_head_json":{"title":"N\u00ba11 \u2013 Notas - Revista Apartes (edi\u00e7\u00f5es anteriores)","robots":{"index":"index","follow":"follow","max-snippet":"max-snippet:-1","max-image-preview":"max-image-preview:large","max-video-preview":"max-video-preview:-1"},"canonical":"https:\/\/www.saopaulo.sp.leg.br\/apartes-anteriores\/revista-apartes\/numero-11-nov-dez2014\/notas\/","og_locale":"pt_BR","og_type":"article","og_title":"N\u00ba11 \u2013 Notas - Revista Apartes (edi\u00e7\u00f5es anteriores)","og_description":"Notas Pr\u00eamio L\u00edbero Badar\u00f3 de Jornalismo \u00e9 entregue na C\u00e2mara Reportagem sobre a Usina Belo Monte foi a vencedora Marcelo Ximenez\/CMSP Uma reportagem sobre a constru\u00e7\u00e3o da Usina de Belo Monte, produzida pelos jornalistas Marcelo Leite, Dimmi Amora e Morris Kachani, do jornal Folha de S.Paulo, ganhou o principal destaque da 11\u00aa edi\u00e7\u00e3o do Pr\u00eamio [&hellip;]","og_url":"https:\/\/www.saopaulo.sp.leg.br\/apartes-anteriores\/revista-apartes\/numero-11-nov-dez2014\/notas\/","og_site_name":"Revista Apartes (edi\u00e7\u00f5es anteriores)","article_publisher":"https:\/\/www.facebook.com\/RevistaApartes\/","article_modified_time":"2021-10-06T17:35:00+00:00","og_image":[{"url":"http:\/\/www.saopaulo.sp.leg.br\/wp-content\/uploads\/2015\/07\/apartes_N11_4.jpg","type":"","width":"","height":""}],"twitter_card":"summary_large_image","twitter_site":"@revistaapartes","twitter_misc":{"Est. tempo de leitura":"5 minutos"},"schema":{"@context":"https:\/\/schema.org","@graph":[{"@type":"WebPage","@id":"https:\/\/www.saopaulo.sp.leg.br\/apartes-anteriores\/revista-apartes\/numero-11-nov-dez2014\/notas\/","url":"https:\/\/www.saopaulo.sp.leg.br\/apartes-anteriores\/revista-apartes\/numero-11-nov-dez2014\/notas\/","name":"N\u00ba11 \u2013 Notas - Revista Apartes (edi\u00e7\u00f5es anteriores)","isPartOf":{"@id":"https:\/\/www.saopaulo.sp.leg.br\/apartes-anteriores\/#website"},"primaryImageOfPage":{"@id":"https:\/\/www.saopaulo.sp.leg.br\/apartes-anteriores\/revista-apartes\/numero-11-nov-dez2014\/notas\/#primaryimage"},"image":{"@id":"https:\/\/www.saopaulo.sp.leg.br\/apartes-anteriores\/revista-apartes\/numero-11-nov-dez2014\/notas\/#primaryimage"},"thumbnailUrl":"http:\/\/www.saopaulo.sp.leg.br\/wp-content\/uploads\/2015\/07\/apartes_N11_4.jpg","datePublished":"2015-07-08T19:08:31+00:00","dateModified":"2021-10-06T17:35:00+00:00","breadcrumb":{"@id":"https:\/\/www.saopaulo.sp.leg.br\/apartes-anteriores\/revista-apartes\/numero-11-nov-dez2014\/notas\/#breadcrumb"},"inLanguage":"pt-BR","potentialAction":[{"@type":"ReadAction","target":["https:\/\/www.saopaulo.sp.leg.br\/apartes-anteriores\/revista-apartes\/numero-11-nov-dez2014\/notas\/"]}]},{"@type":"ImageObject","inLanguage":"pt-BR","@id":"https:\/\/www.saopaulo.sp.leg.br\/apartes-anteriores\/revista-apartes\/numero-11-nov-dez2014\/notas\/#primaryimage","url":"http:\/\/www.saopaulo.sp.leg.br\/wp-content\/uploads\/2015\/07\/apartes_N11_4.jpg","contentUrl":"http:\/\/www.saopaulo.sp.leg.br\/wp-content\/uploads\/2015\/07\/apartes_N11_4.jpg"},{"@type":"BreadcrumbList","@id":"https:\/\/www.saopaulo.sp.leg.br\/apartes-anteriores\/revista-apartes\/numero-11-nov-dez2014\/notas\/#breadcrumb","itemListElement":[{"@type":"ListItem","position":1,"name":"Home","item":"https:\/\/www.saopaulo.sp.leg.br\/apartes-anteriores\/"},{"@type":"ListItem","position":2,"name":"Revista Apartes","item":"https:\/\/www.saopaulo.sp.leg.br\/apartes-anteriores\/"},{"@type":"ListItem","position":3,"name":"N\u00famero 11 &#8211; nov-dez\/2014","item":"https:\/\/www.saopaulo.sp.leg.br\/apartes-anteriores\/revista-apartes\/numero-11-nov-dez2014\/"},{"@type":"ListItem","position":4,"name":"N\u00ba11 \u2013 Notas"}]},{"@type":"WebSite","@id":"https:\/\/www.saopaulo.sp.leg.br\/apartes-anteriores\/#website","url":"https:\/\/www.saopaulo.sp.leg.br\/apartes-anteriores\/","name":"Revista Apartes (edi\u00e7\u00f5es anteriores)","description":"Revista Apartes (edi\u00e7\u00f5es anteriores)","potentialAction":[{"@type":"SearchAction","target":{"@type":"EntryPoint","urlTemplate":"https:\/\/www.saopaulo.sp.leg.br\/apartes-anteriores\/?s={search_term_string}"},"query-input":{"@type":"PropertyValueSpecification","valueRequired":true,"valueName":"search_term_string"}}],"inLanguage":"pt-BR"}]}},"_links":{"self":[{"href":"https:\/\/www.saopaulo.sp.leg.br\/apartes-anteriores\/wp-json\/wp\/v2\/pages\/32660","targetHints":{"allow":["GET"]}}],"collection":[{"href":"https:\/\/www.saopaulo.sp.leg.br\/apartes-anteriores\/wp-json\/wp\/v2\/pages"}],"about":[{"href":"https:\/\/www.saopaulo.sp.leg.br\/apartes-anteriores\/wp-json\/wp\/v2\/types\/page"}],"author":[{"embeddable":true,"href":"https:\/\/www.saopaulo.sp.leg.br\/apartes-anteriores\/wp-json\/wp\/v2\/users\/109"}],"replies":[{"embeddable":true,"href":"https:\/\/www.saopaulo.sp.leg.br\/apartes-anteriores\/wp-json\/wp\/v2\/comments?post=32660"}],"version-history":[{"count":0,"href":"https:\/\/www.saopaulo.sp.leg.br\/apartes-anteriores\/wp-json\/wp\/v2\/pages\/32660\/revisions"}],"up":[{"embeddable":true,"href":"https:\/\/www.saopaulo.sp.leg.br\/apartes-anteriores\/wp-json\/wp\/v2\/pages\/26683"}],"wp:attachment":[{"href":"https:\/\/www.saopaulo.sp.leg.br\/apartes-anteriores\/wp-json\/wp\/v2\/media?parent=32660"}],"curies":[{"name":"wp","href":"https:\/\/api.w.org\/{rel}","templated":true}]}}